{"id":1402,"date":"2022-01-22T05:20:19","date_gmt":"2022-01-22T03:20:19","guid":{"rendered":"https:\/\/espoonperinneseura.net\/espoo1972\/?page_id=1402"},"modified":"2022-12-10T12:30:47","modified_gmt":"2022-12-10T10:30:47","slug":"espoon-vuosi-1972","status":"publish","type":"page","link":"https:\/\/espoonperinneseura.net\/espoo1972\/espoon-vuosi-1972\/","title":{"rendered":"Espoon vuosi 1972"},"content":{"rendered":"\r\n<p>Vuonna 1972 Espoosta tuli kaupunki, ja vuoden aikana tapahtui paljon muutakin mielenkiintoista. Tutustu vuoden kohokohtiin aikajanalla!<\/p>\r\n\r\n\r\n\r\n<div class=\"wp-block-cp-timeline-content-timeline-block Cool-Content-Timeline\">\r\n<div class=\"cool-timeline-block-8ab5dcda-f40d-49fe-86d3-6719f53d75e8\"><style scoped=\"true\">.cool-timeline-block-8ab5dcda-f40d-49fe-86d3-6719f53d75e8 .cool-vertical-timeline-body .story-time p{color: #333;}.cool-timeline-block-8ab5dcda-f40d-49fe-86d3-6719f53d75e8 .cool-horizontal-timeline-body .story-time p{color: #333;}.cool-timeline-block-8ab5dcda-f40d-49fe-86d3-6719f53d75e8 .cool-vertical-timeline-body::before{background: linear-gradient(to bottom, rgba(230, 230, 230, 0) 0%, #e67e22 10%, #e67e22 90%, rgba(230, 230, 230, 0) 100%);}.cool-timeline-block-8ab5dcda-f40d-49fe-86d3-6719f53d75e8 .cool-horizontal-timeline-body .timeline-content::before{background: #e67e22;}.cool-timeline-block-8ab5dcda-f40d-49fe-86d3-6719f53d75e8 .cool-horizontal-timeline-body .timeline-content::after{background: #e67e22;}.cool-timeline-block-8ab5dcda-f40d-49fe-86d3-6719f53d75e8 .cool-vertical-timeline-body .timeline-content::before{background: #e67e22 !important;}.cool-timeline-block-8ab5dcda-f40d-49fe-86d3-6719f53d75e8 .cool-vertical-timeline-body.left .story-details::after{background: #e67e22 !important;}.cool-timeline-block-8ab5dcda-f40d-49fe-86d3-6719f53d75e8 .cool-vertical-timeline-body.right .story-time::after{background: #e67e22 !important;}.cool-timeline-block-8ab5dcda-f40d-49fe-86d3-6719f53d75e8 .cool-vertical-timeline-body .timeline-content .timeline-block-icon{background: #e67e22 !important;}.cool-timeline-block-8ab5dcda-f40d-49fe-86d3-6719f53d75e8 .cool-horizontal-timeline-body .timeline-content .timeline-block-icon{background: #e67e22 !important;}.cool-timeline-block-8ab5dcda-f40d-49fe-86d3-6719f53d75e8 .cool-vertical-timeline-body.both-sided .timeline-content .position-right .story-details::before{border-right-color: #e67e22 !important;}.cool-timeline-block-8ab5dcda-f40d-49fe-86d3-6719f53d75e8 .cool-vertical-timeline-body.both-sided .timeline-content .position-left  .story-details::before{border-left-color: #e67e22 !important;}.cool-timeline-block-8ab5dcda-f40d-49fe-86d3-6719f53d75e8 .cool-vertical-timeline-body.one-sided.left .timeline-content  .story-details::before{border-right-color: #e67e22 !important;}.cool-timeline-block-8ab5dcda-f40d-49fe-86d3-6719f53d75e8 .cool-vertical-timeline-body.one-sided.right .timeline-content  .story-details::before{border-left-color: #e67e22 !important;}.cool-timeline-block-8ab5dcda-f40d-49fe-86d3-6719f53d75e8 .cool-vertical-timeline-body .timeline-content  .story-details{border-color: #e67e22 !important;}.cool-timeline-block-8ab5dcda-f40d-49fe-86d3-6719f53d75e8 .cool-horizontal-timeline-body .timeline-content .ctl-row .ctl-6.timeline-block-detail::before{border-bottom-color: #e67e22 !important;}.cool-timeline-block-8ab5dcda-f40d-49fe-86d3-6719f53d75e8 .cool-horizontal-timeline-body .ctl-6.timeline-block-detail{border-top-color: #e67e22 !important;}.cool-timeline-block-8ab5dcda-f40d-49fe-86d3-6719f53d75e8 .cool-vertical-timeline-body .timeline-content  .timeline-block-icon{border-color: #e67e22FF !important;}.cool-timeline-block-8ab5dcda-f40d-49fe-86d3-6719f53d75e8 .cool-horizontal-timeline-body .swiper-button-next{color: #e67e22;}.cool-timeline-block-8ab5dcda-f40d-49fe-86d3-6719f53d75e8 .cool-horizontal-timeline-body .swiper-button-prev{color: #e67e22;}.cool-timeline-block-8ab5dcda-f40d-49fe-86d3-6719f53d75e8 .cool-horizontal-timeline-body .swiper-pagination-bullet-active{background: #e67e22;}.cool-timeline-block-8ab5dcda-f40d-49fe-86d3-6719f53d75e8 .icon-true .timeline-block-icon span.timeline-block-render-icon svg{fill: #e67e22;}<\/style>\r\n<div class=\"cool-vertical-timeline-body both-sided left\">\r\n<div class=\"cool-timeline-block-list\">\r\n<div class=\"wp-block-cp-timeline-content-timeline-block-child swiper-slide\">\r\n<div class=\"timeline-content icon-false \">\r\n<div class=\" timeline-block-timeline ctl-row  position-left\">\r\n<div class=\"ctl-6 timeline-block-time\">\r\n<div class=\"story-time\">\r\n<p>1.1.1972<\/p>\r\n<\/div>\r\n<\/div>\r\n<div class=\"timeline-block-icon\">\u00a0<\/div>\r\n<div class=\"ctl-6 timeline-block-detail\">\r\n<div class=\"story-details\">\r\n<div class=\"story-image\"><img decoding=\"async\" src=\"https:\/\/espoonperinneseura.net\/espoo1972\/wp-content\/uploads\/2021\/12\/ESPOO_50_tunnus_RGB_VAAKA_MUSTA-300x167.png\" alt=\"\" \/><\/div>\r\n<div class=\"story-content\">\r\n<h3>Espoosta tuli kaupunki<\/h3>\r\n<p>Espoon kauppala muuttui kaupungiksi 1.1.1972. Espoon kaupunginvaltuusto teki juhlaistunnossaan 1. tammikuuta 1972 p\u00e4\u00e4t\u00f6ksen kulttuurikeskuksen rakentamisesta Tapiolaan.<\/p>\r\n<\/div>\r\n<\/div>\r\n<\/div>\r\n<\/div>\r\n<\/div>\r\n<\/div>\r\n\r\n\r\n\r\n<div class=\"wp-block-cp-timeline-content-timeline-block-child swiper-slide\">\r\n<div class=\"timeline-content icon-false \">\r\n<div class=\" timeline-block-timeline ctl-row  position-right\">\r\n<div class=\"ctl-6 timeline-block-time\">\r\n<div class=\"story-time\">\r\n<p>2.1.1972<\/p>\r\n<\/div>\r\n<\/div>\r\n<div class=\"timeline-block-icon\">\u00a0<\/div>\r\n<div class=\"ctl-6 timeline-block-detail\">\r\n<div class=\"story-details\">\r\n<div class=\"story-content\">\r\n<h3>Espoon uusi vuosi historian hauskin<\/h3>\r\n<p>Helsingin Sanomissa oli 2.1.1972 uutinen, jossa kerrottiin, kuinka Espoossa juhlittiin kaupungiksi tuloa ilotulituksin, tanssein ja makkaroin. Ohjelmaa oli lapsille, el\u00e4kel\u00e4isille ja kaikille ilonhaluisille. <br \/>Lue lis\u00e4\u00e4: <a href=\"https:\/\/espoonperinneseura.net\/espoo1972\/espoon-uusi-vuosi-1-1-1972-historian-hauskin\/\">Espoon uusi vuosi 1.1.1972 historian hauskin<\/a><\/p>\r\n<\/div>\r\n<\/div>\r\n<\/div>\r\n<\/div>\r\n<\/div>\r\n<\/div>\r\n\r\n\r\n\r\n<div class=\"wp-block-cp-timeline-content-timeline-block-child swiper-slide\">\r\n<div class=\"timeline-content icon-false \">\r\n<div class=\" timeline-block-timeline ctl-row  position-right\">\r\n<div class=\"ctl-6 timeline-block-time\">\r\n<div class=\"story-time\">\r\n<p>helmikuu 1972<\/p>\r\n<\/div>\r\n<\/div>\r\n<div class=\"timeline-block-icon\">\u00a0<\/div>\r\n<div class=\"ctl-6 timeline-block-detail\">\r\n<div class=\"story-details\">\r\n<div class=\"story-image\"><img decoding=\"async\" src=\"https:\/\/espoonperinneseura.net\/espoo1972\/wp-content\/uploads\/2022\/06\/Paijannetunneli.jpg\" alt=\"\" \/><\/div>\r\n<div class=\"story-content\">\r\n<h3>P\u00e4\u00e4kaupunkiseudun Vesi Oy<\/h3>\r\n<p>Helsinki, Espoo, Vantaa ja Kauniainen p\u00e4\u00e4ttiv\u00e4t perustaa P\u00e4\u00e4kaupunkiseudun Vesi Oy:n huolehtimaan alueen vesihuollosta. Yhti\u00f6 k\u00e4ynnisti P\u00e4ij\u00e4nnetunnelin rakentamisen 1973, ja se valmistui vuonna 1982.<\/p>\r\n<\/div>\r\n<\/div>\r\n<\/div>\r\n<\/div>\r\n<\/div>\r\n<\/div>\r\n\r\n\r\n\r\n<div class=\"wp-block-cp-timeline-content-timeline-block-child swiper-slide\">\r\n<div class=\"timeline-content icon-false \">\r\n<div class=\" timeline-block-timeline ctl-row  position-left\">\r\n<div class=\"ctl-6 timeline-block-time\">\r\n<div class=\"story-time\">\r\n<p>1.3.1972<\/p>\r\n<\/div>\r\n<\/div>\r\n<div class=\"timeline-block-icon\">\u00a0<\/div>\r\n<div class=\"ctl-6 timeline-block-detail\">\r\n<div class=\"story-details\">\r\n<div class=\"story-image\"><img decoding=\"async\" src=\"https:\/\/espoonperinneseura.net\/espoo1972\/wp-content\/uploads\/2022\/01\/VTT-paarakennus.jpg\" alt=\"\" \/><\/div>\r\n<div class=\"story-content\">\r\n<h3>Valtion teknillinen tutkimuskeskus<\/h3>\r\n<p>Valtion teknillinen tutkimuskeskus, nykyisin Teknologian tutkimuskeskus VTT Oy, perustettiin 1.3.1972 voimaan tulleella lailla yhdist\u00e4m\u00e4ll\u00e4 Valtion teknilliseen tutkimuslaitokseen aiemmin TKK:lle kuuluneita teht\u00e4vi\u00e4 ja tutkimusprofessuureja. VTT:n p\u00e4\u00e4rakennus Espoon Otaniemess\u00e4 valmistui vuonna 1975.<\/p>\r\n<\/div>\r\n<\/div>\r\n<\/div>\r\n<\/div>\r\n<\/div>\r\n<\/div>\r\n\r\n\r\n\r\n<div class=\"wp-block-cp-timeline-content-timeline-block-child swiper-slide\">\r\n<div class=\"timeline-content icon-false \">\r\n<div class=\" timeline-block-timeline ctl-row  position-left\">\r\n<div class=\"ctl-6 timeline-block-time\">\r\n<div class=\"story-time\">\r\n<p>15.4.1972<\/p>\r\n<\/div>\r\n<\/div>\r\n<div class=\"timeline-block-icon\">\u00a0<\/div>\r\n<div class=\"ctl-6 timeline-block-detail\">\r\n<div class=\"story-details\">\r\n<div class=\"story-content\">\r\n<h3>Avoimet ovet reaktorilaboratoriossa<\/h3>\r\n<p>Otaniemen reaktorilaboratorio j\u00e4rjesti vuonna 1962 k\u00e4ynnistetyst\u00e4 ydinreaktorista kiinnostuneelle yleis\u00f6lle ensimm\u00e4isen avointen ovien p\u00e4iv\u00e4n.<\/p>\r\n<\/div>\r\n<\/div>\r\n<\/div>\r\n<\/div>\r\n<\/div>\r\n<\/div>\r\n\r\n\r\n\r\n<div class=\"wp-block-cp-timeline-content-timeline-block-child swiper-slide\">\r\n<div class=\"timeline-content icon-false \">\r\n<div class=\" timeline-block-timeline ctl-row  position-right\">\r\n<div class=\"ctl-6 timeline-block-time\">\r\n<div class=\"story-time\">\r\n<p>Huhtikuu 1972<\/p>\r\n<\/div>\r\n<\/div>\r\n<div class=\"timeline-block-icon\">\u00a0<\/div>\r\n<div class=\"ctl-6 timeline-block-detail\">\r\n<div class=\"story-details\">\r\n<div class=\"story-image\"><img decoding=\"async\" src=\"https:\/\/espoonperinneseura.net\/espoo1972\/wp-content\/uploads\/2022\/01\/Tapiolan_Honka-150x150.png\" alt=\"\" \/><\/div>\r\n<div class=\"story-content\">\r\n<h3>Tapion Honka suomenmestariksi<\/h3>\r\n<p>Tapion Honka (vuodesta 1975 alkaen Tapiolan Honka) voitti kaudella 1971-72 viidennen per\u00e4kk\u00e4isen koripallon Suomen mestaruuden. Syksyst\u00e4 1972 alkaen ulkomaalaisten pelaajien sallittiin osallistua koripallosarjoihin.<\/p>\r\n<\/div>\r\n<\/div>\r\n<\/div>\r\n<\/div>\r\n<\/div>\r\n<\/div>\r\n\r\n\r\n\r\n<div class=\"wp-block-cp-timeline-content-timeline-block-child swiper-slide\">\r\n<div class=\"timeline-content icon-false \">\r\n<div class=\" timeline-block-timeline ctl-row  position-right\">\r\n<div class=\"ctl-6 timeline-block-time\">\r\n<div class=\"story-time\">\r\n<p>Huhtikuu 1972<\/p>\r\n<\/div>\r\n<\/div>\r\n<div class=\"timeline-block-icon\">\u00a0<\/div>\r\n<div class=\"ctl-6 timeline-block-detail\">\r\n<div class=\"story-details\">\r\n<div class=\"story-image\"><img decoding=\"async\" src=\"https:\/\/espoonperinneseura.net\/espoo1972\/wp-content\/uploads\/2022\/03\/Polar-Espoo.jpg\" alt=\"\" \/><\/div>\r\n<div class=\"story-content\">\r\n<h3>Hotelli Polar Espoo avattiin<\/h3>\r\n<p>Tarvontien varteen Kauniaisten liittym\u00e4n tuntumaan avattiin huhtikuussa 1972 arkkitehti Olli Parviaisen suunnittelema uusi hotelli. Hotelli Polar Espoo, nykyisin Scandic Espoo, oli ensimm\u00e4inen Helsingin l\u00e4hiymp\u00e4rist\u00f6\u00f6n rakennettu hotelli, joka tarjosi my\u00f6s kokoustiloja.<\/p>\r\n<\/div>\r\n<\/div>\r\n<\/div>\r\n<\/div>\r\n<\/div>\r\n<\/div>\r\n\r\n\r\n\r\n<div class=\"wp-block-cp-timeline-content-timeline-block-child swiper-slide\">\r\n<div class=\"timeline-content icon-false \">\r\n<div class=\" timeline-block-timeline ctl-row  position-left\">\r\n<div class=\"ctl-6 timeline-block-time\">\r\n<div class=\"story-time\">\r\n<p>30.5.1972<\/p>\r\n<\/div>\r\n<\/div>\r\n<div class=\"timeline-block-icon\">\u00a0<\/div>\r\n<div class=\"ctl-6 timeline-block-detail\">\r\n<div class=\"story-details\">\r\n<div class=\"story-content\">\r\n<h3>Kaupunginhallitus hyv\u00e4ksyi toiminta- ja taloussuunnitelman vuosille 1972-81<\/h3>\r\n<p>V\u00e4kiluvun ennakoitiin kasvavan 200 000 asukkaaseen vuoden 1981 alkuun menness\u00e4 (todellinen v\u00e4kim\u00e4\u00e4r\u00e4 vuoden 1981 alussa 137 500). Kaupungin menojen arvioitiin kasvavan noin 10,5 % vuostittain. Koulutukseen ja kunnallistekniikkaan kohdistui merkitt\u00e4v\u00e4\u00e4 kustannusten kasvua. Suunnitelmassa l\u00e4hdettiin siit\u00e4, ett\u00e4 alueliitoksia Helsinkiin ei tehd\u00e4.<\/p>\r\n<\/div>\r\n<\/div>\r\n<\/div>\r\n<\/div>\r\n<\/div>\r\n<\/div>\r\n\r\n\r\n\r\n<div class=\"wp-block-cp-timeline-content-timeline-block-child swiper-slide\">\r\n<div class=\"timeline-content icon-false \">\r\n<div class=\" timeline-block-timeline ctl-row  position-left\">\r\n<div class=\"ctl-6 timeline-block-time\">\r\n<div class=\"story-time\">\r\n<p>1.-2.10.1972<\/p>\r\n<\/div>\r\n<\/div>\r\n<div class=\"timeline-block-icon\">\u00a0<\/div>\r\n<div class=\"ctl-6 timeline-block-detail\">\r\n<div class=\"story-details\">\r\n<div class=\"story-content\">\r\n<h3>Kunnallisvaalit 1972<\/h3>\r\n<p>Kunnallisvaalit j\u00e4rjestettiin Suomessa 1.\u20132. lokakuuta 1972. SDP s\u00e4ilytti suurimman puolueen asemansa 16 valtuustopaikalla. Kokoomus sai valtuustoon 15 edustajaa. SKDL sai kahdeksan, liberaalit seitsem\u00e4n ja RKP kuusi paikkaa sek\u00e4 keskustapuolue yhden paikan.<\/p>\r\n<\/div>\r\n<\/div>\r\n<\/div>\r\n<\/div>\r\n<\/div>\r\n<\/div>\r\n\r\n\r\n\r\n<div class=\"wp-block-cp-timeline-content-timeline-block-child swiper-slide\">\r\n<div class=\"timeline-content icon-false \">\r\n<div class=\" timeline-block-timeline ctl-row  position-right\">\r\n<div class=\"ctl-6 timeline-block-time\">\r\n<div class=\"story-time\">\r\n<p>6.10.1972<\/p>\r\n<\/div>\r\n<\/div>\r\n<div class=\"timeline-block-icon\">\u00a0<\/div>\r\n<div class=\"ctl-6 timeline-block-detail\">\r\n<div class=\"story-details\">\r\n<div class=\"story-image\"><img decoding=\"async\" src=\"https:\/\/espoonperinneseura.net\/espoo1972\/wp-content\/uploads\/2022\/01\/Jorvin-sairaala.jpg\" alt=\"\" \/><\/div>\r\n<div class=\"story-content\">\r\n<h3>Jorvin sairaalan rakentaminen alkoi<\/h3>\r\n<p>Jorvin sairaala-alueen rakentaminen aloitettiin 6.10.1972. Kuvassa Jorvin sairaalan rakennusty\u00f6maa, taustalla Jorvin kartano. Kartanon p\u00e4\u00e4rakennus purettiin vuonna 1975. Sairaalan vihki\u00e4isi\u00e4 vietettiin vuoden 1977 joulukuussa.<br \/>Kuva: Hans Fransman, 1973-74. Espoon kaupunginmuseo.<\/p>\r\n<\/div>\r\n<\/div>\r\n<\/div>\r\n<\/div>\r\n<\/div>\r\n<\/div>\r\n\r\n\r\n\r\n<div class=\"wp-block-cp-timeline-content-timeline-block-child swiper-slide\">\r\n<div class=\"timeline-content icon-false \">\r\n<div class=\" timeline-block-timeline ctl-row  position-left\">\r\n<div class=\"ctl-6 timeline-block-time\">\r\n<div class=\"story-time\">\r\n<p>Lokakuu 1972<\/p>\r\n<\/div>\r\n<\/div>\r\n<div class=\"timeline-block-icon\">\u00a0<\/div>\r\n<div class=\"ctl-6 timeline-block-detail\">\r\n<div class=\"story-details\">\r\n<div class=\"story-image\"><img decoding=\"async\" src=\"https:\/\/espoonperinneseura.net\/espoo1972\/wp-content\/uploads\/2022\/01\/Leppavaaran-kirjasto.jpg\" alt=\"\" \/><\/div>\r\n<div class=\"story-content\">\r\n<h3>Lepp\u00e4vaaran kirjasto avattiin<\/h3>\r\n<p>Lepp\u00e4vaaran kirjaston uusi rakennus avattiin kahdessa vaiheessa; lokakuussa 1972 avattiin muu kirjasto, musiikkiosasto puoli vuotta my\u00f6hemmin kev\u00e4\u00e4ll\u00e4 1973. Rakennuksessa ovat toimineet my\u00f6s Espoon kauppaoppilaitos ja ty\u00f6v\u00e4enopisto.<br \/>Kuva: Toivo Kalliom\u00e4ki, 1983. Espoon kaupunginmuseo.<\/p>\r\n<\/div>\r\n<\/div>\r\n<\/div>\r\n<\/div>\r\n<\/div>\r\n<\/div>\r\n\r\n\r\n\r\n<div class=\"wp-block-cp-timeline-content-timeline-block-child swiper-slide\">\r\n<div class=\"timeline-content icon-false \">\r\n<div class=\" timeline-block-timeline ctl-row  position-right\">\r\n<div class=\"ctl-6 timeline-block-time\">\r\n<div class=\"story-time\">\r\n<p>4.11.1972<\/p>\r\n<\/div>\r\n<\/div>\r\n<div class=\"timeline-block-icon\">\u00a0<\/div>\r\n<div class=\"ctl-6 timeline-block-detail\">\r\n<div class=\"story-details\">\r\n<div class=\"story-image\"><img decoding=\"async\" src=\"https:\/\/espoonperinneseura.net\/espoo1972\/wp-content\/uploads\/2021\/11\/Maximarket.jpg\" alt=\"\" \/><\/div>\r\n<div class=\"story-content\">\r\n<h3>Maxi-market t\u00e4ytti vuoden<\/h3>\r\n<p>Maxi-marketin tavaratalo ja automarket avattiin Lepp\u00e4vaarassa marraskuussa 1971. Lue lis\u00e4\u00e4: <a href=\"https:\/\/lepuski.fi\/images\/PDFt\/Maxi_tarkistettu%20esitys%20MS031121_LR.pdf\">Muistojen Maxi<\/a><\/p>\r\n<\/div>\r\n<\/div>\r\n<\/div>\r\n<\/div>\r\n<\/div>\r\n<\/div>\r\n\r\n\r\n\r\n<div class=\"wp-block-cp-timeline-content-timeline-block-child swiper-slide\">\r\n<div class=\"timeline-content icon-false \">\r\n<div class=\" timeline-block-timeline ctl-row  position-left\">\r\n<div class=\"ctl-6 timeline-block-time\">\r\n<div class=\"story-time\">\r\n<p>21.11.1972<\/p>\r\n<\/div>\r\n<\/div>\r\n<div class=\"timeline-block-icon\">\u00a0<\/div>\r\n<div class=\"ctl-6 timeline-block-detail\">\r\n<div class=\"story-details\">\r\n<div class=\"story-image\"><img decoding=\"async\" src=\"https:\/\/espoonperinneseura.net\/espoo1972\/wp-content\/uploads\/2022\/01\/Dipoli-sisa.jpg\" alt=\"\" \/><\/div>\r\n<div class=\"story-content\">\r\n<h3>ETYK-neuvottelut alkoivat<\/h3>\r\n<p>Euroopan turvallisuus- ja yhteisty\u00f6kokouksen valmistelevat neuvottelut alkoivat suurl\u00e4hettil\u00e4stasolla\u00a0Dipolissa. Lue lis\u00e4\u00e4: <a href=\"https:\/\/fi.wikipedia.org\/wiki\/Euroopan_turvallisuus-_ja_yhteisty%C3%B6konferenssi\">Euroopan turvallisuus- ja yhteisty\u00f6konferenssi \u2013 Wikipedia<\/a>. Kuva: Espoon kaupunginmuseo 1966.<\/p>\r\n<\/div>\r\n<\/div>\r\n<\/div>\r\n<\/div>\r\n<\/div>\r\n<\/div>\r\n<\/div>\r\n<\/div>\r\n<\/div>\r\n<\/div>\r\n\r\n\r\n\r\n<p>Onko tiedossasi vuodelta 1972 tapahtuma, joka sopisi aikajanalle?<br \/>L\u00e4het\u00e4 siit\u00e4 tietoa osoitteeseen <a href=\"mailto:espoonperinne@gmail.com\" target=\"_blank\" rel=\"noreferrer noopener\">espoonperinne@gmail.com<\/a><\/p>\r\n","protected":false},"excerpt":{"rendered":"<p>Vuonna 1972 Espoosta tuli kaupunki, ja vuoden aikana tapahtui paljon muutakin mielenkiintoista. Tutustu vuoden kohokohtiin aikajanalla! Onko tiedossasi vuodelta 1972 tapahtuma, joka sopisi aikajanalle?L\u00e4het\u00e4 siit\u00e4 tietoa osoitteeseen espoonperinne@gmail.com<\/p>\n","protected":false},"author":1,"featured_media":0,"parent":0,"menu_order":31,"comment_status":"closed","ping_status":"closed","template":"","meta":{"_eb_attr":"","_exactmetrics_skip_tracking":false,"_exactmetrics_sitenote_active":false,"_exactmetrics_sitenote_note":"","_exactmetrics_sitenote_category":0,"footnotes":""},"class_list":["post-1402","page","type-page","status-publish","hentry","entry"],"_links":{"self":[{"href":"https:\/\/espoonperinneseura.net\/espoo1972\/wp-json\/wp\/v2\/pages\/1402","targetHints":{"allow":["GET"]}}],"collection":[{"href":"https:\/\/espoonperinneseura.net\/espoo1972\/wp-json\/wp\/v2\/pages"}],"about":[{"href":"https:\/\/espoonperinneseura.net\/espoo1972\/wp-json\/wp\/v2\/types\/page"}],"author":[{"embeddable":true,"href":"https:\/\/espoonperinneseura.net\/espoo1972\/wp-json\/wp\/v2\/users\/1"}],"replies":[{"embeddable":true,"href":"https:\/\/espoonperinneseura.net\/espoo1972\/wp-json\/wp\/v2\/comments?post=1402"}],"version-history":[{"count":72,"href":"https:\/\/espoonperinneseura.net\/espoo1972\/wp-json\/wp\/v2\/pages\/1402\/revisions"}],"predecessor-version":[{"id":4136,"href":"https:\/\/espoonperinneseura.net\/espoo1972\/wp-json\/wp\/v2\/pages\/1402\/revisions\/4136"}],"wp:attachment":[{"href":"https:\/\/espoonperinneseura.net\/espoo1972\/wp-json\/wp\/v2\/media?parent=1402"}],"curies":[{"name":"wp","href":"https:\/\/api.w.org\/{rel}","templated":true}]}}