{"id":2019,"date":"2022-02-18T08:37:50","date_gmt":"2022-02-18T06:37:50","guid":{"rendered":"https:\/\/espoonperinneseura.net\/espoo1972\/?page_id=2019"},"modified":"2022-02-18T08:37:50","modified_gmt":"2022-02-18T06:37:50","slug":"juuri-se-hetki","status":"publish","type":"page","link":"https:\/\/espoonperinneseura.net\/espoo1972\/muistoja-espoosta\/juuri-se-hetki\/","title":{"rendered":"Juuri se hetki"},"content":{"rendered":"\n<p><em>Kari Tiihonen<\/em><\/p>\n\n\n\n<p>Espoon kauppalan kauppalanjohtajana is\u00e4ni Teppo Tiihonen oli j\u00e4\u00e4vi kokouksesta, jossa p\u00e4\u00e4tettiin Espoon tulosta kaupungiksi, ja sen aikana \u00e4itini oli jossain k\u00e4ym\u00e4ss\u00e4 (en muista en\u00e4\u00e4 miss\u00e4). Olin silloin 12-13 vuotias ja yksin kotona. Posliinipuhelin soi ja (mies) soittaja kyseli is\u00e4\u00e4ni. Kerroin, ett\u00e4 ei ole kotona. H\u00e4n sanoi, ett\u00e4 &#8221;kerro is\u00e4llesi, kun tulee kotiin, ett\u00e4 Espoo on nyt kaupunki&#8221;. Olin siis ensimm\u00e4inen kokouksen ulkopuolinen, joka asiasta sai tiet\u00e4\u00e4. Asioista jo oppineena en kertonut t\u00e4st\u00e4 kenellek\u00e4\u00e4n muulle. J\u00e4i vaan mieleen t\u00e4m\u00e4kin tapahtuma, kun satuin asian ytimeen.<\/p>\n\n\n\n<figure class=\"wp-block-image size-large is-resized\"><img loading=\"lazy\" decoding=\"async\" src=\"https:\/\/espoonperinneseura.net\/espoo1972\/wp-content\/uploads\/2022\/02\/puhelin-801x1024.jpg\" alt=\"\" class=\"wp-image-2021\" width=\"401\" height=\"512\" srcset=\"https:\/\/espoonperinneseura.net\/espoo1972\/wp-content\/uploads\/2022\/02\/puhelin-801x1024.jpg 801w, https:\/\/espoonperinneseura.net\/espoo1972\/wp-content\/uploads\/2022\/02\/puhelin-235x300.jpg 235w, https:\/\/espoonperinneseura.net\/espoo1972\/wp-content\/uploads\/2022\/02\/puhelin-768x981.jpg 768w, https:\/\/espoonperinneseura.net\/espoo1972\/wp-content\/uploads\/2022\/02\/puhelin-1202x1536.jpg 1202w, https:\/\/espoonperinneseura.net\/espoo1972\/wp-content\/uploads\/2022\/02\/puhelin.jpg 1252w\" sizes=\"auto, (max-width: 401px) 100vw, 401px\" \/><\/figure>\n","protected":false},"excerpt":{"rendered":"<p>Kari Tiihonen Espoon kauppalan kauppalanjohtajana is\u00e4ni Teppo Tiihonen oli j\u00e4\u00e4vi kokouksesta, jossa p\u00e4\u00e4tettiin Espoon tulosta kaupungiksi, ja sen aikana \u00e4itini oli jossain k\u00e4ym\u00e4ss\u00e4 (en muista en\u00e4\u00e4 miss\u00e4). Olin silloin 12-13 vuotias ja yksin kotona. Posliinipuhelin soi ja (mies) soittaja kyseli is\u00e4\u00e4ni. Kerroin, ett\u00e4 ei ole kotona. H\u00e4n sanoi, ett\u00e4 &#8221;kerro is\u00e4llesi, kun tulee kotiin, ett\u00e4&hellip; <a class=\"more-link\" href=\"https:\/\/espoonperinneseura.net\/espoo1972\/muistoja-espoosta\/juuri-se-hetki\/\">Jatka lukemista <span class=\"screen-reader-text\">Juuri se hetki<\/span><\/a><\/p>\n","protected":false},"author":1,"featured_media":0,"parent":302,"menu_order":71,"comment_status":"closed","ping_status":"closed","template":"","meta":{"_eb_attr":"","_exactmetrics_skip_tracking":false,"_exactmetrics_sitenote_active":false,"_exactmetrics_sitenote_note":"","_exactmetrics_sitenote_category":0,"footnotes":""},"class_list":["post-2019","page","type-page","status-publish","hentry","entry"],"_links":{"self":[{"href":"https:\/\/espoonperinneseura.net\/espoo1972\/wp-json\/wp\/v2\/pages\/2019","targetHints":{"allow":["GET"]}}],"collection":[{"href":"https:\/\/espoonperinneseura.net\/espoo1972\/wp-json\/wp\/v2\/pages"}],"about":[{"href":"https:\/\/espoonperinneseura.net\/espoo1972\/wp-json\/wp\/v2\/types\/page"}],"author":[{"embeddable":true,"href":"https:\/\/espoonperinneseura.net\/espoo1972\/wp-json\/wp\/v2\/users\/1"}],"replies":[{"embeddable":true,"href":"https:\/\/espoonperinneseura.net\/espoo1972\/wp-json\/wp\/v2\/comments?post=2019"}],"version-history":[{"count":5,"href":"https:\/\/espoonperinneseura.net\/espoo1972\/wp-json\/wp\/v2\/pages\/2019\/revisions"}],"predecessor-version":[{"id":2028,"href":"https:\/\/espoonperinneseura.net\/espoo1972\/wp-json\/wp\/v2\/pages\/2019\/revisions\/2028"}],"up":[{"embeddable":true,"href":"https:\/\/espoonperinneseura.net\/espoo1972\/wp-json\/wp\/v2\/pages\/302"}],"wp:attachment":[{"href":"https:\/\/espoonperinneseura.net\/espoo1972\/wp-json\/wp\/v2\/media?parent=2019"}],"curies":[{"name":"wp","href":"https:\/\/api.w.org\/{rel}","templated":true}]}}

<p><em>Kari Tiihonen</em></p>



<p>Espoon kauppalan kauppalanjohtajana isäni Teppo Tiihonen oli jäävi kokouksesta, jossa päätettiin Espoon tulosta kaupungiksi, ja sen aikana äitini oli jossain käymässä (en muista enää missä). Olin silloin 12-13 vuotias ja yksin kotona. Posliinipuhelin soi ja (mies) soittaja kyseli isääni. Kerroin, että ei ole kotona. Hän sanoi, että &#8221;kerro isällesi, kun tulee kotiin, että Espoo on nyt kaupunki&#8221;. Olin siis ensimmäinen kokouksen ulkopuolinen, joka asiasta sai tietää. Asioista jo oppineena en kertonut tästä kenellekään muulle. Jäi vaan mieleen tämäkin tapahtuma, kun satuin asian ytimeen.</p>



<figure class="wp-block-image size-large is-resized"><img loading="lazy" decoding="async" src="https://espoonperinneseura.net/espoo1972/wp-content/uploads/2022/02/puhelin-801x1024.jpg" alt="" class="wp-image-2021" width="401" height="512" srcset="https://espoonperinneseura.net/espoo1972/wp-content/uploads/2022/02/puhelin-801x1024.jpg 801w, https://espoonperinneseura.net/espoo1972/wp-content/uploads/2022/02/puhelin-235x300.jpg 235w, https://espoonperinneseura.net/espoo1972/wp-content/uploads/2022/02/puhelin-768x981.jpg 768w, https://espoonperinneseura.net/espoo1972/wp-content/uploads/2022/02/puhelin-1202x1536.jpg 1202w, https://espoonperinneseura.net/espoo1972/wp-content/uploads/2022/02/puhelin.jpg 1252w" sizes="auto, (max-width: 401px) 100vw, 401px" /></figure>

<p>Kari Tiihonen Espoon kauppalan kauppalanjohtajana isäni Teppo Tiihonen oli jäävi kokouksesta, jossa päätettiin Espoon tulosta kaupungiksi, ja sen aikana äitini oli jossain käymässä (en muista enää missä). Olin silloin 12-13 vuotias ja yksin kotona. Posliinipuhelin soi ja (mies) soittaja kyseli isääni. Kerroin, että ei ole kotona. Hän sanoi, että &#8221;kerro isällesi, kun tulee kotiin, että&hellip; <a class="more-link" href="https://espoonperinneseura.net/espoo1972/muistoja-espoosta/juuri-se-hetki/">Jatka lukemista <span class="screen-reader-text">Juuri se hetki</span></a></p>
