{"id":2334,"date":"2022-03-30T09:36:50","date_gmt":"2022-03-30T06:36:50","guid":{"rendered":"https:\/\/espoonperinneseura.net\/espoo1972\/?page_id=2334"},"modified":"2022-03-30T09:37:17","modified_gmt":"2022-03-30T06:37:17","slug":"muistoja-nokkalasta","status":"publish","type":"page","link":"https:\/\/espoonperinneseura.net\/espoo1972\/muistoja-espoosta\/muistoja-nokkalasta\/","title":{"rendered":"Muistoja Nokkalasta"},"content":{"rendered":"\n<p><em>Michael Ballhorn<\/em><br><\/p>\n\n\n\n<p>Kes\u00e4asukkaiksi v.1957, oikea koti Maunulassa. Muutimme &#8221;Nokkalaan&#8221; vakituisesti 1959. Kauppanamme toimi Nokkalan HOK, oli my\u00f6s Wohlmanin kauppa, josta ostimme siskoni kanssa karkkeja k\u00e4ydess\u00e4mme Mattby Svenska Folkskolania l\u00e4hell\u00e4. <\/p>\n\n\n\n<p>Friisanssin puolelle ei ollut asiaa: kerran py\u00f6r\u00e4ilin ja keppi lensi pusikosta fillarini etuvanteeseen. Vapaaniemikin (Vapsku) oli jo pikkupojalle kriittist\u00e4 aluetta, oma porukka siell\u00e4. Yhdess\u00e4 vaiheessa kierteli Elannon kauppa-auto, pys\u00e4htyi Vapaaniementie (nyk. Kalastajantie) &#8211; Meriojantie (Sepetlahdentie) -risteykseen. <\/p>\n\n\n\n<p>Nokkalan Hokki paloi 1960-luvun alussa Katselimme kakaroina vieress\u00e4, l\u00f6ysimme karkkeja. Rakennettiin heti uusi. Lautakioski (Repen=hra.Reinhold?) oli lempipaikkamme, kaiteella ei saanut tietenk\u00e4\u00e4n istua, jalat penkill\u00e4, Repe-set\u00e4 raivostui! Sotainvalidi Yrj\u00f6 Koivukangas k\u00e4vi naistenfillarilla ilman paitaa pilsnerill\u00e4. Olo k\u00e4rventynyt auringossa. Maakellarikorjaamonsa oli vuokrattuna, Yk\u00e4 ryypiskeli aikansa kuluksi, hakkasi bussissa jalkaproteesiansa k\u00e4nniss\u00e4 puukolla, kuulema Aschanin tantta py\u00f6rtyi moisesta\u2026<\/p>\n","protected":false},"excerpt":{"rendered":"<p>Michael Ballhorn Kes\u00e4asukkaiksi v.1957, oikea koti Maunulassa. Muutimme &#8221;Nokkalaan&#8221; vakituisesti 1959. Kauppanamme toimi Nokkalan HOK, oli my\u00f6s Wohlmanin kauppa, josta ostimme siskoni kanssa karkkeja k\u00e4ydess\u00e4mme Mattby Svenska Folkskolania l\u00e4hell\u00e4. Friisanssin puolelle ei ollut asiaa: kerran py\u00f6r\u00e4ilin ja keppi lensi pusikosta fillarini etuvanteeseen. Vapaaniemikin (Vapsku) oli jo pikkupojalle kriittist\u00e4 aluetta, oma porukka siell\u00e4. Yhdess\u00e4 vaiheessa kierteli&hellip; <a class=\"more-link\" href=\"https:\/\/espoonperinneseura.net\/espoo1972\/muistoja-espoosta\/muistoja-nokkalasta\/\">Jatka lukemista <span class=\"screen-reader-text\">Muistoja Nokkalasta<\/span><\/a><\/p>\n","protected":false},"author":1,"featured_media":0,"parent":302,"menu_order":106,"comment_status":"closed","ping_status":"closed","template":"","meta":{"_eb_attr":"","_exactmetrics_skip_tracking":false,"_exactmetrics_sitenote_active":false,"_exactmetrics_sitenote_note":"","_exactmetrics_sitenote_category":0,"footnotes":""},"class_list":["post-2334","page","type-page","status-publish","hentry","entry"],"_links":{"self":[{"href":"https:\/\/espoonperinneseura.net\/espoo1972\/wp-json\/wp\/v2\/pages\/2334","targetHints":{"allow":["GET"]}}],"collection":[{"href":"https:\/\/espoonperinneseura.net\/espoo1972\/wp-json\/wp\/v2\/pages"}],"about":[{"href":"https:\/\/espoonperinneseura.net\/espoo1972\/wp-json\/wp\/v2\/types\/page"}],"author":[{"embeddable":true,"href":"https:\/\/espoonperinneseura.net\/espoo1972\/wp-json\/wp\/v2\/users\/1"}],"replies":[{"embeddable":true,"href":"https:\/\/espoonperinneseura.net\/espoo1972\/wp-json\/wp\/v2\/comments?post=2334"}],"version-history":[{"count":2,"href":"https:\/\/espoonperinneseura.net\/espoo1972\/wp-json\/wp\/v2\/pages\/2334\/revisions"}],"predecessor-version":[{"id":2336,"href":"https:\/\/espoonperinneseura.net\/espoo1972\/wp-json\/wp\/v2\/pages\/2334\/revisions\/2336"}],"up":[{"embeddable":true,"href":"https:\/\/espoonperinneseura.net\/espoo1972\/wp-json\/wp\/v2\/pages\/302"}],"wp:attachment":[{"href":"https:\/\/espoonperinneseura.net\/espoo1972\/wp-json\/wp\/v2\/media?parent=2334"}],"curies":[{"name":"wp","href":"https:\/\/api.w.org\/{rel}","templated":true}]}}