{"id":2353,"date":"2022-04-04T05:21:00","date_gmt":"2022-04-04T02:21:00","guid":{"rendered":"https:\/\/espoonperinneseura.net\/espoo1972\/?page_id=2353"},"modified":"2022-04-10T17:06:39","modified_gmt":"2022-04-10T14:06:39","slug":"nokkeluus-pelasti-sauna-aiheiset-kadunnimet","status":"publish","type":"page","link":"https:\/\/espoonperinneseura.net\/espoo1972\/muistoja-espoosta\/nokkeluus-pelasti-sauna-aiheiset-kadunnimet\/","title":{"rendered":"Nokkeluus pelasti sauna-aiheiset kadunnimet"},"content":{"rendered":"\n<p><strong><br><\/strong><em>Ann-Christin Lintula<\/em><\/p>\n\n\n\n<p>Elettiin 1970-luvun ja Espoon kaupunkilaisuuden alkua. Oli p\u00e4\u00e4tetty, ett\u00e4 jokaisella espoolaiselle tuli saada osoite ja viel\u00e4 kaksikielisen\u00e4, eik\u00e4 kahta samannimist\u00e4 tiet\u00e4 tulisi olla.<\/p>\n\n\n\n<p>Tuon p\u00e4\u00e4t\u00f6ksen seurauksena Espooseen alkoi ilmaantua paitsi perinteist\u00e4 johdettua my\u00f6s mit\u00e4 kummallisinta nimist\u00f6\u00e4, jossa oli melkoisesti my\u00f6s k\u00e4\u00e4nn\u00f6shirvi\u00f6it\u00e4 ja suoranaisia virheit\u00e4kin. Asukkailta ei juuri nimist\u00f6neuvoja kyselty. He vain havaitsivat jonakin p\u00e4iv\u00e4n\u00e4 saaneensa osoitteen, jolla ei ollut mit\u00e4\u00e4n tekemist\u00e4 aiemman kanssa.<\/p>\n\n\n\n<p>Joillakin sattui ole\u00admaan oikea henkil\u00f6 oikeassa paikassa kuulemassa, mit\u00e4 suunniteltiin, mutta yleens\u00e4 ei asioihin voitu en\u00e4\u00e4 puuttua. Nykyisen Kaupunginkallion omakotiyhdistysv\u00e4ell\u00e4 oli onnea. Yksi heist\u00e4 sattui olemaan virassa kaupungin mittausosastolla ja kuuli ihan vahingossa, millaisiksi h\u00e4nen kotiseutunsa juuri tekeill\u00e4 olevaan karttaan piirretyt tiet aiottiin nimet\u00e4. Piti tulla Haudankaivajan\u00adtiet\u00e4 ja Suntion-polkua ja muuta sen sellaista ihan hyvien entisten ni\u00admien tilalle.<\/p>\n\n\n\n<p>Mies olkoon nimelt\u00e4\u00e4n P. ilmoitti tietonsa yhdistyksen johtokunnan muutamalle naapurissa asuvalle henkil\u00f6lle. Puheenjohtaja L., sihteeri E. ja johtokunnan j\u00e4senet EE ja B. kutsuivat jo samaksi illaksi h\u00e4t\u00e4kokouksen koolle tavoitteena nimet\u00e4 alueen tiet ja varustaa ne kilvill\u00e4 ennen kuin karttoihin ehditt\u00e4isiin tekstata jotain kummallista. Samalla piti valvoa, ettei alueelle ilmaantuisi jo muualla olevia nimi\u00e4. Siin\u00e4 oli B:n ty\u00f6paikaltaan postista tuoma nimist\u00f6luettelo.<\/p>\n\n\n\n<figure class=\"wp-block-gallery has-nested-images columns-default is-cropped wp-block-gallery-1 is-layout-flex wp-block-gallery-is-layout-flex\">\n<figure class=\"wp-block-image size-large\"><img loading=\"lazy\" decoding=\"async\" width=\"768\" height=\"1024\" data-id=\"2382\" src=\"https:\/\/espoonperinneseura.net\/espoo1972\/wp-content\/uploads\/2022\/04\/Kiuastie-2-768x1024.jpg\" alt=\"\" class=\"wp-image-2382\" srcset=\"https:\/\/espoonperinneseura.net\/espoo1972\/wp-content\/uploads\/2022\/04\/Kiuastie-2-768x1024.jpg 768w, https:\/\/espoonperinneseura.net\/espoo1972\/wp-content\/uploads\/2022\/04\/Kiuastie-2-225x300.jpg 225w, https:\/\/espoonperinneseura.net\/espoo1972\/wp-content\/uploads\/2022\/04\/Kiuastie-2-1152x1536.jpg 1152w, https:\/\/espoonperinneseura.net\/espoo1972\/wp-content\/uploads\/2022\/04\/Kiuastie-2-1536x2048.jpg 1536w, https:\/\/espoonperinneseura.net\/espoo1972\/wp-content\/uploads\/2022\/04\/Kiuastie-2-1568x2091.jpg 1568w, https:\/\/espoonperinneseura.net\/espoo1972\/wp-content\/uploads\/2022\/04\/Kiuastie-2-scaled.jpg 1920w\" sizes=\"auto, (max-width: 768px) 100vw, 768px\" \/><\/figure>\n\n\n\n<figure class=\"wp-block-image size-large\"><img loading=\"lazy\" decoding=\"async\" width=\"768\" height=\"1024\" data-id=\"2381\" src=\"https:\/\/espoonperinneseura.net\/espoo1972\/wp-content\/uploads\/2022\/04\/Tuikkukuja-768x1024.jpg\" alt=\"\" class=\"wp-image-2381\" srcset=\"https:\/\/espoonperinneseura.net\/espoo1972\/wp-content\/uploads\/2022\/04\/Tuikkukuja-768x1024.jpg 768w, https:\/\/espoonperinneseura.net\/espoo1972\/wp-content\/uploads\/2022\/04\/Tuikkukuja-225x300.jpg 225w, https:\/\/espoonperinneseura.net\/espoo1972\/wp-content\/uploads\/2022\/04\/Tuikkukuja-1152x1536.jpg 1152w, https:\/\/espoonperinneseura.net\/espoo1972\/wp-content\/uploads\/2022\/04\/Tuikkukuja-1536x2048.jpg 1536w, https:\/\/espoonperinneseura.net\/espoo1972\/wp-content\/uploads\/2022\/04\/Tuikkukuja-1568x2091.jpg 1568w, https:\/\/espoonperinneseura.net\/espoo1972\/wp-content\/uploads\/2022\/04\/Tuikkukuja-scaled.jpg 1920w\" sizes=\"auto, (max-width: 768px) 100vw, 768px\" \/><\/figure>\n<figcaption class=\"blocks-gallery-caption\">Saunam\u00e4en tienviittoja. Kuvat: Merja M\u00e4kel\u00e4.<\/figcaption><\/figure>\n\n\n\n<p>Nime\u00e4minen aloitettiin toteamalla, ett\u00e4 alue tunnetaan Saunam\u00e4ken\u00e4. Espoon asemalta Finnooseen p\u00e4in olevan ensimm\u00e4isen m\u00e4en p\u00e4\u00e4ll\u00e4 oli n\u00e4et talo, jonka porttiin sana Saunam\u00e4ki oli taiteiltu kissaakin isommilla kirjaimilla. Paikalla oli autopys\u00e4kki, ja siit\u00e4 johti tie koko alueelle (nyt siin\u00e4 on Finnoontien eli nykyisen Espoonv\u00e4yl\u00e4n ylitt\u00e4v\u00e4 kevyen liikenteen silta ja Saunam\u00e4enkuja eli sekin on muuttunut Honkakujaksi). P\u00e4\u00e4tie nimettiin Saunam\u00e4entieksi. Sittemmin sen yhtym\u00e4kohta Finnoontielle on muutettu m\u00e4en alle.<\/p>\n\n\n\n<p>Koska itse saunan j\u00e4lkeen ovat asiassa t\u00e4rkeimm\u00e4t kiuas ja lauteet, nimettiin seuraavaksi \u201disoimmat\u201d tiet niiden mukaan. Sitten olivat vuorossa muut sauna-aiheet. Jokainen paikalle saapunut omakotiasukas hieroi \u00e4lynystyr\u00f6it\u00e4\u00e4n ja nimi\u00e4 kertyi P:n tuomalle karttapohjalle illan ja alkuy\u00f6n kuluessa niin, ett\u00e4 loppujen lopuksi oli en\u00e4\u00e4 yksi pieni tie nime\u00e4m\u00e4tt\u00e4. Joku muisti silloin, ett\u00e4 ennen vanhaan saunassa saattoi olla vain pieni tuikku.<\/p>\n\n\n\n<p>Kun t\u00e4ysin suomen- ja ruotsinkielinen B. oli jo ruotsintamassa juuri saatua nimist\u00f6\u00e4, joku muisti, ett\u00e4 er\u00e4st\u00e4 tiet\u00e4 ei voi nimet\u00e4 Vihtatieksi, koska sen varrella asuva hieman erikoinen rouva voi siit\u00e4 suuttua. Nimi n\u00e4et saattaisi tuoda mieleen vanhan vihtahousun. Ongelma selvisi sill\u00e4, ett\u00e4 \u201dkauniimman\u201d nimen tielleen saanut ehdotti vaihtoa.<\/p>\n\n\n\n<p>J\u00e4ljell\u00e4 oli en\u00e4\u00e4 pari pient\u00e4 pulmaa. Nimet oli saatava salakuljetetuksi kartalle ja merkityksi maastoon, jotteivat nime\u00e4j\u00e4t ja virkamiehet en\u00e4\u00e4 viitsisi ryhty\u00e4 vaatimaan uusia tienviittoja. Ratkaisu oli yksinkertainen. P. otti nimetyill\u00e4 teill\u00e4 varustetun kartan virastoonsa, ja siell\u00e4 se piirrettiin puhtaaksi mutisematta. Nimet t\u00e4yttiv\u00e4t vaatimukset. Ei koko p\u00e4\u00e4kaupunkiseudulla ollut posti-B:n tuoman luettelon mukaan yht\u00e4\u00e4n samanlaista. Muuan l\u00e4sn\u00e4olijoista omasi suhteita tienviittojen tekij\u00f6ihin. H\u00e4n otti urakakseen hankkia uusien nimien mukaiset viitat, jollaiset samalla tilattiin my\u00f6s Paju- ja Moreenitielle.<br><br>Kun kaupungin tienimist\u00f6ihmiset tulivat tarkastusk\u00e4ynnille, alueella oli joka ikinen viitta oikealla paikallaan. Heill\u00e4 oli muutakin tekemist\u00e4 siihen aikaan kuin ruveta ottamaan selv\u00e4\u00e4, miten ne olivat Saunam\u00e4en alueelle ilmaantuneet. Ketk\u00e4 viitat k\u00e4viv\u00e4t iltah\u00e4m\u00e4r\u00e4ss\u00e4 pystytt\u00e4m\u00e4ss\u00e4, en rohkene kertoa, sill\u00e4 jotkut heist\u00e4 saattaisivat joutua ty\u00f6paikallaan k\u00e4rsim\u00e4\u00e4n. Eih\u00e4n heill\u00e4 ollut ty\u00f6m\u00e4\u00e4r\u00e4yst\u00e4! Oli vain vilpit\u00f6n halu saada asua miss\u00e4 ennenkin, eik\u00e4 er\u00e4\u00e4n\u00e4 iltana huomata joutuneensa heitetyksi ihan vierasnimiselle seudulle.<\/p>\n\n\n\n<p>B., EE., L. ja P. ovat jo maallisten virkamiesten tavoittamattomissa. Min\u00e4, E. asun kaukana, mutta olen ylpe\u00e4 siit\u00e4, ett\u00e4 sain yhdess\u00e4 hyvien naapureiden kanssa olla s\u00e4ilytt\u00e4m\u00e4ss\u00e4 lasteni lapsuudentienoon perinteist\u00e4 nimist\u00f6\u00e4. Olosuhteet heittiv\u00e4t meid\u00e4t pois Saunam\u00e4en kotoisten nimien tuntumasta. Uudet kulkijat taivaltavat siell\u00e4 nyt. Jos ovat siell\u00e4 ihmetelleet, mist\u00e4 nimet ovat per\u00e4isin, kaikki tapahtui edell\u00e4 kerrotulla tavalla. Tuskinpa sit\u00e4 kovin moni on osannut kertoa. Meit\u00e4 y\u00f6ss\u00e4 uurastaneita ei kovin monta ollutkaan, ja oli ehk\u00e4 hyv\u00e4 vaieta. Tuli n\u00e4et toimittua hieman omavaltaisesti.<\/p>\n\n\n\n<p><br>Julkaistu \u201dSit\u00e4 kuusta kuuleminen\u2026\u201d j\u00e4senlehdess\u00e4 nro 1\/1999.<br>Keski-Espoon Pienkiinteist\u00f6yhdistys ry \u2013 Mellersta Esbo Sm\u00e5fastighetsf\u00f6rening rf<\/p>\n","protected":false},"excerpt":{"rendered":"<p>Ann-Christin Lintula Elettiin 1970-luvun ja Espoon kaupunkilaisuuden alkua. Oli p\u00e4\u00e4tetty, ett\u00e4 jokaisella espoolaiselle tuli saada osoite ja viel\u00e4 kaksikielisen\u00e4, eik\u00e4 kahta samannimist\u00e4 tiet\u00e4 tulisi olla. Tuon p\u00e4\u00e4t\u00f6ksen seurauksena Espooseen alkoi ilmaantua paitsi perinteist\u00e4 johdettua my\u00f6s mit\u00e4 kummallisinta nimist\u00f6\u00e4, jossa oli melkoisesti my\u00f6s k\u00e4\u00e4nn\u00f6shirvi\u00f6it\u00e4 ja suoranaisia virheit\u00e4kin. Asukkailta ei juuri nimist\u00f6neuvoja kyselty. He vain havaitsivat jonakin&hellip; <a class=\"more-link\" href=\"https:\/\/espoonperinneseura.net\/espoo1972\/muistoja-espoosta\/nokkeluus-pelasti-sauna-aiheiset-kadunnimet\/\">Jatka lukemista <span class=\"screen-reader-text\">Nokkeluus pelasti sauna-aiheiset kadunnimet<\/span><\/a><\/p>\n","protected":false},"author":1,"featured_media":0,"parent":302,"menu_order":113,"comment_status":"closed","ping_status":"closed","template":"","meta":{"_eb_attr":"","_exactmetrics_skip_tracking":false,"_exactmetrics_sitenote_active":false,"_exactmetrics_sitenote_note":"","_exactmetrics_sitenote_category":0,"footnotes":""},"class_list":["post-2353","page","type-page","status-publish","hentry","entry"],"_links":{"self":[{"href":"https:\/\/espoonperinneseura.net\/espoo1972\/wp-json\/wp\/v2\/pages\/2353","targetHints":{"allow":["GET"]}}],"collection":[{"href":"https:\/\/espoonperinneseura.net\/espoo1972\/wp-json\/wp\/v2\/pages"}],"about":[{"href":"https:\/\/espoonperinneseura.net\/espoo1972\/wp-json\/wp\/v2\/types\/page"}],"author":[{"embeddable":true,"href":"https:\/\/espoonperinneseura.net\/espoo1972\/wp-json\/wp\/v2\/users\/1"}],"replies":[{"embeddable":true,"href":"https:\/\/espoonperinneseura.net\/espoo1972\/wp-json\/wp\/v2\/comments?post=2353"}],"version-history":[{"count":3,"href":"https:\/\/espoonperinneseura.net\/espoo1972\/wp-json\/wp\/v2\/pages\/2353\/revisions"}],"predecessor-version":[{"id":2383,"href":"https:\/\/espoonperinneseura.net\/espoo1972\/wp-json\/wp\/v2\/pages\/2353\/revisions\/2383"}],"up":[{"embeddable":true,"href":"https:\/\/espoonperinneseura.net\/espoo1972\/wp-json\/wp\/v2\/pages\/302"}],"wp:attachment":[{"href":"https:\/\/espoonperinneseura.net\/espoo1972\/wp-json\/wp\/v2\/media?parent=2353"}],"curies":[{"name":"wp","href":"https:\/\/api.w.org\/{rel}","templated":true}]}}