{"id":2484,"date":"2022-04-18T08:38:55","date_gmt":"2022-04-18T05:38:55","guid":{"rendered":"https:\/\/espoonperinneseura.net\/espoo1972\/?page_id=2484"},"modified":"2022-04-18T09:18:36","modified_gmt":"2022-04-18T06:18:36","slug":"kaupungin-hallinto-1970-luvulla","status":"publish","type":"page","link":"https:\/\/espoonperinneseura.net\/espoo1972\/kasvu-kaupungiksi\/kaupungin-hallinto-1970-luvulla\/","title":{"rendered":"Kaupungin hallinto 1970-luvulla"},"content":{"rendered":"\n<p><em>Esko Uotila<\/em><\/p>\n\n\n\n<p>Vuoden 1972 alussa kaupungiksi tullutta Espoota alettiin kehitt\u00e4\u00e4 nopeasti kasvavan kaupungin vaatimusten mukaisesti. Samalla torjuttiin suunnitelmat Espoon it\u00e4isten osien liitt\u00e4misest\u00e4 Helsinkiin.<\/p>\n\n\n\n<p>Kaupunginvaltuuston juhlaistunnossa 1.1.1972 p\u00e4\u00e4tettiin kehitt\u00e4\u00e4 Espoota nelj\u00e4n aluekeskuksen pohjalta. Muuralasta tehtiin hallintokeskus, ja muut aluekeskukset olivat Lepp\u00e4vaara, Tapiola ja Kivenlahti. Juhlaistunnossa tehtiin my\u00f6s p\u00e4\u00e4t\u00f6kset asuntorakentamisesta, teiden valaistuksesta, osoitteen m\u00e4\u00e4rittelyst\u00e4 kaikille espoolaisille ja kulttuurikeskuksen rakentamisesta.<\/p>\n\n\n\n<p>Kunnallisvaaleissa lokakuussa 1972 valittiin kaupunginvaltuuston j\u00e4senet 1.1.1973 alkaneelle valtuustokaudelle. Vaaleissa sosiaalidemokraatit s\u00e4ilyttiv\u00e4t suurimman puolueen asemansa 16 valtuustopaikalla. Kokoomus sai valtuustoon 15 edustajaa. SKDL sai kahdeksan, liberaalit seitsem\u00e4n ja RKP kuusi paikkaa sek\u00e4 keskustapuolue yhden paikan.<\/p>\n\n\n\n<p>Seuraavassa taulukossa valtuutettujen nimet ovat puolueittain \u00e4\u00e4nim\u00e4\u00e4r\u00e4n mukaisessa j\u00e4rjestyksess\u00e4.<\/p>\n\n\n<p class=\"has-large-font-size\" style=\"margin-left: 50px;\">Espoon valtuutetut 1973<\/p>\n<div style=\"margin: 0 0 0 50px; min-width: 325px; max-width: 450px; vertical-align: top; float: left;\">\n<p style=\"font-family: Arial, Helvetica, sans-serif; font-size: 16px;\"><strong>Sosiaalidemokraatit<\/strong><\/p>\n<p style=\"font-family: Arial, Helvetica, sans-serif; font-size: 15px;\">Kaisa Raatikainen<br>Sinikka Luja-Veps\u00e4<br>Kaarlo af Heurlin<br>Mikko Laaksonen<br>Antti Moisio<br>Veikko Kaljunen<br>Lars-Erik Gerkman<br>Per Bj\u00f6rklund<br>Keijo Alho<br>Martti Tieaho<br>Kauko Pesonen<br>Kalevi Olkkonen<br>Armas Kaivanto<br>Matti Laurikainen<br>Erkki Harmaanen<br>Ulla Virtanen<\/p>\n<p style=\"font-family: Arial, Helvetica, sans-serif; font-size: 16px;\"><strong>Kokoomus<\/strong><\/p>\n<p style=\"font-family: Arial, Helvetica, sans-serif; font-size: 15px;\">Elsi Hetem\u00e4ki<br>Antero Salmenkivi<br>Jalmari Torikka<br>Erik Olander<br>Tauno Kohonen<br>Ritva Salmenkivi<br>Leena Aarnio<br>Erkki H\u00e4m\u00e4l\u00e4inen<br>Jorma Puustinen<br>Jouni J. S\u00e4rkij\u00e4rvi<br>Pauli Eiranen<br>Arvo Relander<br>Marjatta Forssen<br>Hannu Aalto<br>Marja Viljamaa<\/p>\n<\/div>\n<div style=\"margin: 0 0 0 50px; min-width: 300px; max-width: 450px; vertical-align: top; float: left;\">\n<p style=\"font-family: Arial, Helvetica, sans-serif; font-size: 16px;\"><strong>Kansandemokraatit<\/strong><\/p>\n<p style=\"font-family: Arial, Helvetica, sans-serif; font-size: 15px;\">Lauri Kantola<br>Timo Bergholm<br>Marja-Liisa L\u00f6yttyj\u00e4rvi<br>Eila Esko<br>Ester Sinisalo<br>Olavi Mustonen<br>Pertti Kovacs<br>Matti Juslin<\/p>\n<p style=\"font-family: Arial, Helvetica, sans-serif; font-size: 16px;\"><strong>Liberaalit<\/strong><\/p>\n<p style=\"font-family: Arial, Helvetica, sans-serif; font-size: 15px;\">Pekka Tarjanne<br>Seppo Westerlund<br>Ella Hypp\u00e4nen<br>Eila Aro<br>Rolf Koskinen<br>M. J. Olavi Holmstr\u00f6m<br>Pekka Kontu<\/p>\n<p style=\"font-family: Arial, Helvetica, sans-serif; font-size: 16px;\"><strong>Ruotsalaiset<\/strong><\/p>\n<p style=\"font-family: Arial, Helvetica, sans-serif; font-size: 15px;\">Bj\u00f6rn Immonen<br>M\u00e5rten Weurlander<br>Ebba Aschan<br>Per-Johan Aschan<br>Holger Thilman<br>Robert H. Lindberg<\/p>\n<p style=\"font-family: Arial, Helvetica, sans-serif; font-size: 16px;\"><strong>Keskustapuolue<\/strong><\/p>\n<p style=\"font-family: Arial, Helvetica, sans-serif; font-size: 15px;\">Mikko Immonen<\/p>\n<\/div>\n<div style=\"clear: both; height: 0px; padding: 0px;\">&nbsp;<\/div>\n\n\n<p>Vuonna 1972 valtuustoon valittu Jouni J. S\u00e4rkij\u00e4rvi jatkaa edelleen valtuustossa ja toimii nykyisin kaupunkisuunnittelulautakunnan puheenjohtajana.<\/p>\n\n\n\n<p>Vuosikymmenen p\u00e4\u00e4tteeksi kaupunginvaltuusto piti ensimm\u00e4isen istuntonsa uudessa valtuustotalossa 11.4.1979. Siihen asti valtuusto oli kokoontunut Pit\u00e4j\u00e4ntuvassa, Lagstadin koulussa ja Lepp\u00e4vaaran ammattikoulun juhlasalissa ja vuodesta 1977 alkaen Kaupunkiopistolla Kivenlahdessa.<\/p>\n\n\n\n<p>Espoon ensimm\u00e4inen kaupunginjohtaja oli Teppo Tiihonen, joka oli toiminut kauppalanjohtajana vuodesta 1963 alkaen. H\u00e4nen aikanaan rakennettiin suuria kerrostaloalueita muun muassa Suvelaan, Olariin, Matinkyl\u00e4\u00e4n, Soukkaan ja Kivenlahteen. Aluekeskuksiin ja aluerakentamiseen perustuva kaupunkirakenne vahvistui. Tiihonen osallistui p\u00e4\u00e4kaupunkiseudun yhteisty\u00f6toimikunnan, my\u00f6hemmin yhteisty\u00f6valtuuskunta, perustamiseen vuonna 1970. H\u00e4n toimi Espoon kaupunginjohtajana vuoden 1984 loppuun. H\u00e4nen j\u00e4lkeens\u00e4 virkaan astui Pekka L\u00f6yttyniemi.<\/p>\n\n\n\n<p>Kaupunginjohtaja toimi kaupunginhallituksen puheenjohtajana aina vuoteen 1977, jolloin uuden kunnallislain my\u00f6t\u00e4 kunnanhallituksen puheenjohtajuus siirtyi kaupunginjohtajalta luottamushenkil\u00f6ille. Espoon ensimm\u00e4inen luottamushenkil\u00f6 kaupunginhallituksen puheenjohtajana oli Olli M\u00e4nnikk\u00f6. H\u00e4n oli Espoon kaupunginvaltuuston j\u00e4sen vuosina 1977-2000. Nykyisin h\u00e4n toimii Espoon vanhusneuvoston puheenjohtajana.<\/p>\n\n\n\n<p>Toimialat jaettiin kuuteen hallintokuntaan, ja niille nimettiin hallintojohtajat poliittisin perusteiden. Teknisen toimen johtoon valittiin Ilppo Aarnio (kok), opetus- ja sivistystoimeen Mauri Alasaari (lib), kiinteist\u00f6toimeen Jaakko J\u00e4rvinen (skdl), maank\u00e4ytt\u00f6toimeen Hans Korsb\u00e4ck ja sosiaali- ja terveystoimeen Veikko Rantala (sdp) ja vuodesta 1974 alkaen Antti Moisio (sdp). My\u00f6hemmin hallintojohtajat nimettiin apulaiskaupunginjohtajiksi.<\/p>\n\n\n\n<p>L\u00e4hteit\u00e4:<\/p>\n\n\n\n<p>Reima T.A. Luoto: Espoo &#8211; kasvun n\u00e4kij\u00e4t ja tekij\u00e4t : Espoon viisi vuosikymment\u00e4 1950-2000. Espoon kaupunginmuseo 2004.<\/p>\n\n\n\n<p>HS Aikakone <a rel=\"noreferrer noopener\" href=\"https:\/\/www.hs.fi\/aikakone\/\" target=\"_blank\">https:\/\/www.hs.fi\/aikakone\/<\/a><\/p>\n","protected":false},"excerpt":{"rendered":"<p>Esko Uotila Vuoden 1972 alussa kaupungiksi tullutta Espoota alettiin kehitt\u00e4\u00e4 nopeasti kasvavan kaupungin vaatimusten mukaisesti. Samalla torjuttiin suunnitelmat Espoon it\u00e4isten osien liitt\u00e4misest\u00e4 Helsinkiin. Kaupunginvaltuuston juhlaistunnossa 1.1.1972 p\u00e4\u00e4tettiin kehitt\u00e4\u00e4 Espoota nelj\u00e4n aluekeskuksen pohjalta. Muuralasta tehtiin hallintokeskus, ja muut aluekeskukset olivat Lepp\u00e4vaara, Tapiola ja Kivenlahti. Juhlaistunnossa tehtiin my\u00f6s p\u00e4\u00e4t\u00f6kset asuntorakentamisesta, teiden valaistuksesta, osoitteen m\u00e4\u00e4rittelyst\u00e4 kaikille espoolaisille ja&hellip; <a class=\"more-link\" href=\"https:\/\/espoonperinneseura.net\/espoo1972\/kasvu-kaupungiksi\/kaupungin-hallinto-1970-luvulla\/\">Jatka lukemista <span class=\"screen-reader-text\">Kaupungin hallinto 1970-luvulla<\/span><\/a><\/p>\n","protected":false},"author":1,"featured_media":0,"parent":298,"menu_order":88,"comment_status":"closed","ping_status":"closed","template":"","meta":{"_eb_attr":"","_exactmetrics_skip_tracking":false,"_exactmetrics_sitenote_active":false,"_exactmetrics_sitenote_note":"","_exactmetrics_sitenote_category":0,"footnotes":""},"class_list":["post-2484","page","type-page","status-publish","hentry","entry"],"_links":{"self":[{"href":"https:\/\/espoonperinneseura.net\/espoo1972\/wp-json\/wp\/v2\/pages\/2484","targetHints":{"allow":["GET"]}}],"collection":[{"href":"https:\/\/espoonperinneseura.net\/espoo1972\/wp-json\/wp\/v2\/pages"}],"about":[{"href":"https:\/\/espoonperinneseura.net\/espoo1972\/wp-json\/wp\/v2\/types\/page"}],"author":[{"embeddable":true,"href":"https:\/\/espoonperinneseura.net\/espoo1972\/wp-json\/wp\/v2\/users\/1"}],"replies":[{"embeddable":true,"href":"https:\/\/espoonperinneseura.net\/espoo1972\/wp-json\/wp\/v2\/comments?post=2484"}],"version-history":[{"count":17,"href":"https:\/\/espoonperinneseura.net\/espoo1972\/wp-json\/wp\/v2\/pages\/2484\/revisions"}],"predecessor-version":[{"id":2504,"href":"https:\/\/espoonperinneseura.net\/espoo1972\/wp-json\/wp\/v2\/pages\/2484\/revisions\/2504"}],"up":[{"embeddable":true,"href":"https:\/\/espoonperinneseura.net\/espoo1972\/wp-json\/wp\/v2\/pages\/298"}],"wp:attachment":[{"href":"https:\/\/espoonperinneseura.net\/espoo1972\/wp-json\/wp\/v2\/media?parent=2484"}],"curies":[{"name":"wp","href":"https:\/\/api.w.org\/{rel}","templated":true}]}}