{"id":2802,"date":"2022-06-04T13:32:18","date_gmt":"2022-06-04T10:32:18","guid":{"rendered":"https:\/\/espoonperinneseura.net\/espoo1972\/?page_id=2802"},"modified":"2022-08-14T08:31:24","modified_gmt":"2022-08-14T05:31:24","slug":"taulu-6","status":"publish","type":"page","link":"https:\/\/espoonperinneseura.net\/espoo1972\/historiapolku\/taulu-6\/","title":{"rendered":"Historiapolku: Albergan kartanon Musta ja Valkea rouva"},"content":{"rendered":"<div style=\"width: 100%;\">\n<div style=\"float: right; max-width: 35%;\"><a href=\"https:\/\/espoonperinneseura.net\/espoo1972\/historiapolku\/\"><img loading=\"lazy\" decoding=\"async\" class=\"alignright size-medium wp-image-3607\" style=\"float: right; width: 100%; height: auto;\" src=\"https:\/\/espoonperinneseura.net\/espoo1972\/wp-content\/uploads\/2022\/07\/Historiapolun-alkuun-300x38.jpg\" alt=\"\" width=\"200\" height=\"26\" srcset=\"https:\/\/espoonperinneseura.net\/espoo1972\/wp-content\/uploads\/2022\/07\/Historiapolun-alkuun-300x38.jpg 300w, https:\/\/espoonperinneseura.net\/espoo1972\/wp-content\/uploads\/2022\/07\/Historiapolun-alkuun-1024x131.jpg 1024w, https:\/\/espoonperinneseura.net\/espoo1972\/wp-content\/uploads\/2022\/07\/Historiapolun-alkuun-768x99.jpg 768w, https:\/\/espoonperinneseura.net\/espoo1972\/wp-content\/uploads\/2022\/07\/Historiapolun-alkuun-1536x197.jpg 1536w, https:\/\/espoonperinneseura.net\/espoo1972\/wp-content\/uploads\/2022\/07\/Historiapolun-alkuun-2048x263.jpg 2048w, https:\/\/espoonperinneseura.net\/espoo1972\/wp-content\/uploads\/2022\/07\/Historiapolun-alkuun-1568x201.jpg 1568w\" sizes=\"auto, (max-width: 200px) 100vw, 200px\" \/><\/a><\/div>\n<p><em>Leena Yrj\u00f6l\u00e4<\/em><\/p>\n<\/div>\n\n\n<p>Aivan Lepp\u00e4vaaran keskustassa sijaitsee punertava Albergan kartano eli Sokerilinna. Kuningas lahjoitti kartanon alueineen 1622 Johan Gylden\u00e4rille. T\u00f6\u00f6l\u00f6n sokeritehtaan omistaja Feodor Kiseleff rakennutti Albergan nykyisen p\u00e4\u00e4rakennuksen kes\u00e4huvilaksi 1870-luvulla Frans Caloniuksen piirustusten mukaan, osin sokerilaatikoissa k\u00e4ytetyst\u00e4 puutavarasta. Siit\u00e4 kartano sai kutsumanimens\u00e4. <\/p>\n\n\n\n<p>My\u00f6hemmin kartanon omistivat Sl\u00f6\u00f6rit ja siin\u00e4 asui mm. Akseli Gallen-Kallela perheineen. Kartano p\u00e4\u00e4tyi Helsingin kaupungin omistukseen ja sen purkamista suunniteltiin 1980-luvulla huonokuntoisuuden vuoksi. Asukkaiden vastustus kuitenkin kaatoi purkuhankkeen, ja kartano restauroitiin ja kunnostettiin Espoon kulttuuritoimen k\u00e4ytt\u00f6\u00f6n.<\/p>\n\n\n\n<p>Albergan kartanossa kummittelee! Sisarukset Amalia Kiseleff, Musta rouva, ja h\u00e4nen sisarensa Emma Ehrst\u00f6m eli Valkea rouva viihtyiv\u00e4t kes\u00e4kartanossa niin hyvin, etteiv\u00e4t halunneet j\u00e4tt\u00e4\u00e4 sit\u00e4 koskaan. Piiat, kokit ja remonttimiehet s\u00e4ikkyiv\u00e4t kiukkuista Mustaa rouvaa tai lempe\u00e4\u00e4 Valkeaa rouvaa.<br>Lis\u00e4\u00e4 asiasta: <a href=\"https:\/\/espoonperinneseura.net\/perinnetietoa\/kummitustarinoita\/albergan-kartanon-kummitukset\/\">Albergan kartanon kummitukset<\/a><\/p>\n\n\n<div class=\"wp-block-image size-large wp-image-2905\">\n<figure class=\"aligncenter is-resized\"><img loading=\"lazy\" decoding=\"async\" src=\"https:\/\/espoonperinneseura.net\/espoo1972\/wp-content\/uploads\/2022\/06\/Kuva1-1-1024x925.jpg\" alt=\"\" class=\"wp-image-2905\" width=\"768\" height=\"694\" srcset=\"https:\/\/espoonperinneseura.net\/espoo1972\/wp-content\/uploads\/2022\/06\/Kuva1-1-1024x925.jpg 1024w, https:\/\/espoonperinneseura.net\/espoo1972\/wp-content\/uploads\/2022\/06\/Kuva1-1-300x271.jpg 300w, https:\/\/espoonperinneseura.net\/espoo1972\/wp-content\/uploads\/2022\/06\/Kuva1-1-768x694.jpg 768w, https:\/\/espoonperinneseura.net\/espoo1972\/wp-content\/uploads\/2022\/06\/Kuva1-1-1536x1388.jpg 1536w, https:\/\/espoonperinneseura.net\/espoo1972\/wp-content\/uploads\/2022\/06\/Kuva1-1-2048x1851.jpg 2048w, https:\/\/espoonperinneseura.net\/espoo1972\/wp-content\/uploads\/2022\/06\/Kuva1-1-1568x1417.jpg 1568w\" sizes=\"auto, (max-width: 768px) 100vw, 768px\" \/><figcaption>Kiseleffin pariskunta, Amalia ja sokeritehtailija Feodor Albergin kartanonsa edess\u00e4, jossa sanotaan kummittelevan. Amalia Kiseleff on kummitteleva, v\u00e4h\u00e4n \u00e4k\u00e4inen Musta rouva. Kuva: Leena Yrj\u00f6l\u00e4<\/figcaption><\/figure>\n<\/div>\n\n<div class=\"wp-block-image size-large wp-image-2919\">\n<figure class=\"aligncenter is-resized\"><img loading=\"lazy\" decoding=\"async\" src=\"https:\/\/espoonperinneseura.net\/espoo1972\/wp-content\/uploads\/2022\/06\/20201001_8293albergan-kartvalo-753x1024.jpg\" alt=\"\" class=\"wp-image-2919\" width=\"565\" height=\"768\" srcset=\"https:\/\/espoonperinneseura.net\/espoo1972\/wp-content\/uploads\/2022\/06\/20201001_8293albergan-kartvalo-753x1024.jpg 753w, https:\/\/espoonperinneseura.net\/espoo1972\/wp-content\/uploads\/2022\/06\/20201001_8293albergan-kartvalo-221x300.jpg 221w, https:\/\/espoonperinneseura.net\/espoo1972\/wp-content\/uploads\/2022\/06\/20201001_8293albergan-kartvalo-768x1044.jpg 768w, https:\/\/espoonperinneseura.net\/espoo1972\/wp-content\/uploads\/2022\/06\/20201001_8293albergan-kartvalo-1129x1536.jpg 1129w, https:\/\/espoonperinneseura.net\/espoo1972\/wp-content\/uploads\/2022\/06\/20201001_8293albergan-kartvalo-1506x2048.jpg 1506w, https:\/\/espoonperinneseura.net\/espoo1972\/wp-content\/uploads\/2022\/06\/20201001_8293albergan-kartvalo-1568x2132.jpg 1568w, https:\/\/espoonperinneseura.net\/espoo1972\/wp-content\/uploads\/2022\/06\/20201001_8293albergan-kartvalo-scaled.jpg 1882w\" sizes=\"auto, (max-width: 565px) 100vw, 565px\" \/><figcaption>T\u00e4\u00e4ll\u00e4 kenties Valkea rouva kiertelee katsomassa, mit\u00e4 Espoon kulttuuritoimessa touhutaan.<\/figcaption><\/figure>\n<\/div>","protected":false},"excerpt":{"rendered":"<p>Leena Yrj\u00f6l\u00e4 Aivan Lepp\u00e4vaaran keskustassa sijaitsee punertava Albergan kartano eli Sokerilinna. Kuningas lahjoitti kartanon alueineen 1622 Johan Gylden\u00e4rille. T\u00f6\u00f6l\u00f6n sokeritehtaan omistaja Feodor Kiseleff rakennutti Albergan nykyisen p\u00e4\u00e4rakennuksen kes\u00e4huvilaksi 1870-luvulla Frans Caloniuksen piirustusten mukaan, osin sokerilaatikoissa k\u00e4ytetyst\u00e4 puutavarasta. Siit\u00e4 kartano sai kutsumanimens\u00e4. My\u00f6hemmin kartanon omistivat Sl\u00f6\u00f6rit ja siin\u00e4 asui mm. Akseli Gallen-Kallela perheineen. Kartano p\u00e4\u00e4tyi Helsingin&hellip; <a class=\"more-link\" href=\"https:\/\/espoonperinneseura.net\/espoo1972\/historiapolku\/taulu-6\/\">Jatka lukemista <span class=\"screen-reader-text\">Historiapolku: Albergan kartanon Musta ja Valkea rouva<\/span><\/a><\/p>\n","protected":false},"author":1,"featured_media":0,"parent":2734,"menu_order":51,"comment_status":"closed","ping_status":"closed","template":"","meta":{"_eb_attr":"","_exactmetrics_skip_tracking":false,"_exactmetrics_sitenote_active":false,"_exactmetrics_sitenote_note":"","_exactmetrics_sitenote_category":0,"footnotes":""},"class_list":["post-2802","page","type-page","status-publish","hentry","entry"],"_links":{"self":[{"href":"https:\/\/espoonperinneseura.net\/espoo1972\/wp-json\/wp\/v2\/pages\/2802","targetHints":{"allow":["GET"]}}],"collection":[{"href":"https:\/\/espoonperinneseura.net\/espoo1972\/wp-json\/wp\/v2\/pages"}],"about":[{"href":"https:\/\/espoonperinneseura.net\/espoo1972\/wp-json\/wp\/v2\/types\/page"}],"author":[{"embeddable":true,"href":"https:\/\/espoonperinneseura.net\/espoo1972\/wp-json\/wp\/v2\/users\/1"}],"replies":[{"embeddable":true,"href":"https:\/\/espoonperinneseura.net\/espoo1972\/wp-json\/wp\/v2\/comments?post=2802"}],"version-history":[{"count":15,"href":"https:\/\/espoonperinneseura.net\/espoo1972\/wp-json\/wp\/v2\/pages\/2802\/revisions"}],"predecessor-version":[{"id":3909,"href":"https:\/\/espoonperinneseura.net\/espoo1972\/wp-json\/wp\/v2\/pages\/2802\/revisions\/3909"}],"up":[{"embeddable":true,"href":"https:\/\/espoonperinneseura.net\/espoo1972\/wp-json\/wp\/v2\/pages\/2734"}],"wp:attachment":[{"href":"https:\/\/espoonperinneseura.net\/espoo1972\/wp-json\/wp\/v2\/media?parent=2802"}],"curies":[{"name":"wp","href":"https:\/\/api.w.org\/{rel}","templated":true}]}}