{"id":3169,"date":"2022-07-16T08:00:15","date_gmt":"2022-07-16T05:00:15","guid":{"rendered":"https:\/\/espoonperinneseura.net\/espoo1972\/?page_id=3169"},"modified":"2022-08-20T19:31:04","modified_gmt":"2022-08-20T16:31:04","slug":"koulutus-espoossa-1990-luvulla","status":"publish","type":"page","link":"https:\/\/espoonperinneseura.net\/espoo1972\/koulutus-espoossa-1990-luvulla\/","title":{"rendered":"Koulutus Espoossa 1990-luvulla"},"content":{"rendered":"<!-- Added by Post\/Page Specific Custom Code plugin, thank you for using! -->\n<style>.entry-title,  .entry-header {\r\n\tdisplay: none;\r\n}<\/style>\n<h5>Koulutuksen kehittyminen Espoossa\u00a0\u00a0\u00a0\u00a0\u00a0\u00a0\u00a0\u00a0<a href=\"https:\/\/espoonperinneseura.net\/espoo1972\/koulutus-espoossa-1970-2020\/\">Kansisivulle<\/a><\/h5>\r\n\r\n<div style=\"margin: auto;\">\r\n<div class=\"btn\"><a class=\"btn-text\" style=\"color: #000;\" href=\"https:\/\/espoonperinneseura.net\/espoo1972\/koulutus-espoossa-1970-luvulla\/\">1970-luku<\/a><\/div>\r\n<div class=\"btn\"><a class=\"btn-text\" style=\"color: #000;\" href=\"https:\/\/espoonperinneseura.net\/espoo1972\/koulutus-espoossa-1980-luvulla\/\">1980-luku<\/a><\/div>\r\n<div class=\"btn\"><a class=\"btn-text\" style=\"color: #fff;\" href=\"https:\/\/espoonperinneseura.net\/espoo1972\/koulutus-espoossa-1990-luvulla\/\">1990-luku<\/a><\/div>\r\n<div class=\"btn\"><a class=\"btn-text\" style=\"color: #000;\" href=\"https:\/\/espoonperinneseura.net\/espoo1972\/koulutus-espoossa-2000-luvulla\/\">2000-luku<\/a><\/div>\r\n<div class=\"btn\"><a class=\"btn-text\" style=\"color: #000;\" href=\"https:\/\/espoonperinneseura.net\/espoo1972\/koulutus-espoossa-2010-luvulla\/\">2010-luku<\/a><\/div>\r\n<div class=\"btn\"><a class=\"btn-text\" style=\"color: #000;\" href=\"https:\/\/espoonperinneseura.net\/espoo1972\/koulutus-espoossa-2020-luvulla\/\">2020-luku<\/a><\/div>\r\n<\/div>\r\n\r\n\r\n\r\n<h3 style=\"clear: both; padding-top: 25px;\">Koulutus Espoossa 1990-luvulla<\/h3>\r\n<p><em>Martti Hellstr\u00f6m ja Marjatta Kuitunen<\/em><\/p>\r\n<p style=\"clear: both;\"><strong>Dramaattinen 1990-luku <\/strong><br \/><strong>Espookin sy\u00f6ksyy lamaan <\/strong><br \/><strong>Koulutuksen ala- ja yl\u00f6snousemus<\/strong><\/p>\r\n<p><a href=\"https:\/\/espoonperinneseura.net\/espoo1972\/1990-luvun-lama-ja-luovuus-kouluissa\/\">1990-luvun lama ja luovuus kouluissa<\/a><\/p>\r\n<p style=\"display: none;\">Vammaisetkin p\u00e4\u00e4siv\u00e4t kouluun (1997)<\/p>\r\n<p style=\"display: none;\">Espooseen Montessorikoulu<\/p>\r\n<p><a href=\"https:\/\/espoonperinneseura.net\/espoo1972\/englanninkielinen-opetus\/\">Englanninkielinen opetus alkaa Espoossa<\/a><\/p>\r\n<p><a href=\"https:\/\/espoonperinneseura.net\/espoo1972\/koulutus-espoossa-1990-luvulla\/esiopetus-espoossa\/\">Esiopetusta Espoossa p\u00e4iv\u00e4kodeissa ja kouluissa<\/a><\/p>\r\n<p><a href=\"https:\/\/espoonperinneseura.net\/espoo1972\/koulutus-espoossa-1990-luvulla\/ammattikorkeakoulu\/\">Espoo p\u00e4\u00e4si mukaan ammattikorkeakouluun<\/a><\/p>\r\n<p><a href=\"https:\/\/espoonperinneseura.net\/espoo1972\/koulutus-espoossa-1990-luvulla\/kristillinen-koulu\/\">Espooseen oma kristillinen koulu<\/a><\/p>\r\n<p><a href=\"https:\/\/espoonperinneseura.net\/espoo1972\/koulutus-espoossa-1990-luvulla\/steinerkoulu\/\">Espooseen yksityiskoulu: Steinerkoulu<\/a><\/p>\r\n<p><a href=\"https:\/\/espoonperinneseura.net\/espoo1972\/koulutus-espoossa-1990-luvulla\/kesaleirit\/\">Hienoista kes\u00e4leireist\u00e4 luovuttiin 1990-luvun alussa<\/a><\/p>\r\n<p><a href=\"https:\/\/espoonperinneseura.net\/espoo1972\/koulutus-espoossa-1990-luvulla\/map-1000-toimittajan-lehti\/\">Map \u2013 Tuhannen toimittajan lehti<\/a><\/p>\r\n<p><a href=\"https:\/\/espoonperinneseura.net\/espoo1972\/koulutus-espoossa-1990-luvulla\/taiteen-perusopetus\/\">Taiteen perusopetus k\u00e4ynnistyi<\/a><\/p>\r\n<p><img loading=\"lazy\" decoding=\"async\" class=\"alignnone size-large wp-image-3924\" src=\"https:\/\/espoonperinneseura.net\/espoo1972\/wp-content\/uploads\/2022\/08\/E90Kuva-1024x779.png\" alt=\"\" width=\"750\" height=\"571\" srcset=\"https:\/\/espoonperinneseura.net\/espoo1972\/wp-content\/uploads\/2022\/08\/E90Kuva-1024x779.png 1024w, https:\/\/espoonperinneseura.net\/espoo1972\/wp-content\/uploads\/2022\/08\/E90Kuva-300x228.png 300w, https:\/\/espoonperinneseura.net\/espoo1972\/wp-content\/uploads\/2022\/08\/E90Kuva-768x585.png 768w, https:\/\/espoonperinneseura.net\/espoo1972\/wp-content\/uploads\/2022\/08\/E90Kuva.png 1080w\" sizes=\"auto, (max-width: 750px) 100vw, 750px\" \/><\/p>\r\n<p>&nbsp;<\/p>\r\n","protected":false},"excerpt":{"rendered":"<p>Koulutuksen kehittyminen Espoossa\u00a0\u00a0\u00a0\u00a0\u00a0\u00a0\u00a0\u00a0Kansisivulle 1970-luku 1980-luku 1990-luku 2000-luku 2010-luku 2020-luku Koulutus Espoossa 1990-luvulla Martti Hellstr\u00f6m ja Marjatta Kuitunen Dramaattinen 1990-luku Espookin sy\u00f6ksyy lamaan Koulutuksen ala- ja yl\u00f6snousemus 1990-luvun lama ja luovuus kouluissa Vammaisetkin p\u00e4\u00e4siv\u00e4t kouluun (1997) Espooseen Montessorikoulu Englanninkielinen opetus alkaa Espoossa Esiopetusta Espoossa p\u00e4iv\u00e4kodeissa ja kouluissa Espoo p\u00e4\u00e4si mukaan ammattikorkeakouluun Espooseen oma kristillinen koulu Espooseen&hellip; <a class=\"more-link\" href=\"https:\/\/espoonperinneseura.net\/espoo1972\/koulutus-espoossa-1990-luvulla\/\">Jatka lukemista <span class=\"screen-reader-text\">Koulutus Espoossa 1990-luvulla<\/span><\/a><\/p>\n","protected":false},"author":1,"featured_media":0,"parent":0,"menu_order":40,"comment_status":"closed","ping_status":"closed","template":"","meta":{"_eb_attr":"","_exactmetrics_skip_tracking":false,"_exactmetrics_sitenote_active":false,"_exactmetrics_sitenote_note":"","_exactmetrics_sitenote_category":0,"footnotes":""},"class_list":["post-3169","page","type-page","status-publish","hentry","entry"],"_links":{"self":[{"href":"https:\/\/espoonperinneseura.net\/espoo1972\/wp-json\/wp\/v2\/pages\/3169","targetHints":{"allow":["GET"]}}],"collection":[{"href":"https:\/\/espoonperinneseura.net\/espoo1972\/wp-json\/wp\/v2\/pages"}],"about":[{"href":"https:\/\/espoonperinneseura.net\/espoo1972\/wp-json\/wp\/v2\/types\/page"}],"author":[{"embeddable":true,"href":"https:\/\/espoonperinneseura.net\/espoo1972\/wp-json\/wp\/v2\/users\/1"}],"replies":[{"embeddable":true,"href":"https:\/\/espoonperinneseura.net\/espoo1972\/wp-json\/wp\/v2\/comments?post=3169"}],"version-history":[{"count":28,"href":"https:\/\/espoonperinneseura.net\/espoo1972\/wp-json\/wp\/v2\/pages\/3169\/revisions"}],"predecessor-version":[{"id":4010,"href":"https:\/\/espoonperinneseura.net\/espoo1972\/wp-json\/wp\/v2\/pages\/3169\/revisions\/4010"}],"wp:attachment":[{"href":"https:\/\/espoonperinneseura.net\/espoo1972\/wp-json\/wp\/v2\/media?parent=3169"}],"curies":[{"name":"wp","href":"https:\/\/api.w.org\/{rel}","templated":true}]}}