{"id":3310,"date":"2022-07-16T13:17:06","date_gmt":"2022-07-16T10:17:06","guid":{"rendered":"https:\/\/espoonperinneseura.net\/espoo1972\/?page_id=3310"},"modified":"2022-08-05T08:11:32","modified_gmt":"2022-08-05T05:11:32","slug":"peruskouluuun-valmistautuminen","status":"publish","type":"page","link":"https:\/\/espoonperinneseura.net\/espoo1972\/koulutus-espoossa-1970-luvulla\/peruskouluuun-valmistautuminen\/","title":{"rendered":"Peruskouluun valmistautuminen"},"content":{"rendered":"<!-- Added by Post\/Page Specific Custom Code plugin, thank you for using! -->\n<style>.entry-title,  .entry-header {\r\n\tdisplay: none;\r\n}<\/style>\n<h5>Koulutuksen kehittyminen Espoossa\u00a0\u00a0\u00a0\u00a0\u00a0\u00a0\u00a0\u00a0<a href=\"https:\/\/espoonperinneseura.net\/espoo1972\/koulutus-espoossa-1970-2020\/\">Kansisivulle<\/a><\/h5>\r\n\r\n<div style=\"margin: auto;\">\r\n<div class=\"btn\"><a class=\"btn-text\" style=\"color: #fff;\" href=\"https:\/\/espoonperinneseura.net\/espoo1972\/koulutus-espoossa-1970-luvulla\/\">1970-luku<\/a><\/div>\r\n<div class=\"btn\"><a class=\"btn-text\" style=\"color: #000;\" href=\"https:\/\/espoonperinneseura.net\/espoo1972\/koulutus-espoossa-1980-luvulla\/\">1980-luku<\/a><\/div>\r\n<div class=\"btn\"><a class=\"btn-text\" style=\"color: #000;\" href=\"https:\/\/espoonperinneseura.net\/espoo1972\/koulutus-espoossa-1990-luvulla\/\">1990-luku<\/a><\/div>\r\n<div class=\"btn\"><a class=\"btn-text\" style=\"color: #000;\" href=\"https:\/\/espoonperinneseura.net\/espoo1972\/koulutus-espoossa-2000-luvulla\/\">2000-luku<\/a><\/div>\r\n<div class=\"btn\"><a class=\"btn-text\" style=\"color: #000;\" href=\"https:\/\/espoonperinneseura.net\/espoo1972\/koulutus-espoossa-2010-luvulla\/\">2010-luku<\/a><\/div>\r\n<div class=\"btn\"><a class=\"btn-text\" style=\"color: #000;\" href=\"https:\/\/espoonperinneseura.net\/espoo1972\/koulutus-espoossa-2020-luvulla\/\">2020-luku<\/a><\/div>\r\n<\/div>\r\n\r\n<h3 style=\"clear: both; padding-top: 25px;\">Peruskoulun tulo vaati valmistautumista<\/h3>\r\n<p>Peruskouluun siirtymisen aikataulua tyo\u0308sta\u0308nyt valtakunnallinen komitea sai tehta\u0308va\u0308nsa\u0308 valmiiksi syksylla\u0308 1969. Alun perin prosessin piti alkaa Pohjois-Suomesta jo vuonna 1971, mutta mm. taloudellisista syist\u00e4 sit\u00e4 siirrettiin syksyyn 1972. Samalla valtioneuvosto p\u00e4\u00e4tti, ett\u00e4 p\u00e4\u00e4kaupunkiseutu siirtyy peruskouluj\u00e4rjestelm\u00e4\u00e4n syksyll\u00e4 1977. Espoossa olisi ollut halua siirty\u00e4 jo aiemmin, vuonna 1974, mutta t\u00e4h\u00e4n ei saatu lupaa.<\/p>\r\n<div style=\"margin: auto;\">\r\n<div class=\"div-image\" style=\"width: 223px;\">\r\n<figure id=\"attachment_3869\" aria-describedby=\"caption-attachment-3869\" style=\"width: 223px\" class=\"wp-caption alignleft\"><img loading=\"lazy\" decoding=\"async\" class=\"size-medium wp-image-3869\" src=\"https:\/\/espoonperinneseura.net\/espoo1972\/wp-content\/uploads\/2022\/08\/Atso-223x300.png\" alt=\"\" width=\"223\" height=\"300\" srcset=\"https:\/\/espoonperinneseura.net\/espoo1972\/wp-content\/uploads\/2022\/08\/Atso-223x300.png 223w, https:\/\/espoonperinneseura.net\/espoo1972\/wp-content\/uploads\/2022\/08\/Atso.png 742w\" sizes=\"auto, (max-width: 223px) 100vw, 223px\" \/><figcaption id=\"caption-attachment-3869\" class=\"wp-caption-text\">Atso Vilkkij\u00e4rvi<\/figcaption><\/figure><\/div>\r\n<p style=\"margin-top: 0px;\"><span style=\"white-space: nowrap;\">Espoossa avautui vuonna 1974<\/span> kouluviraston opetusp\u00e4\u00e4llik\u00f6n teht\u00e4v\u00e4. Siihen valittiin Kemin jo peruskouluun siirt\u00e4nyt koulutoimenjohtaja Atso Vilkkij\u00e4rvi. Valinta oli fiksu. Kukaan muu hakijoista ei ollut py\u00f6ritt\u00e4nyt peruskoulua. Espoolla oli nyt kolme ja puoli vuotta aikaa valmistautua peruskouluj\u00e4rjestelm\u00e4n tuloon.<\/p>\r\n<p>Espoossa oli tuolloin useita sek\u00e4 yksityisi\u00e4 ett\u00e4 kunnan omistamia oppikouluja, muutamia kymmeni\u00e4 kansakouluja ja niit\u00e4 johtamassa suomen- ja ruotsinkielinen kansakoulujen johtokunta. Kunnan omistamien oppikoulujen talousasiat hoidettiin oppikoulujen taloustoimistossa. Mit\u00e4\u00e4n yhten\u00e4ist\u00e4 koululaitosta ei ollut.<\/p>\r\n<p>Peruskouluun siirtyv\u00e4n kunnan tuli laatia ns. koulusuunnitelma. Espooseen oli perustettu sit\u00e4 varten koulusuunnittelutoimisto, jonka p\u00e4\u00e4llikk\u00f6n\u00e4 oli Pirjo Raitanen. Toimisto hoiti peruskouluun siirtymist\u00e4 varten lakis\u00e4\u00e4teisesti perustetun koulusuunnittelutoimikunnan asioita. Toimikunnan puheenjohtajana toimi kasvatustieteiden tohtori Veli Nurmi.<\/p>\r\n<p>Esimerkiksi koulujen hallintomalleissa tapahtui suuria muutoksia sek\u00e4 kansa- ett\u00e4 oppikoulujen kohdalla.<\/p>\r\n<p>Espoon kouluvirasto sijaitsi Lepp\u00e4vaarassa Lintuvaarantiell\u00e4 omakotitalossa nykyisen Gallerian paikalla. Sielt\u00e4 k\u00e4sin hallinnoitiin kansa- ja kansalaiskouluja. Toimistossa ty\u00f6skenteliv\u00e4t koulutoimenjohtaja Erkki \u00c4\u00e4rynen, Jouko Tuomela, Heikki Luoto ja Atso Vilkkij\u00e4rvi sek\u00e4 kolme psykologia, kolme kuraattoria ja jonkin verran kansliahenkil\u00f6kuntaa. Lis\u00e4ksi samassa talossa oli ruotsinkielinen toimisto, jonka p\u00e4\u00e4llikk\u00f6n\u00e4 oli ruotsinkielinen koulutoimenjohtaja Hans Westerlund.<\/p>\r\n<p>Kouluviraston toiminta Lepp\u00e4vaarassa j\u00e4i lyhytaikaiseksi. Jo vuonna 1975 virasto muutti Espoon keskukseen Pappilantielle Espoon VPK:lta vapautuneisiin tiloihin.<\/p>\r\n<p>Kouluviranomaiset olivat huomanneet varsin pian, ett\u00e4 peruskoulus\u00e4\u00e4nn\u00f6ksiss\u00e4 oli \u201dvaluvikoja\u201d. Mm. yl\u00e4asteen opetussuunnitelmaan sis\u00e4ltyi niin paljon valinnaisuutta, ett\u00e4 sen toteuttaminen olisi k\u00e4yt\u00e4nn\u00f6ss\u00e4 mahdotonta. Vuonna 1975 Kalevi Sorsan hallitus tekikin viisaan \u201ds\u00e4\u00e4st\u00f6p\u00e4\u00e4t\u00f6ksen\u201d, jolla valinnaisaineita ja erityiskursseja v\u00e4hennettiin radikaalisti. Niinp\u00e4, kun Espoo oli siirtym\u00e4vuorossa, valinnaisuutta oli oppilaille huomattavasti v\u00e4hemm\u00e4n kuin alussa.<\/p>\r\n<p>Espoo siirtyi peruskouluun syksyll\u00e4 1977, kuten koko p\u00e4\u00e4kaupunkiseutu.<br \/>Valmistautuminen oli sujunut varsin hyvin, kun mukana oli monet virheet jo Kemiss\u00e4 huomannut Vilkkij\u00e4rvi. Keskeist\u00e4 oli l\u00f6yt\u00e4\u00e4 kaikille opettajille t\u00f6it\u00e4. Koulusuunnittelu hoiti opettajien sijoittelun hienosti Pirjo Raitasen johdolla. Toinen t\u00e4rke\u00e4 teht\u00e4v\u00e4 oli ratkaista, mitk\u00e4 yksityisist\u00e4 oppikouluista otetaan Espoon koulutoimeen. Siit\u00e4 k\u00e4ytiinkin oikea sota, mutta se on ihan toinen juttu.<\/p>\r\n<\/div>","protected":false},"excerpt":{"rendered":"<p>Koulutuksen kehittyminen Espoossa\u00a0\u00a0\u00a0\u00a0\u00a0\u00a0\u00a0\u00a0Kansisivulle 1970-luku 1980-luku 1990-luku 2000-luku 2010-luku 2020-luku Peruskoulun tulo vaati valmistautumista Peruskouluun siirtymisen aikataulua tyo\u0308sta\u0308nyt valtakunnallinen komitea sai tehta\u0308va\u0308nsa\u0308 valmiiksi syksylla\u0308 1969. Alun perin prosessin piti alkaa Pohjois-Suomesta jo vuonna 1971, mutta mm. taloudellisista syist\u00e4 sit\u00e4 siirrettiin syksyyn 1972. Samalla valtioneuvosto p\u00e4\u00e4tti, ett\u00e4 p\u00e4\u00e4kaupunkiseutu siirtyy peruskouluj\u00e4rjestelm\u00e4\u00e4n syksyll\u00e4 1977. Espoossa olisi ollut halua siirty\u00e4&hellip; <a class=\"more-link\" href=\"https:\/\/espoonperinneseura.net\/espoo1972\/koulutus-espoossa-1970-luvulla\/peruskouluuun-valmistautuminen\/\">Jatka lukemista <span class=\"screen-reader-text\">Peruskouluun valmistautuminen<\/span><\/a><\/p>\n","protected":false},"author":1,"featured_media":0,"parent":3117,"menu_order":19,"comment_status":"closed","ping_status":"closed","template":"","meta":{"_eb_attr":"","_exactmetrics_skip_tracking":false,"_exactmetrics_sitenote_active":false,"_exactmetrics_sitenote_note":"","_exactmetrics_sitenote_category":0,"footnotes":""},"class_list":["post-3310","page","type-page","status-publish","hentry","entry"],"_links":{"self":[{"href":"https:\/\/espoonperinneseura.net\/espoo1972\/wp-json\/wp\/v2\/pages\/3310","targetHints":{"allow":["GET"]}}],"collection":[{"href":"https:\/\/espoonperinneseura.net\/espoo1972\/wp-json\/wp\/v2\/pages"}],"about":[{"href":"https:\/\/espoonperinneseura.net\/espoo1972\/wp-json\/wp\/v2\/types\/page"}],"author":[{"embeddable":true,"href":"https:\/\/espoonperinneseura.net\/espoo1972\/wp-json\/wp\/v2\/users\/1"}],"replies":[{"embeddable":true,"href":"https:\/\/espoonperinneseura.net\/espoo1972\/wp-json\/wp\/v2\/comments?post=3310"}],"version-history":[{"count":7,"href":"https:\/\/espoonperinneseura.net\/espoo1972\/wp-json\/wp\/v2\/pages\/3310\/revisions"}],"predecessor-version":[{"id":3871,"href":"https:\/\/espoonperinneseura.net\/espoo1972\/wp-json\/wp\/v2\/pages\/3310\/revisions\/3871"}],"up":[{"embeddable":true,"href":"https:\/\/espoonperinneseura.net\/espoo1972\/wp-json\/wp\/v2\/pages\/3117"}],"wp:attachment":[{"href":"https:\/\/espoonperinneseura.net\/espoo1972\/wp-json\/wp\/v2\/media?parent=3310"}],"curies":[{"name":"wp","href":"https:\/\/api.w.org\/{rel}","templated":true}]}}