{"id":3319,"date":"2022-07-16T16:21:40","date_gmt":"2022-07-16T13:21:40","guid":{"rendered":"https:\/\/espoonperinneseura.net\/espoo1972\/?page_id=3319"},"modified":"2022-08-05T06:50:52","modified_gmt":"2022-08-05T03:50:52","slug":"aalto-yliopiston-kampus-otaniemeen","status":"publish","type":"page","link":"https:\/\/espoonperinneseura.net\/espoo1972\/koulutus-espoossa-2010-luvulla\/aalto-yliopiston-kampus-otaniemeen\/","title":{"rendered":"Aalto yliopiston kampus Otaniemeen"},"content":{"rendered":"<!-- Added by Post\/Page Specific Custom Code plugin, thank you for using! -->\n<style>.entry-title,  .entry-header {\r\n\tdisplay: none;\r\n}<\/style>\n<h5>Koulutuksen kehittyminen Espoossa&nbsp;&nbsp;&nbsp;&nbsp;&nbsp;&nbsp;&nbsp;&nbsp;<a href=\"https:\/\/espoonperinneseura.net\/espoo1972\/koulutus-espoossa-1970-2020\/\">Kansisivulle<\/a><\/h5>\r\n\r\n\r\n<div style=\"margin: auto;\">\r\n<div class=\"btn\"><a class=\"btn-text\" style=\"color: #000;\" href=\"https:\/\/espoonperinneseura.net\/espoo1972\/koulutus-espoossa-1970-luvulla\/\">1970-luku<\/a><\/div>\r\n<div class=\"btn\"><a class=\"btn-text\" style=\"color: #000;\" href=\"https:\/\/espoonperinneseura.net\/espoo1972\/koulutus-espoossa-1980-luvulla\/\">1980-luku<\/a><\/div>\r\n<div class=\"btn\"><a class=\"btn-text\" style=\"color: #000;\" href=\"https:\/\/espoonperinneseura.net\/espoo1972\/koulutus-espoossa-1990-luvulla\/\">1990-luku<\/a><\/div>\r\n<div class=\"btn\"><a class=\"btn-text\" style=\"color: #000;\" href=\"https:\/\/espoonperinneseura.net\/espoo1972\/koulutus-espoossa-2000-luvulla\/\">2000-luku<\/a><\/div>\r\n<div class=\"btn\"><a class=\"btn-text\" style=\"color: #fff;\" href=\"https:\/\/espoonperinneseura.net\/espoo1972\/koulutus-espoossa-2010-luvulla\/\">2010-luku<\/a><\/div>\r\n<div class=\"btn\"><a class=\"btn-text\" style=\"color: #000;\" href=\"https:\/\/espoonperinneseura.net\/espoo1972\/koulutus-espoossa-2020-luvulla\/\">2020-luku<\/a><\/div>\r\n<\/div>\r\n\r\n\r\n<h3 style=\"clear: both; padding-top: 25px;\">Aalto-yliopiston kampus Otaniemeen<\/h3>\r\n<div style=\"margin: auto;\">\r\n<div class=\"div-image\" style=\"width: 710px;\">\r\n<figure id=\"attachment_3770\" aria-describedby=\"caption-attachment-3770\" style=\"width: 700px\" class=\"wp-caption alignleft\"><img loading=\"lazy\" decoding=\"async\" class=\"wp-image-3770 size-full\" style=\"max-width: 100%;\" src=\"https:\/\/espoonperinneseura.net\/espoo1972\/wp-content\/uploads\/2022\/08\/AaltoKampus.jpg\" alt=\"\" width=\"700\" height=\"434\" srcset=\"https:\/\/espoonperinneseura.net\/espoo1972\/wp-content\/uploads\/2022\/08\/AaltoKampus.jpg 700w, https:\/\/espoonperinneseura.net\/espoo1972\/wp-content\/uploads\/2022\/08\/AaltoKampus-300x186.jpg 300w\" sizes=\"auto, (max-width: 700px) 100vw, 700px\" \/><figcaption id=\"caption-attachment-3770\" class=\"wp-caption-text\">Aalto-yliopiston kampus<\/figcaption><\/figure>\r\n<\/div>\r\n<p style=\"margin-top: 0px; clear: both;\"><span style=\"white-space: nowrap;\">Aalto-yliopisto aloitti<\/span> toimintansa 1.1.2010, kun kolme aiemmin itsen\u00e4ist\u00e4 korkeakoulua Helsingin kauppakorkeakoulu, Taideteollinen korkeakoulu ja Otaniemess\u00e4 jo pitk\u00e4\u00e4n toiminut Teknillinen korkeakoulu yhdistyiv\u00e4t.<\/p>\r\n<p>Idean is\u00e4n\u00e4 voi pit\u00e4\u00e4 Taideteollisen korkeakoulun rehtori Yrj\u00f6 Sotamaata. H\u00e4n ehdotti Taideteollisen korkeakoulun lukuvuoden avajaisissa 2005, ett\u00e4 n\u00e4m\u00e4 kolme korkeakoulua pit\u00e4isi yhdist\u00e4\u00e4 kolmen kampuksen innovaatioyliopistoksi. Pieni Suomi voisi n\u00e4in olla innovatiivisuuden ter\u00e4vimm\u00e4ss\u00e4 k\u00e4rjess\u00e4, kun muut maat vasta opettelivat, kuinka kytke\u00e4 muotoilu innovaatio- ja liiketoiminnan kehitt\u00e4miseen.<\/p>\r\n<p>Virallisesti uusi yliopisto syntyi opetusministeri\u00f6n suunnitteluryhm\u00e4n vuonna 2007 opetusministeri Antti Kalliom\u00e4elle j\u00e4tt\u00e4m\u00e4st\u00e4 esityksest\u00e4. Tavoitteena oli maailmanluokan tutkimusyliopisto, jonka toiminnassa ensi sijalla olisi yliopiston tutkimus- ja opetusteht\u00e4v\u00e4. Lopullisen periaatep\u00e4\u00e4t\u00f6ksen teki Matti Vanhasen II hallitus marraskuussa 2007. Nimeksi tuli ensin Aalto-korkeakoulu, ja pian Aalto-yliopisto. Nimi on kunnianosoitus arkkitehti Alvar Aallolle.<\/p>\r\n<p>Valtio p\u00e4\u00e4tti tukea uutta yliopistoa enemm\u00e4n kuin vanhoja yliopistoja, mik\u00e4 her\u00e4tti niiss\u00e4 n\u00e4r\u00e4\u00e4. Taideylioppilaskunnat vastustivat yhdist\u00e4mishanketta. Heid\u00e4n mielest\u00e4\u00e4n taiteelliset sis\u00e4ll\u00f6t olivat vaarassa karsiutua uudessa asetelmassa. Kolmessa mielenosoituksessa vaadittiin vuonna 2008 hankkeen j\u00e4\u00e4dytt\u00e4mist\u00e4.<\/p>\r\n<p><strong>Kisa kampuksen paikasta<\/strong><\/p>\r\n<p>Helsinki ja Espoon k\u00e4viv\u00e4t kovaa kisaa siit\u00e4, mihin uuden yliopiston kampus sijoittuisi. Yhteinen kampus oli Aalto-yliopiston kantavia ideoita. Eri korkeakouluissa suoritettavien opintojen ja vapaiden kohtaamisten uskottiin rakentavan opintosuuntien rajat ylitt\u00e4vi\u00e4 yhteyksi\u00e4 ja tuottavan poikkitieteellisi\u00e4 innovaatioita.<\/p>\r\n<p>P\u00e4\u00e4t\u00f6st\u00e4 odotettiin pitk\u00e4\u00e4n. Espoo lupasi, ett\u00e4 se rakentaa Otaniemeen ulkomaisia tutkijoita ja professoreita varten asuntotalon ja kohtaamispaikan. Otaniemen valttina olisi my\u00f6s metroyhteys Helsingist\u00e4. Espoo ryhtyikin kaavoittamaan tulevan Otaniemen metroaseman aluetta.<\/p>\r\n<p>Espoo voitti. Helsingin tarjoamiin tiloihin olisi voitu siirt\u00e4\u00e4 vain pieni osa Aalto-yliopiston yksik\u00f6ist\u00e4. Aalto-yliopiston hallitus tekikin vuonna 2011 linjap\u00e4\u00e4t\u00f6ksen yliopiston kampusratkaisusta. Aalto-yliopiston p\u00e4\u00e4kampus sijoitettiin Espoon Otaniemeen, Mikkeliss\u00e4 on yliopiston filiaali.<\/p>\r\n<p>Kampusratkaisu toi Espooseen ty\u00f6paikkoja, yrityksi\u00e4 ja veronmaksukykyisi\u00e4 asukkaita.<\/p>\r\n<p>T\u00e4n\u00e4\u00e4n Aalto-yliopistossa on noin 17 500 opiskelijaa. Henkil\u00f6kuntaa on noin 4 000, joista professoreita l\u00e4hes 10 %. Yliopisto on menestynyt varsin hyvin kansainv\u00e4lisiss\u00e4 rankingeissa. Maailmassa on noin 17 000\u201322 000 yliopistoa ja Suomessa 14. Vuonna 2022 Aalto-yliopisto oli 116. sijalla QS:n yliopistovertailussa, vastuullisessa kuluttamisessa se p\u00e4\u00e4si sijalle 54, sen taide ja muotoiluala jatkoi 6. sijalla maailmassa ja alle 50-vuotiaiden yliopistojen listalla Aalto oli sijalla 30.<\/p>\r\n<\/div>\r\n\r\n","protected":false},"excerpt":{"rendered":"<p>Koulutuksen kehittyminen Espoossa&nbsp;&nbsp;&nbsp;&nbsp;&nbsp;&nbsp;&nbsp;&nbsp;Kansisivulle 1970-luku 1980-luku 1990-luku 2000-luku 2010-luku 2020-luku Aalto-yliopiston kampus Otaniemeen Aalto-yliopisto aloitti toimintansa 1.1.2010, kun kolme aiemmin itsen\u00e4ist\u00e4 korkeakoulua Helsingin kauppakorkeakoulu, Taideteollinen korkeakoulu ja Otaniemess\u00e4 jo pitk\u00e4\u00e4n toiminut Teknillinen korkeakoulu yhdistyiv\u00e4t. Idean is\u00e4n\u00e4 voi pit\u00e4\u00e4 Taideteollisen korkeakoulun rehtori Yrj\u00f6 Sotamaata. H\u00e4n ehdotti Taideteollisen korkeakoulun lukuvuoden avajaisissa 2005, ett\u00e4 n\u00e4m\u00e4 kolme korkeakoulua pit\u00e4isi yhdist\u00e4\u00e4&hellip; <a class=\"more-link\" href=\"https:\/\/espoonperinneseura.net\/espoo1972\/koulutus-espoossa-2010-luvulla\/aalto-yliopiston-kampus-otaniemeen\/\">Jatka lukemista <span class=\"screen-reader-text\">Aalto yliopiston kampus Otaniemeen<\/span><\/a><\/p>\n","protected":false},"author":1,"featured_media":0,"parent":3171,"menu_order":3,"comment_status":"closed","ping_status":"closed","template":"","meta":{"_eb_attr":"","_exactmetrics_skip_tracking":false,"_exactmetrics_sitenote_active":false,"_exactmetrics_sitenote_note":"","_exactmetrics_sitenote_category":0,"footnotes":""},"class_list":["post-3319","page","type-page","status-publish","hentry","entry"],"_links":{"self":[{"href":"https:\/\/espoonperinneseura.net\/espoo1972\/wp-json\/wp\/v2\/pages\/3319","targetHints":{"allow":["GET"]}}],"collection":[{"href":"https:\/\/espoonperinneseura.net\/espoo1972\/wp-json\/wp\/v2\/pages"}],"about":[{"href":"https:\/\/espoonperinneseura.net\/espoo1972\/wp-json\/wp\/v2\/types\/page"}],"author":[{"embeddable":true,"href":"https:\/\/espoonperinneseura.net\/espoo1972\/wp-json\/wp\/v2\/users\/1"}],"replies":[{"embeddable":true,"href":"https:\/\/espoonperinneseura.net\/espoo1972\/wp-json\/wp\/v2\/comments?post=3319"}],"version-history":[{"count":19,"href":"https:\/\/espoonperinneseura.net\/espoo1972\/wp-json\/wp\/v2\/pages\/3319\/revisions"}],"predecessor-version":[{"id":3814,"href":"https:\/\/espoonperinneseura.net\/espoo1972\/wp-json\/wp\/v2\/pages\/3319\/revisions\/3814"}],"up":[{"embeddable":true,"href":"https:\/\/espoonperinneseura.net\/espoo1972\/wp-json\/wp\/v2\/pages\/3171"}],"wp:attachment":[{"href":"https:\/\/espoonperinneseura.net\/espoo1972\/wp-json\/wp\/v2\/media?parent=3319"}],"curies":[{"name":"wp","href":"https:\/\/api.w.org\/{rel}","templated":true}]}}