{"id":3427,"date":"2022-07-24T05:16:32","date_gmt":"2022-07-24T02:16:32","guid":{"rendered":"https:\/\/espoonperinneseura.net\/espoo1972\/?page_id=3427"},"modified":"2022-08-05T07:51:04","modified_gmt":"2022-08-05T04:51:04","slug":"kesaleirit","status":"publish","type":"page","link":"https:\/\/espoonperinneseura.net\/espoo1972\/koulutus-espoossa-1990-luvulla\/kesaleirit\/","title":{"rendered":"Hienoista kes\u00e4leireist\u00e4 luovuttiin 1990-luvun alussa"},"content":{"rendered":"<!-- Added by Post\/Page Specific Custom Code plugin, thank you for using! -->\n<style>.entry-title,  .entry-header {\r\n\tdisplay: none;\r\n}<\/style>\n<h5>Koulutuksen kehittyminen Espoossa\u00a0\u00a0\u00a0\u00a0\u00a0\u00a0\u00a0\u00a0<a href=\"https:\/\/espoonperinneseura.net\/espoo1972\/koulutus-espoossa-1970-2020\/\">Kansisivulle<\/a><\/h5>\r\n\r\n<div style=\"margin: auto;\">\r\n<div class=\"btn\"><a class=\"btn-text\" style=\"color: #000;\" href=\"https:\/\/espoonperinneseura.net\/espoo1972\/koulutus-espoossa-1970-luvulla\/\">1970-luku<\/a><\/div>\r\n<div class=\"btn\"><a class=\"btn-text\" style=\"color: #000;\" href=\"https:\/\/espoonperinneseura.net\/espoo1972\/koulutus-espoossa-1980-luvulla\/\">1980-luku<\/a><\/div>\r\n<div class=\"btn\"><a class=\"btn-text\" style=\"color: #fff;\" href=\"https:\/\/espoonperinneseura.net\/espoo1972\/koulutus-espoossa-1990-luvulla\/\">1990-luku<\/a><\/div>\r\n<div class=\"btn\"><a class=\"btn-text\" style=\"color: #000;\" href=\"https:\/\/espoonperinneseura.net\/espoo1972\/koulutus-espoossa-2000-luvulla\/\">2000-luku<\/a><\/div>\r\n<div class=\"btn\"><a class=\"btn-text\" style=\"color: #000;\" href=\"https:\/\/espoonperinneseura.net\/espoo1972\/koulutus-espoossa-2010-luvulla\/\">2010-luku<\/a><\/div>\r\n<div class=\"btn\"><a class=\"btn-text\" style=\"color: #000;\" href=\"https:\/\/espoonperinneseura.net\/espoo1972\/koulutus-espoossa-2020-luvulla\/\">2020-luku<\/a><\/div>\r\n\r\n\r\n\r\n<h3 style=\"clear: both; padding-top: 25px;\">Hienoista kes\u00e4leireist\u00e4 luovuttiin 1990-luvun alussa<\/h3>\r\n<p>Espoon koulutoimi j\u00e4rjesti koululaisille pitk\u00e4\u00e4n upeita kes\u00e4leirej\u00e4. Niit\u00e4 pidettiin Kuhmoisissa, Luukissa, Nummen kunnan Sierlassa ja Suvisaaristossa.<\/p>\r\n<p><img loading=\"lazy\" decoding=\"async\" class=\"alignleft size-full wp-image-3853\" src=\"https:\/\/espoonperinneseura.net\/espoo1972\/wp-content\/uploads\/2022\/08\/Luukki.png\" alt=\"\" width=\"400\" height=\"300\" srcset=\"https:\/\/espoonperinneseura.net\/espoo1972\/wp-content\/uploads\/2022\/08\/Luukki.png 400w, https:\/\/espoonperinneseura.net\/espoo1972\/wp-content\/uploads\/2022\/08\/Luukki-300x225.png 300w\" sizes=\"auto, (max-width: 400px) 100vw, 400px\" \/>Koululaisten kes\u00e4leiritoiminnalla oli pitk\u00e4t perinteet. Niit\u00e4 j\u00e4rjestettiin jo 1900-luvun alussa aluksi yksityisin voimin. Kunnalliset kes\u00e4leirit olivat tavallisesti kansakoulun johtokuntien j\u00e4rjest\u00e4mi\u00e4. Valtio alkoi avustaa toimintaa 1910-luvun alussa. Itsen\u00e4isyyden ajan alussa kes\u00e4leiritoiminta oli jo vakiintunut. Leirien vaikutusta oppilaiden yleiskuntoon, terveydentilaan ja kasvatukseen pidettiin merkitt\u00e4v\u00e4n\u00e4 ja t\u00e4rke\u00e4n\u00e4.<\/p>\r\n<p>Kes\u00e4leirien toiminta-ajatuksena oli kohottaa aliravittujen lasten painoa ravitsevalla ja riitt\u00e4v\u00e4ll\u00e4 ruoalla, pit\u00e4\u00e4 lapsia paljon ulkona ja auringossa sek\u00e4 tarjota heille mahdollisuus leikkimiseen, urheiluun ja askarteluun. Oppilaat punnittiin leirille tultaessa ja sielt\u00e4 l\u00e4hdett\u00e4ess\u00e4. Suositeltavaa oli, ett\u00e4 paino nousi kes\u00e4siirtolassa olon aikana.<\/p>\r\n<p>Vuonna 1945 s\u00e4\u00e4dettiin asetuksella, ett\u00e4 kansakoululaitos voi hallinnoida toimintaa. Vuoden 1957 kansakoululaissa kaupungit ja kauppalat jopa velvoitettiin j\u00e4rjest\u00e4m\u00e4\u00e4n kes\u00e4virkistyst\u00e4 v\u00e4h\u00e4varaisille oppilaille.1960-luvulta l\u00e4htien kuntien kes\u00e4leiritoiminta oli kansakoululain s\u00e4\u00e4telem\u00e4\u00e4 ja niiden johtajat olivat opettajia. Kes\u00e4leirit oli 1970-luvulle asti suunnattu etenkin v\u00e4h\u00e4varaisten perheiden lapsille.<\/p>\r\n<p>Kansakoululakiin (4\u00a7) tehtiin muutos vuonna 1972: Oppilaille voitiin kes\u00e4n aikana j\u00e4rjest\u00e4\u00e4 mm. kes\u00e4leirej\u00e4, uinnin opetusta ja muita virkistystilanteita. En\u00e4\u00e4 ei siis ollut pakko.<\/p>\r\n<p>Alkujaan kes\u00e4leirit j\u00e4rjestettiin yleens\u00e4 ymp\u00e4rivuorokautisina kuuden viikon jaksoina, mutta 1970-luvulta l\u00e4htien leirien kestoaikaa ryhdyttiin v\u00e4hitellen lyhent\u00e4m\u00e4\u00e4n. Samalla alettiin j\u00e4rjest\u00e4\u00e4 my\u00f6s p\u00e4iv\u00e4leirej\u00e4. Lyhyimpi\u00e4 olivat joissakin siirtoloissa j\u00e4rjestetyt viikonloppuleirit. Espoon kaupungin koulutoimen johtos\u00e4\u00e4nt\u00f6 hyv\u00e4ksyttiin vuonna 1991. Sen mukaan loma-aikoina oppilaille voitiin ja\u0308rjesta\u0308a\u0308 virkistystoimintaa my\u00f6s kaupungin kouluissa.<\/p>\r\n<p>Leirit ty\u00f6llistiv\u00e4t kouluviraston v\u00e4ke\u00e4 melko paljon. Oli hankittava leireille henkil\u00f6kunta ja j\u00e4rjestett\u00e4v\u00e4 heille koulutus. Koulukuraattorit valitsivat oppilaat leireille. Sosiaaliset seikat oli otettava huomioon valintoja teht\u00e4ess\u00e4.<\/p>\r\n<p>Kunnille vapaaehtoiseksi muuttunut kes\u00e4leiritoiminta p\u00e4\u00e4ttyi Espoossa lamavuosien aikana. Viimeiset leirit j\u00e4rjestettiin kes\u00e4ll\u00e4 1992.<\/p>\r\n<p><\/p>\r\n<\/div>","protected":false},"excerpt":{"rendered":"<p>Koulutuksen kehittyminen Espoossa\u00a0\u00a0\u00a0\u00a0\u00a0\u00a0\u00a0\u00a0Kansisivulle 1970-luku 1980-luku 1990-luku 2000-luku 2010-luku 2020-luku Hienoista kes\u00e4leireist\u00e4 luovuttiin 1990-luvun alussa Espoon koulutoimi j\u00e4rjesti koululaisille pitk\u00e4\u00e4n upeita kes\u00e4leirej\u00e4. Niit\u00e4 pidettiin Kuhmoisissa, Luukissa, Nummen kunnan Sierlassa ja Suvisaaristossa. Koululaisten kes\u00e4leiritoiminnalla oli pitk\u00e4t perinteet. Niit\u00e4 j\u00e4rjestettiin jo 1900-luvun alussa aluksi yksityisin voimin. Kunnalliset kes\u00e4leirit olivat tavallisesti kansakoulun johtokuntien j\u00e4rjest\u00e4mi\u00e4. Valtio alkoi avustaa toimintaa 1910-luvun&hellip; <a class=\"more-link\" href=\"https:\/\/espoonperinneseura.net\/espoo1972\/koulutus-espoossa-1990-luvulla\/kesaleirit\/\">Jatka lukemista <span class=\"screen-reader-text\">Hienoista kes\u00e4leireist\u00e4 luovuttiin 1990-luvun alussa<\/span><\/a><\/p>\n","protected":false},"author":1,"featured_media":0,"parent":3169,"menu_order":3,"comment_status":"closed","ping_status":"closed","template":"","meta":{"_eb_attr":"","_exactmetrics_skip_tracking":false,"_exactmetrics_sitenote_active":false,"_exactmetrics_sitenote_note":"","_exactmetrics_sitenote_category":0,"footnotes":""},"class_list":["post-3427","page","type-page","status-publish","hentry","entry"],"_links":{"self":[{"href":"https:\/\/espoonperinneseura.net\/espoo1972\/wp-json\/wp\/v2\/pages\/3427","targetHints":{"allow":["GET"]}}],"collection":[{"href":"https:\/\/espoonperinneseura.net\/espoo1972\/wp-json\/wp\/v2\/pages"}],"about":[{"href":"https:\/\/espoonperinneseura.net\/espoo1972\/wp-json\/wp\/v2\/types\/page"}],"author":[{"embeddable":true,"href":"https:\/\/espoonperinneseura.net\/espoo1972\/wp-json\/wp\/v2\/users\/1"}],"replies":[{"embeddable":true,"href":"https:\/\/espoonperinneseura.net\/espoo1972\/wp-json\/wp\/v2\/comments?post=3427"}],"version-history":[{"count":4,"href":"https:\/\/espoonperinneseura.net\/espoo1972\/wp-json\/wp\/v2\/pages\/3427\/revisions"}],"predecessor-version":[{"id":3855,"href":"https:\/\/espoonperinneseura.net\/espoo1972\/wp-json\/wp\/v2\/pages\/3427\/revisions\/3855"}],"up":[{"embeddable":true,"href":"https:\/\/espoonperinneseura.net\/espoo1972\/wp-json\/wp\/v2\/pages\/3169"}],"wp:attachment":[{"href":"https:\/\/espoonperinneseura.net\/espoo1972\/wp-json\/wp\/v2\/media?parent=3427"}],"curies":[{"name":"wp","href":"https:\/\/api.w.org\/{rel}","templated":true}]}}