{"id":3479,"date":"2022-07-28T07:55:52","date_gmt":"2022-07-28T04:55:52","guid":{"rendered":"https:\/\/espoonperinneseura.net\/espoo1972\/?page_id=3479"},"modified":"2022-08-16T09:16:17","modified_gmt":"2022-08-16T06:16:17","slug":"esiopetus-espoossa","status":"publish","type":"page","link":"https:\/\/espoonperinneseura.net\/espoo1972\/koulutus-espoossa-1990-luvulla\/esiopetus-espoossa\/","title":{"rendered":"Esiopetusta Espoossa p\u00e4iv\u00e4kodeissa ja kouluissa"},"content":{"rendered":"<!-- Added by Post\/Page Specific Custom Code plugin, thank you for using! -->\n<style>.entry-title,  .entry-header {\r\n\tdisplay: none;\r\n}<\/style>\n<h5>Koulutuksen kehittyminen Espoossa\u00a0\u00a0\u00a0\u00a0\u00a0\u00a0\u00a0\u00a0<a href=\"https:\/\/espoonperinneseura.net\/espoo1972\/koulutus-espoossa-1970-2020\/\">Kansisivulle<\/a><\/h5>\r\n\r\n<div style=\"margin: auto;\">\r\n<div class=\"btn\"><a class=\"btn-text\" style=\"color: #000;\" href=\"https:\/\/espoonperinneseura.net\/espoo1972\/koulutus-espoossa-1970-luvulla\/\">1970-luku<\/a><\/div>\r\n<div class=\"btn\"><a class=\"btn-text\" style=\"color: #000;\" href=\"https:\/\/espoonperinneseura.net\/espoo1972\/koulutus-espoossa-1980-luvulla\/\">1980-luku<\/a><\/div>\r\n<div class=\"btn\"><a class=\"btn-text\" style=\"color: #fff;\" href=\"https:\/\/espoonperinneseura.net\/espoo1972\/koulutus-espoossa-1990-luvulla\/\">1990-luku<\/a><\/div>\r\n<div class=\"btn\"><a class=\"btn-text\" style=\"color: #000;\" href=\"https:\/\/espoonperinneseura.net\/espoo1972\/koulutus-espoossa-2000-luvulla\/\">2000-luku<\/a><\/div>\r\n<div class=\"btn\"><a class=\"btn-text\" style=\"color: #000;\" href=\"https:\/\/espoonperinneseura.net\/espoo1972\/koulutus-espoossa-2010-luvulla\/\">2010-luku<\/a><\/div>\r\n<div class=\"btn\"><a class=\"btn-text\" style=\"color: #000;\" href=\"https:\/\/espoonperinneseura.net\/espoo1972\/koulutus-espoossa-2020-luvulla\/\">2020-luku<\/a><\/div>\r\n\r\n\r\n\r\n<h3 style=\"clear: both; padding-top: 25px;\">Esiopetusta Espoossa p\u00e4iv\u00e4kodeissa ja kouluissa<\/h3>\r\n<p><img loading=\"lazy\" decoding=\"async\" class=\"alignleft wp-image-3956 size-medium\" src=\"https:\/\/espoonperinneseura.net\/espoo1972\/wp-content\/uploads\/2022\/08\/Esiopetus-300x225.jpg\" alt=\"\" width=\"300\" height=\"225\" srcset=\"https:\/\/espoonperinneseura.net\/espoo1972\/wp-content\/uploads\/2022\/08\/Esiopetus-300x225.jpg 300w, https:\/\/espoonperinneseura.net\/espoo1972\/wp-content\/uploads\/2022\/08\/Esiopetus.jpg 700w\" sizes=\"auto, (max-width: 300px) 100vw, 300px\" \/><span style=\"white-space: nowrap;\">Esiopetus on<\/span> osa p\u00e4iv\u00e4hoitoa eli nykyhallinnon kielell\u00e4 varhaiskasvatusta. Esiopetuksella tarkoitetaan arkikielell\u00e4 suunnitelmallista kasvatusta ja opetusta, jota annetaan kuusivuotiaille ennen koulun aloittamista ja joka valmentaa siihen vahvistamalla koulunk\u00e4ynnin valmiuksia.<\/p>\r\n<p>Virallisesti esiopetus esiintyi k\u00e4sitteen\u00e4 lakitasolla ensi kertaa vasta perusopetuslaissa (Perusopetuslaki 628\/1998). Perinteisesti esiopetusta oli j\u00e4rjestetty sosiaalitoimen alaisuudessa, l\u00e4hinn\u00e4 p\u00e4iv\u00e4kodeissa. Koulutoimen j\u00e4rjest\u00e4m\u00e4 esiopetus oli pitk\u00e4\u00e4n varsin v\u00e4h\u00e4ist\u00e4, usein haja-asutusalueille keskittyv\u00e4\u00e4 ja edellytti erityisluvan.<\/p>\r\n<p>Esiopetus \u201dvy\u00f6rytettiin\u201d Suomeen &#8211; ja Espooseen &#8211; samalla tavoin kuin aikanaan kansakoulu. Ensin esiopetus oli vapaaehtoista kaikille, niin kunnille kuin lapsille. Sitten kunnat velvoitettiin tarjoamaan esiopetusta ja lopulta lapset osallistumaan siihen.<\/p>\r\n<p>Esiopetuksen edelt\u00e4jin\u00e4 pidet\u00e4\u00e4n meill\u00e4 jo 1840-luvulla perustettuja pikkulasten kouluja ja vuosina 1891-1904 toimineita lastentarhojen ns. v\u00e4litysluokkia (1891\u20131904). Niiden teht\u00e4v\u00e4n\u00e4 oli opettaa lastentarhan kuusivuotiaille lapsille lukemista, kirjoittamista ja laskemista kouluun siirtymisen helpottamiseksi. Vakavampi keskustelu esiopetuksesta alkoi 1920-luvulla.<\/p>\r\n<p><strong>1960-luku<\/strong><\/p>\r\n<p>Suomessa koulunk\u00e4ynti alkaa seitsem\u00e4nvuotiaana, my\u00f6hemmin kuin useissa muissa maissa. Jo peruskoulua 1960-luvulla suunniteltaessa pohdittiin, voitaisiinko koulunk\u00e4ynti\u00e4 aikaistaa esiopetuksella. Esikoulua tarvittaisiin tasaaman peruskoulua aloittavien oppilaiden v\u00e4lisi\u00e4 eroja.<\/p>\r\n<p>Vuosikymmenen lopulla k\u00e4ynnistettiin my\u00f6s esikoulukokeilu.<\/p>\r\n<p><strong>1970- ja 1980-luvut<\/strong><\/p>\r\n<p>Vuoden 1971 koulutuskomitea tekikin ehdotuksen, ett\u00e4 kuusivuotiaiden opetus liitet\u00e4\u00e4n peruskouluun oppivelvollisuusik\u00e4\u00e4 alentamalla. Niin ik\u00e4\u00e4n vuoden 1972 esikoulukomitean mielest\u00e4 parhaiten tavoitteet toteuttaisi koko kuusivuotiaiden ik\u00e4luokalle pakollinen ja maksuton kouluhallinnon alainen koulu: esikoulu. Esiopetusta annettaisiin siis kouluorganisaation piiriss\u00e4.<\/p>\r\n<p>Esikoulukokeilu jatkui. Espoo oli siin\u00e4 mukana vuodet 1971 ja 1972. Esikoulujen perustamiseen kaikille ei kuitenkaan riitt\u00e4nyt rahaa eik\u00e4 poliittista tahtoa.<\/p>\r\n<p>Merkitt\u00e4v\u00e4 k\u00e4\u00e4nne esiopetuksen osalta tapahtui vuonna 1985 lis\u00e4yksell\u00e4 peruskoululakiin (615\/1985). Tuosta vuodesta alkaen peruskouluissa alettiin j\u00e4rjest\u00e4\u00e4 osalle lapsille ilmaista esiopetusta, etup\u00e4\u00e4ss\u00e4 haja-asutusseutujen kyl\u00e4kouluissa.<\/p>\r\n<p><strong>1990-luku<\/strong><\/p>\r\n<p>Vuoden 1996 alussa tuli voimaan uudistettu p\u00e4iv\u00e4hoitolaki, joka velvoitti kunnat tarjoamaan esiopetusta kaikille kuusivuotiaille. Esiopetus oli tuolloin maksullista. Samana vuonna opetushallitus vahvisti esiopetuksen opetussuunnitelman valtakunnalliset perusteet, jotka se oli laatinut virkamiesty\u00f6n\u00e4 yhteisty\u00f6ss\u00e4 sosiaali- ja terveysalan tutkimus- ja kehitt\u00e4miskeskuksen (Stakes) kanssa. Ne koskivat vain peruskoulun yhteydess\u00e4 toteutettavaa esiopetusta.<\/p>\r\n<p>P\u00e4iv\u00e4hoidon yhteydess\u00e4 toteutettavan esiopetuksen opetussuunnitelmissa ja k\u00e4yt\u00e4nteiss\u00e4 hy\u00f6dynnettiin t\u00e4t\u00e4 asiakirjaa.<\/p>\r\n<p>Vuonna 1998 perusopetuslain (628\/1998) uudistuksessa esiopetus tuli osaksi opetusministeri\u00f6n toimialaa. Muilta osin p\u00e4iv\u00e4hoitoa ohjasi sosiaali- ja terveysministeri\u00f6. Kunnille tuli samalla velvollisuus tarjota kaikille kuusivuotiaille maksutonta esiopetusta.<\/p>\r\n<p>Esiopetuksesta oli tarkoitus rakentaa selke\u00e4sti uusi, ensimm\u00e4inen porras maamme koulutusj\u00e4rjestelm\u00e4\u00e4n. Tavoitteena oli, ett\u00e4 esiopetus ja perusopetus muodostavat johdonmukaisesti etenev\u00e4n ja yhten\u00e4isen opetussuunnitelmallisen kokonaisuuden, jossa esiopetus on tavoitteellisen oppimispolun alku.<\/p>\r\n<p>Esko Ahon hallitus sitoutui vuoden 1999 hallitusohjelmassaan k\u00e4ynnist\u00e4m\u00e4\u00e4n kuusivuotiaille maksuttoman esiopetuksen ja selvitt\u00e4m\u00e4\u00e4n oppivelvollisuusi\u00e4n alentamisen edellytykset.<\/p>\r\n<p><strong>2000-luku<\/strong><\/p>\r\n<p>Esiopetuksen opetussuunnitelman perusteet saatiin valmiiksi joulukuussa 2000 ja ne tuli ottaa k\u00e4ytt\u00f6\u00f6n viimeist\u00e4\u00e4n vuonna 2002. Nyt esiopetukseen saatiin ensimm\u00e4inen velvoittava ja sitova opetussuunnitelma. Sen mukaan lapsella on tarve oppia mielikuvituksen ja leikin avulla. Opetuksen tuli olla eheytt\u00e4v\u00e4\u00e4 ja ty\u00f6tapojen monipuolisia, mm. draamaa, satuja, leikkej\u00e4, tutkimista, ongelmien ratkaisua yhdess\u00e4.<\/p>\r\n<p>Vuonna 2001 astui voimaan laki, jonka mukaan kunnan on tarjottava maksutonta esiopetusta oppivelvollisuuden alkamista edelt\u00e4v\u00e4n\u00e4 vuonna kaikille kuusivuotiaille v\u00e4hint\u00e4\u00e4n 700 tuntia vuodessa. Kunnat saivat itse p\u00e4\u00e4tt\u00e4\u00e4, tarjoavatko ne kuntalaisilleen esiopetusta p\u00e4iv\u00e4kodeissa tai kouluissa.<\/p>\r\n<p>Vuonna 2002 p\u00e4iv\u00e4hoidosta alettiin puhua varhaiskasvatuksena. Tuolloin ilmestyi <em>Varhaiskasvatuksen valtakunnalliset linjaukset<\/em>, ja sen j\u00e4lkeen vuonna 2003 Stakesin julkaisemana <em>Varhaiskasvatussuunnitelman perusteet<\/em>.<\/p>\r\n<p><strong>2010-luku<\/strong><\/p>\r\n<p>Vuonna 2013 p\u00e4iv\u00e4hoidon ja varhaiskasvatuksen hallinto siirrettiin opetus- ja kulttuuriministeri\u00f6\u00f6n. My\u00f6s kunnat siirsiv\u00e4t p\u00e4iv\u00e4hoitonsa opetustoimeen. Varhaiskasvatuksen luonne muuttui sosiaalipalvelusta osaksi koulutusj\u00e4rjestelm\u00e4\u00e4.<\/p>\r\n<p>Vuonna 2015 Perusopetuslain (1998, 26 a \u00a7) muutoksen mukaisesti kuusivuotiaiden lasten oli oppivelvollisuuden alkamista edelt\u00e4v\u00e4n\u00e4 vuonna osallistuttava vuoden kest\u00e4v\u00e4\u00e4n esiopetukseen tai muuhun esiopetuksen tavoitteet saavuttavaan toimintaan.<\/p>\r\n<p>Esiopetus muuttui velvoittavaksi. Esiopetukseen osallistuivat my\u00f6s ne seitsem\u00e4nvuotiaat lapset, joiden koulun aloittamista my\u00f6hennet\u00e4\u00e4n. Lapsen huoltaja oli vastuussa siit\u00e4, ett\u00e4 lapsi osallistuu esiopetukseen tai sen tavoitteet saavuttavaan toimintaan oppivelvollisuuden alkamista edelt\u00e4v\u00e4n\u00e4 lukuvuotena. Esiopetukseen saavat osallistua ne viisivuotiaat, joille on tehty p\u00e4\u00e4t\u00f6s pidennetyst\u00e4 oppivelvollisuudesta.<\/p>\r\n<p>Esiopetusta j\u00e4rjestet\u00e4\u00e4n sek\u00e4 p\u00e4iv\u00e4kodeissa ett\u00e4 kouluissa. P\u00e4iv\u00e4kodeissa esiopetus on kodinomaisempaa ja yhteis\u00f6llisemp\u00e4\u00e4, ja siihen liittyy hoitoa, leikki\u00e4, ty\u00f6teht\u00e4vi\u00e4 ja opetustuokioita. P\u00e4iv\u00e4n toiminta jakaantuu ohjattuun ja ei-ohjattuun ty\u00f6skentelyyn. Kouluissa esiopetus on koulumaisempaa, oppiainel\u00e4ht\u00f6ist\u00e4 opettelua. Opetusta antaa pulpettiopetuksena yksi aikuinen. Kouluissa p\u00e4iv\u00e4 jaksottuu oppi- ja v\u00e4litunteihin.<\/p>\r\n<p><strong>2020-luku<\/strong><\/p>\r\n<p>Uudella vuosikymmenell\u00e4 k\u00e4ynnistyi kaksivuotisen esiopetuksen kokeilu. Siihen valittiin satunnaisotannalla kuntia tai kunnista koostuvia alueita. Kuntia, joissa kaksivuotista esiopetusta j\u00e4rjestet\u00e4\u00e4n kokeiluna, on 105. Espoo ei ole niiden joukossa.<\/p>\r\n<p><strong>Espoolainen esiopetus<\/strong><\/p>\r\n<p>Espoossa siis kokeiltiin virallisesti esiopetusta 1970-luvun alussa. Kokeilun p\u00e4\u00e4tytty\u00e4 p\u00e4iv\u00e4kotilapset saivat varmasti valmiuksia kouluun, mutta niit\u00e4 ei kehitetty systemaattisesti. Systemaattisempi, opetussuunnitelmaan perustuva esiopetus alkoi Espoossa, kun laki siihen velvoitti vuonna 1996.<\/p>\r\n<p>Vuonna 2009 Espoossa tehtiin p\u00e4\u00e4t\u00f6s, ett\u00e4 esiopetusta j\u00e4rjestet\u00e4\u00e4n hallinnollisesti my\u00f6s koulutoimen alaisuudessa. Vuonna 2016 tiukassa taloustilanteessa Espoo purki p\u00e4\u00e4t\u00f6ksen ja siirsi my\u00f6s koulujen j\u00e4rjest\u00e4m\u00e4n esiopetuksen yhden tulosyksik\u00f6n, varhaiskasvatuksen alaisuuteen 1.8. 2017 alkaen. T\u00e4ll\u00e4 toimenpiteell\u00e4 oli iso vaikutus esiopetusta kouluissa antavien opettajien ty\u00f6ehtoihin, mutta my\u00f6s esiopetuksen j\u00e4rjestelyihin.<\/p>\r\n<p>Espoossa maksutonta esiopetusta j\u00e4rjestet\u00e4\u00e4n nyt kaupungin p\u00e4iv\u00e4kodeissa ja osassa kouluista. Kouluissa esiopetus voi olla joko koulun itse j\u00e4rjest\u00e4m\u00e4\u00e4 tai sit\u00e4 voidaan vain antaa koulun tiloissa. Kaupunkien omien p\u00e4iv\u00e4kotien lis\u00e4ksi esiopetusta j\u00e4rjestet\u00e4\u00e4n ostopalvelup\u00e4iv\u00e4kodeissa, yksityisiss\u00e4 p\u00e4iv\u00e4kodeissa, palvelusetelip\u00e4iv\u00e4kodeissa sek\u00e4 yksityisen hoidon tuen p\u00e4iv\u00e4kodeissa. Kaikissa niiss\u00e4 noudatetaan yhteist\u00e4 esiopetuksen opetussuunnitelmaa.<\/p>\r\n<p>Esiopetusta annetaan nelj\u00e4 tuntia p\u00e4iv\u00e4ss\u00e4. Lapset saavat t\u00e4n\u00e4 aikana my\u00f6s lounaan.<\/p>\r\n<p><\/p>\r\n<\/div>","protected":false},"excerpt":{"rendered":"<p>Koulutuksen kehittyminen Espoossa\u00a0\u00a0\u00a0\u00a0\u00a0\u00a0\u00a0\u00a0Kansisivulle 1970-luku 1980-luku 1990-luku 2000-luku 2010-luku 2020-luku Esiopetusta Espoossa p\u00e4iv\u00e4kodeissa ja kouluissa Esiopetus on osa p\u00e4iv\u00e4hoitoa eli nykyhallinnon kielell\u00e4 varhaiskasvatusta. Esiopetuksella tarkoitetaan arkikielell\u00e4 suunnitelmallista kasvatusta ja opetusta, jota annetaan kuusivuotiaille ennen koulun aloittamista ja joka valmentaa siihen vahvistamalla koulunk\u00e4ynnin valmiuksia. Virallisesti esiopetus esiintyi k\u00e4sitteen\u00e4 lakitasolla ensi kertaa vasta perusopetuslaissa (Perusopetuslaki 628\/1998). Perinteisesti esiopetusta&hellip; <a class=\"more-link\" href=\"https:\/\/espoonperinneseura.net\/espoo1972\/koulutus-espoossa-1990-luvulla\/esiopetus-espoossa\/\">Jatka lukemista <span class=\"screen-reader-text\">Esiopetusta Espoossa p\u00e4iv\u00e4kodeissa ja kouluissa<\/span><\/a><\/p>\n","protected":false},"author":1,"featured_media":0,"parent":3169,"menu_order":6,"comment_status":"closed","ping_status":"closed","template":"","meta":{"_eb_attr":"","_exactmetrics_skip_tracking":false,"_exactmetrics_sitenote_active":false,"_exactmetrics_sitenote_note":"","_exactmetrics_sitenote_category":0,"footnotes":""},"class_list":["post-3479","page","type-page","status-publish","hentry","entry"],"_links":{"self":[{"href":"https:\/\/espoonperinneseura.net\/espoo1972\/wp-json\/wp\/v2\/pages\/3479","targetHints":{"allow":["GET"]}}],"collection":[{"href":"https:\/\/espoonperinneseura.net\/espoo1972\/wp-json\/wp\/v2\/pages"}],"about":[{"href":"https:\/\/espoonperinneseura.net\/espoo1972\/wp-json\/wp\/v2\/types\/page"}],"author":[{"embeddable":true,"href":"https:\/\/espoonperinneseura.net\/espoo1972\/wp-json\/wp\/v2\/users\/1"}],"replies":[{"embeddable":true,"href":"https:\/\/espoonperinneseura.net\/espoo1972\/wp-json\/wp\/v2\/comments?post=3479"}],"version-history":[{"count":5,"href":"https:\/\/espoonperinneseura.net\/espoo1972\/wp-json\/wp\/v2\/pages\/3479\/revisions"}],"predecessor-version":[{"id":3959,"href":"https:\/\/espoonperinneseura.net\/espoo1972\/wp-json\/wp\/v2\/pages\/3479\/revisions\/3959"}],"up":[{"embeddable":true,"href":"https:\/\/espoonperinneseura.net\/espoo1972\/wp-json\/wp\/v2\/pages\/3169"}],"wp:attachment":[{"href":"https:\/\/espoonperinneseura.net\/espoo1972\/wp-json\/wp\/v2\/media?parent=3479"}],"curies":[{"name":"wp","href":"https:\/\/api.w.org\/{rel}","templated":true}]}}