{"id":3696,"date":"2022-08-02T06:50:10","date_gmt":"2022-08-02T03:50:10","guid":{"rendered":"https:\/\/espoonperinneseura.net\/espoo1972\/?page_id=3696"},"modified":"2022-08-16T09:18:36","modified_gmt":"2022-08-16T06:18:36","slug":"taiteen-perusopetus","status":"publish","type":"page","link":"https:\/\/espoonperinneseura.net\/espoo1972\/koulutus-espoossa-1990-luvulla\/taiteen-perusopetus\/","title":{"rendered":"Taiteen perusopetus k\u00e4ynnistyi"},"content":{"rendered":"<!-- Added by Post\/Page Specific Custom Code plugin, thank you for using! -->\n<style>.entry-title,  .entry-header {\r\n\tdisplay: none;\r\n}<\/style>\n<h5>Koulutuksen kehittyminen Espoossa\u00a0\u00a0\u00a0\u00a0\u00a0\u00a0\u00a0\u00a0<a href=\"https:\/\/espoonperinneseura.net\/espoo1972\/koulutus-espoossa-1970-2020\/\">Kansisivulle<\/a><\/h5>\r\n\r\n<div style=\"margin: auto;\">\r\n<div class=\"btn\"><a class=\"btn-text\" style=\"color: #000;\" href=\"https:\/\/espoonperinneseura.net\/espoo1972\/koulutus-espoossa-1970-luvulla\/\">1970-luku<\/a><\/div>\r\n<div class=\"btn\"><a class=\"btn-text\" style=\"color: #000;\" href=\"https:\/\/espoonperinneseura.net\/espoo1972\/koulutus-espoossa-1980-luvulla\/\">1980-luku<\/a><\/div>\r\n<div class=\"btn\"><a class=\"btn-text\" style=\"color: #fff;\" href=\"https:\/\/espoonperinneseura.net\/espoo1972\/koulutus-espoossa-1990-luvulla\/\">1990-luku<\/a><\/div>\r\n<div class=\"btn\"><a class=\"btn-text\" style=\"color: #000;\" href=\"https:\/\/espoonperinneseura.net\/espoo1972\/koulutus-espoossa-2000-luvulla\/\">2000-luku<\/a><\/div>\r\n<div class=\"btn\"><a class=\"btn-text\" style=\"color: #000;\" href=\"https:\/\/espoonperinneseura.net\/espoo1972\/koulutus-espoossa-2010-luvulla\/\">2010-luku<\/a><\/div>\r\n<div class=\"btn\"><a class=\"btn-text\" style=\"color: #000;\" href=\"https:\/\/espoonperinneseura.net\/espoo1972\/koulutus-espoossa-2020-luvulla\/\">2020-luku<\/a><\/div>\r\n<\/div>\r\n\r\n<h3 style=\"clear: both; padding-top: 25px;\">Taiteen perusopetus k\u00e4ynnistyi<\/h3>\r\n<div style=\"margin: auto;\">\r\n<p><img loading=\"lazy\" decoding=\"async\" class=\"alignleft size-full wp-image-3952\" src=\"https:\/\/espoonperinneseura.net\/espoo1972\/wp-content\/uploads\/2022\/08\/Taiteen-perusopetus.jpg\" alt=\"\" width=\"700\" height=\"491\" srcset=\"https:\/\/espoonperinneseura.net\/espoo1972\/wp-content\/uploads\/2022\/08\/Taiteen-perusopetus.jpg 700w, https:\/\/espoonperinneseura.net\/espoo1972\/wp-content\/uploads\/2022\/08\/Taiteen-perusopetus-300x210.jpg 300w\" sizes=\"auto, (max-width: 700px) 100vw, 700px\" \/><\/p>\r\n<p style=\"clear:both;\">Vuonna 1998 Suomessa tehtiin merkitt\u00e4v\u00e4 p\u00e4\u00e4t\u00f6s: S\u00e4\u00e4dettiin laki taiteen perusopetuksesta. Taiteen perusopetuksen edell\u00e4k\u00e4vij\u00f6it\u00e4 olivat olleet 1960-luvulla syntyneet musiikkioppilaitokset, ja niiden per\u00e4ss\u00e4 1970 &#8211; 1980 -luvuilla syntyneet kuvataidekoulut ja tanssikoulut. Kaikille yhteisen, yleissivist\u00e4v\u00e4n koulun ulkopuolelle alkoi synty\u00e4 uusi kouluj\u00e4rjestelm\u00e4, lasten ja nuorten taidekoulut. Niille oli tarvetta, koska peruskoulu-uudistus heikensi taideaineiden asemaa yleissivista\u0308va\u0308ssa\u0308 koulussa. Niinp\u00e4 taiteen yst\u00e4v\u00e4t rakensivat lapsille ja nuorille lis\u00e4\u00e4 taideharrastusmahdollisuuksia virallisen kouluj\u00e4rjestelm\u00e4n ulkopuolelle.<\/p>\r\n<p>Varsinaisesti taiteen perusopetuksen suunnittelu oli k\u00e4ynnistynyt 1980-luvun puoliv\u00e4liss\u00e4. Taustalla ei ollut pelk\u00e4st\u00e4\u00e4n innostus taiteeseen, vaan my\u00f6s elinkeinoel\u00e4m\u00e4n vaatimus lis\u00e4t\u00e4 matemaattis-luonnontieteellisten aineiden tuntim\u00e4\u00e4ri\u00e4 perusopetuksessa siirt\u00e4m\u00e4ll\u00e4 taideopetusta kouluajan ulkopuolelle.<\/p>\r\n<p>Vuoden 1998 lain mukaan taiteen perusopetus oli tavoitteellista, tasolta toiselle etenev\u00e4\u00e4, ensisijaisesti lapsille ja nuorille j\u00e4rjestett\u00e4v\u00e4\u00e4 eri taiteenalojen opetusta, joka samalla antoi oppilaalle valmiuksia ilmaista itse\u00e4\u00e4n ja hakeutua asianomaisen taiteenalan ammatilliseen ja korkea-asteen koulutukseen. Toiminnan j\u00e4rjest\u00e4miseen tarvittava lupa voitiin my\u00f6nt\u00e4\u00e4 kunnille, kuntayhtymille, rekister\u00f6idyille yhteis\u00f6ille tai s\u00e4\u00e4ti\u00f6ille. Opetussuunnitelman laati opetushallitus.<\/p>\r\n<p>Taiteen perusopetusta annetaan t\u00e4ll\u00e4 hetkell\u00e4 yhdeks\u00e4ll\u00e4 taiteenalalla: oppilaat opiskelevat arkkitehtuuria, kuvataidetta, k\u00e4sity\u00f6t\u00e4, mediataiteita, musiikkia, sanataidetta, sirkustaidetta, tanssia tai teatteritaidetta.<br \/><br \/>Opetus jakaantuu yleiseen ja laajaan oppim\u00e4\u00e4r\u00e4\u00e4n. Koulutus on yleens\u00e4 maksullista, mutta sit\u00e4 ei saa j\u00e4rjest\u00e4\u00e4 voiton tavoittelemiseksi.<\/p>\r\n<p>Tehtyjen arviointien perusteella taiteen perusopetuksen pedagogiikka toimii hyvin ja er\u00e4ill\u00e4 taiteenaloilla jopa eritt\u00e4in hyvin.<\/p>\r\n<p><strong>Taideopetuksen juuret Espoossa<\/strong><\/p>\r\n<p>Jo ennen vuoden 1998 lakia Espoossa toimi useita taideoppilaitoksia. Vuonna 1963 Lions Club Espoo oli perustanut Espoon kauppalaan Espoon musiikkiopiston (EMO). Se oli Espoon ensimm\u00e4inen taidelaitos.<\/p>\r\n<p>Toinen musiikkikoulu Juvenalia syntyi vuonna 1977. Vuonna 1979 perustettiin Espoon kuvataidekoulu espoolaisten kuvataideopettajien toimesta.<\/p>\r\n<p>Vuonna 1981 aloitti toimintansa Espoon Tanssiopisto Espoon Balettiopiston nimella\u0308, ja vuonna 1982 Espoon musiikki- ja tanssikoulu Estrada-nimell\u00e4 Pohjois-Espoon musiikkiyhdistys. Rytmimusiikkiopisto Tauko k\u00e4ynnisti toimintansa vuonna 1985.<\/p>\r\n<p>Ennen lakia taiteen perusopetuksesta perustettiin viel\u00e4 vuonna 1990 Suvelan sirkuskoulu ja vuonna 1993 Taidekoulu Tatavuu.<\/p>\r\n<p><strong>Taiteen perusopetus Espoossa t\u00e4n\u00e4\u00e4n<\/strong><\/p>\r\n<p>Taiteen perusopetusta j\u00e4rjest\u00e4v\u00e4t Espoossa nykyisin yksityiset tahot, mutta kaupunki tukee toimintaa. Espoossa toimii 19 taiteen perusopetuksen oppilaitosta.<\/p>\r\n<ul>\r\n<li style=\"margin-bottom: 6px;\">Arkkitehtuurissa: Lasten ja nuorten arkkitehtuurikoulu ARKKI (1993-)<\/li>\r\n<li style=\"margin-bottom: 6px;\">Kuvataiteessa ja k\u00e4sity\u00f6ss\u00e4: Espoon kuvataidekoulu Kuvis (1979-), Mediataiteessa: K\u00e4sity\u00f6koulu Robotti (2012-)<\/li>\r\n<li style=\"margin-bottom: 6px;\">Musiikissa: Amado-musiikkikoulu (2002-), Musiikkiopisto Avonia (2000-.) Musikinstitutet Kungsv\u00e4gen (1974-), Espoon musiikki- ja tanssikoulu Estrada (alunperin Pohjois-Espoon musiikkiyhdistys 1982-). Espoon musiikkiopisto (alun perin Espoon musiikkikoulu 1977-), International School of Music Finland (2015-), Musiikkiopisto Juvenalia (1977-), Musiikkikoulu DEMO (2012-), Jamkids (2006-) ja Rytmimusiikkiopisto Tauko (1985-)<\/li>\r\n<li style=\"margin-bottom: 6px;\">Sanataiteessa: Vantaan sanataidekoulu (1994-)<\/li>\r\n<li style=\"margin-bottom: 6px;\">Tanssissa: Espoon musiikki- ja tanssikoulu Estrada, (1982-), Espoon Tanssiopisto (1983-), Tanssikeskus Footlight (1984-), Tanssikoulu DCA (1999-)<\/li>\r\n<li style=\"margin-bottom: 6px;\">Teatteri- ja sirkustaiteissa: Espoon sirkus- ja teatterikoulu ESKO (1999-)<\/li>\r\n<li>Aikuisille taiteen perusopetusta on jo pitk\u00e4\u00e4n tarjonnut Espoon ty\u00f6v\u00e4enopisto (2002-), joka on ollut vuodesta 2015 alkaen osa Omniaa.<\/li>\r\n<\/ul>\r\n<\/div>","protected":false},"excerpt":{"rendered":"<p>Koulutuksen kehittyminen Espoossa\u00a0\u00a0\u00a0\u00a0\u00a0\u00a0\u00a0\u00a0Kansisivulle 1970-luku 1980-luku 1990-luku 2000-luku 2010-luku 2020-luku Taiteen perusopetus k\u00e4ynnistyi Vuonna 1998 Suomessa tehtiin merkitt\u00e4v\u00e4 p\u00e4\u00e4t\u00f6s: S\u00e4\u00e4dettiin laki taiteen perusopetuksesta. Taiteen perusopetuksen edell\u00e4k\u00e4vij\u00f6it\u00e4 olivat olleet 1960-luvulla syntyneet musiikkioppilaitokset, ja niiden per\u00e4ss\u00e4 1970 &#8211; 1980 -luvuilla syntyneet kuvataidekoulut ja tanssikoulut. Kaikille yhteisen, yleissivist\u00e4v\u00e4n koulun ulkopuolelle alkoi synty\u00e4 uusi kouluj\u00e4rjestelm\u00e4, lasten ja nuorten taidekoulut. Niille&hellip; <a class=\"more-link\" href=\"https:\/\/espoonperinneseura.net\/espoo1972\/koulutus-espoossa-1990-luvulla\/taiteen-perusopetus\/\">Jatka lukemista <span class=\"screen-reader-text\">Taiteen perusopetus k\u00e4ynnistyi<\/span><\/a><\/p>\n","protected":false},"author":1,"featured_media":0,"parent":3169,"menu_order":8,"comment_status":"closed","ping_status":"closed","template":"","meta":{"_eb_attr":"","_exactmetrics_skip_tracking":false,"_exactmetrics_sitenote_active":false,"_exactmetrics_sitenote_note":"","_exactmetrics_sitenote_category":0,"footnotes":""},"class_list":["post-3696","page","type-page","status-publish","hentry","entry"],"_links":{"self":[{"href":"https:\/\/espoonperinneseura.net\/espoo1972\/wp-json\/wp\/v2\/pages\/3696","targetHints":{"allow":["GET"]}}],"collection":[{"href":"https:\/\/espoonperinneseura.net\/espoo1972\/wp-json\/wp\/v2\/pages"}],"about":[{"href":"https:\/\/espoonperinneseura.net\/espoo1972\/wp-json\/wp\/v2\/types\/page"}],"author":[{"embeddable":true,"href":"https:\/\/espoonperinneseura.net\/espoo1972\/wp-json\/wp\/v2\/users\/1"}],"replies":[{"embeddable":true,"href":"https:\/\/espoonperinneseura.net\/espoo1972\/wp-json\/wp\/v2\/comments?post=3696"}],"version-history":[{"count":6,"href":"https:\/\/espoonperinneseura.net\/espoo1972\/wp-json\/wp\/v2\/pages\/3696\/revisions"}],"predecessor-version":[{"id":3961,"href":"https:\/\/espoonperinneseura.net\/espoo1972\/wp-json\/wp\/v2\/pages\/3696\/revisions\/3961"}],"up":[{"embeddable":true,"href":"https:\/\/espoonperinneseura.net\/espoo1972\/wp-json\/wp\/v2\/pages\/3169"}],"wp:attachment":[{"href":"https:\/\/espoonperinneseura.net\/espoo1972\/wp-json\/wp\/v2\/media?parent=3696"}],"curies":[{"name":"wp","href":"https:\/\/api.w.org\/{rel}","templated":true}]}}