{"id":3756,"date":"2022-08-04T06:02:36","date_gmt":"2022-08-04T03:02:36","guid":{"rendered":"https:\/\/espoonperinneseura.net\/espoo1972\/?page_id=3756"},"modified":"2022-08-05T07:49:17","modified_gmt":"2022-08-05T04:49:17","slug":"inkluusio","status":"publish","type":"page","link":"https:\/\/espoonperinneseura.net\/espoo1972\/koulutus-espoossa-2010-luvulla\/inkluusio\/","title":{"rendered":"Inkluusio \u2013 juu vai ei?"},"content":{"rendered":"<!-- Added by Post\/Page Specific Custom Code plugin, thank you for using! -->\n<style>.entry-title,  .entry-header {\r\n\tdisplay: none;\r\n}<\/style>\n<h5>Koulutuksen kehittyminen Espoossa\u00a0\u00a0\u00a0\u00a0\u00a0\u00a0\u00a0\u00a0<a href=\"https:\/\/espoonperinneseura.net\/espoo1972\/koulutus-espoossa-1970-2020\/\">Kansisivulle<\/a><\/h5>\r\n\r\n<div style=\"margin: auto;\">\r\n<div class=\"btn\"><a class=\"btn-text\" style=\"color: #000;\" href=\"https:\/\/espoonperinneseura.net\/espoo1972\/koulutus-espoossa-1970-luvulla\/\">1970-luku<\/a><\/div>\r\n<div class=\"btn\"><a class=\"btn-text\" style=\"color: #000;\" href=\"https:\/\/espoonperinneseura.net\/espoo1972\/koulutus-espoossa-1980-luvulla\/\">1980-luku<\/a><\/div>\r\n<div class=\"btn\"><a class=\"btn-text\" style=\"color: #000;\" href=\"https:\/\/espoonperinneseura.net\/espoo1972\/koulutus-espoossa-1990-luvulla\/\">1990-luku<\/a><\/div>\r\n<div class=\"btn\"><a class=\"btn-text\" style=\"color: #000;\" href=\"https:\/\/espoonperinneseura.net\/espoo1972\/koulutus-espoossa-2000-luvulla\/\">2000-luku<\/a><\/div>\r\n<div class=\"btn\"><a class=\"btn-text\" style=\"color: #fff;\" href=\"https:\/\/espoonperinneseura.net\/espoo1972\/koulutus-espoossa-2010-luvulla\/\">2010-luku<\/a><\/div>\r\n<div class=\"btn\"><a class=\"btn-text\" style=\"color: #000;\" href=\"https:\/\/espoonperinneseura.net\/espoo1972\/koulutus-espoossa-2020-luvulla\/\">2020-luku<\/a><\/div>\r\n<\/div>\r\n\r\n<h3 style=\"clear: both; padding-top: 25px;\">Inkluusio \u2013 juu vai ei?<\/h3>\r\n<div style=\"margin: auto;\">\r\n<p>Yksi koulutuksen isoja trendej\u00e4 on ollut integraatio: se, ett\u00e4 asteittain kaikki erilaiset oppilaat ovat p\u00e4\u00e4sseet samaan koulutukseen. Kaikki s\u00e4\u00e4dyt. My\u00f6s tyt\u00f6t. Eri lailla lahjakkaat. Ja erilaisista vammoista ja ongelmista k\u00e4rsiv\u00e4t.<\/p>\r\n<p>Iso loikka otettiin Suomessa 1990-luvulla, jolloin edes syv\u00e4sti kehitysvammaisia ei en\u00e4\u00e4 vapautettu oppivelvollisuudesta. Samalla lopetettiin apukoulut ja tehtiin p\u00e4\u00e4t\u00f6s, ett\u00e4 erityisoppilaita voidaan opettaa my\u00f6s yleisopetuksen ryhmiss\u00e4, oppi h\u00e4n hitaammin tai olipa h\u00e4nell\u00e4 k\u00e4ytt\u00e4ytymisvaikeuksia. Erityisopetus alettiin kokea eristysopetukseksi.<\/p>\r\n<p>Maailmalla k\u00e4\u00e4nne oli alkanut jo aiemmin. Vuonna 1993 YK korosti kaikkien lasten oikeutta k\u00e4yd\u00e4 tavallista koulua. Katsottiin, ett\u00e4 jokaisella on oikeus l\u00e4sn\u00e4oloon muiden joukossa siit\u00e4 huolimatta, ett\u00e4 tarvitsee tukea. Unescon j\u00e4rjest\u00e4m\u00e4ss\u00e4 Salamancan kokouksessa (1994) tunnuslauseeksi valittiin inklusiivinen kasvatus, kasvatus, joka hyv\u00e4ksyy kaikki lapset tavallisille luokille. Vuonna 2006 YK:n j\u00e4senvaltiot allekirjoittivat vammaisten oikeuksien sopimuksen. Suomi ei ratifioinut sopimusta.<\/p>\r\n<p><img loading=\"lazy\" decoding=\"async\" class=\"alignnone size-large wp-image-3847\" src=\"https:\/\/espoonperinneseura.net\/espoo1972\/wp-content\/uploads\/2022\/08\/Inkluusio-1024x656.png\" alt=\"\" width=\"750\" height=\"480\" srcset=\"https:\/\/espoonperinneseura.net\/espoo1972\/wp-content\/uploads\/2022\/08\/Inkluusio-1024x656.png 1024w, https:\/\/espoonperinneseura.net\/espoo1972\/wp-content\/uploads\/2022\/08\/Inkluusio-300x192.png 300w, https:\/\/espoonperinneseura.net\/espoo1972\/wp-content\/uploads\/2022\/08\/Inkluusio-768x492.png 768w, https:\/\/espoonperinneseura.net\/espoo1972\/wp-content\/uploads\/2022\/08\/Inkluusio-1536x985.png 1536w, https:\/\/espoonperinneseura.net\/espoo1972\/wp-content\/uploads\/2022\/08\/Inkluusio-1568x1005.png 1568w, https:\/\/espoonperinneseura.net\/espoo1972\/wp-content\/uploads\/2022\/08\/Inkluusio.png 1800w\" sizes=\"auto, (max-width: 750px) 100vw, 750px\" \/><\/p>\r\n<p>Alettiin puhua inkluusioista &#8211; yhteisest\u00e4 koulusta kaikille. Tukea tarvitsevan lapsenkin oikeudesta saada k\u00e4yd\u00e4 omaa l\u00e4hikoulua ja saada tarvitsemansa tuki omassa koulussa. Jotteivat he tulisi leimatuksi. Ajateltiin, ett\u00e4 tavallisen koulun tavallinen luokka on paras paikka useimmille oppilaille, kunhan he vain saavat tarpeeksi tukea. <br \/>Keksittiin ns. kolmiportaisen tuen malli. Hieno idea, joka vaati rahaa. Jota ei ollut. Inkluusion k\u00e4sitteest\u00e4 tuli sumuverho. Oikea tavoite oli leikata erityisopetuksen kalliita menoja. Ongelmat r\u00e4j\u00e4htiv\u00e4t k\u00e4siin erityisesti, kun yleisopetukseen siirrettiin entisi\u00e4 tarkkisoppilaita. Opettajat valittivat, ett\u00e4 kaikki aika menee h\u00e4irikk\u00f6oppilaan rauhoitteluun, ja muut j\u00e4\u00e4v\u00e4t vaille opetusta.<\/p>\r\n<p>Jotta nykyist\u00e4 suurempi joukko oppilaita p\u00e4rj\u00e4isi hyvin tavallisessa luokassa l\u00e4hikoulussa, siell\u00e4 tulisi olisi tarpeeksi erityisopettajia, psykologeja ja kuraattoreita. N\u00e4in ei ole, sanovat tutkijat. Kaikilla opettajilla tulisi olla tarvittavaa koulutusta erityisoppilaiden kohtaamiseen, mm. vihan hallintaan, vuorovaikutuksen ja itsens\u00e4 rauhoittamiseen. N\u00e4in ei nyt ole.<\/p>\r\n<p>2010- luvulla Espoossa haluttiin tarttua inkluusioon. Hallinto ja koulut ajautuivat jopa kriiseihin. Kouluilta puuttui erityisopetuksen osaamista, kolmiportaisen tuen dokumentointivaatimukset. Opettajat tarvitsevat aiempaa enemm\u00e4n erityispedagogiikan taitoja ja kokemusta erityist\u00e4 tukea tarvitsevien oppilaiden kanssa toimimisesta. Resurssit eiv\u00e4t korvaa inkluusion mahdollistavan toimintakulttuurin merkityst\u00e4.<\/p>\r\n<p>T\u00e4n\u00e4\u00e4n Suomi on kansainv\u00e4lisin sopimuksin sitoutunut j\u00e4rjest\u00e4m\u00e4\u00e4n koko ik\u00e4luokalle yhteisen peruskasvatuksen, johon kuuluvat erityisopetuksen eri muodot. P\u00e4\u00e4periaate on kuitenkin taata kaikille lapsille oikeus k\u00e4yd\u00e4 kotiaan l\u00e4hinn\u00e4 olevaa koulua ja saada siell\u00e4 tarvitsemansa pedagoginen ja muu lis\u00e4tuki.<\/p>\r\n<p>T\u00e4rkein asia on yh\u00e4 lapsen oikeus k\u00e4yd\u00e4 kotiaan l\u00e4hinn\u00e4 olevaa koulua ja saada siell\u00e4 tarvitsemansa pedagoginen ja muu lis\u00e4tuki.<\/p>\r\n<\/div>","protected":false},"excerpt":{"rendered":"<p>Koulutuksen kehittyminen Espoossa\u00a0\u00a0\u00a0\u00a0\u00a0\u00a0\u00a0\u00a0Kansisivulle 1970-luku 1980-luku 1990-luku 2000-luku 2010-luku 2020-luku Inkluusio \u2013 juu vai ei? Yksi koulutuksen isoja trendej\u00e4 on ollut integraatio: se, ett\u00e4 asteittain kaikki erilaiset oppilaat ovat p\u00e4\u00e4sseet samaan koulutukseen. Kaikki s\u00e4\u00e4dyt. My\u00f6s tyt\u00f6t. Eri lailla lahjakkaat. Ja erilaisista vammoista ja ongelmista k\u00e4rsiv\u00e4t. Iso loikka otettiin Suomessa 1990-luvulla, jolloin edes syv\u00e4sti kehitysvammaisia ei en\u00e4\u00e4&hellip; <a class=\"more-link\" href=\"https:\/\/espoonperinneseura.net\/espoo1972\/koulutus-espoossa-2010-luvulla\/inkluusio\/\">Jatka lukemista <span class=\"screen-reader-text\">Inkluusio \u2013 juu vai ei?<\/span><\/a><\/p>\n","protected":false},"author":1,"featured_media":0,"parent":3171,"menu_order":8,"comment_status":"closed","ping_status":"closed","template":"","meta":{"_eb_attr":"","_exactmetrics_skip_tracking":false,"_exactmetrics_sitenote_active":false,"_exactmetrics_sitenote_note":"","_exactmetrics_sitenote_category":0,"footnotes":""},"class_list":["post-3756","page","type-page","status-publish","hentry","entry"],"_links":{"self":[{"href":"https:\/\/espoonperinneseura.net\/espoo1972\/wp-json\/wp\/v2\/pages\/3756","targetHints":{"allow":["GET"]}}],"collection":[{"href":"https:\/\/espoonperinneseura.net\/espoo1972\/wp-json\/wp\/v2\/pages"}],"about":[{"href":"https:\/\/espoonperinneseura.net\/espoo1972\/wp-json\/wp\/v2\/types\/page"}],"author":[{"embeddable":true,"href":"https:\/\/espoonperinneseura.net\/espoo1972\/wp-json\/wp\/v2\/users\/1"}],"replies":[{"embeddable":true,"href":"https:\/\/espoonperinneseura.net\/espoo1972\/wp-json\/wp\/v2\/comments?post=3756"}],"version-history":[{"count":5,"href":"https:\/\/espoonperinneseura.net\/espoo1972\/wp-json\/wp\/v2\/pages\/3756\/revisions"}],"predecessor-version":[{"id":3852,"href":"https:\/\/espoonperinneseura.net\/espoo1972\/wp-json\/wp\/v2\/pages\/3756\/revisions\/3852"}],"up":[{"embeddable":true,"href":"https:\/\/espoonperinneseura.net\/espoo1972\/wp-json\/wp\/v2\/pages\/3171"}],"wp:attachment":[{"href":"https:\/\/espoonperinneseura.net\/espoo1972\/wp-json\/wp\/v2\/media?parent=3756"}],"curies":[{"name":"wp","href":"https:\/\/api.w.org\/{rel}","templated":true}]}}

<!-- Added by Post/Page Specific Custom Code plugin, thank you for using! -->
<style>.entry-title,  .entry-header {
	display: none;
}</style>
<h5>Koulutuksen kehittyminen Espoossa        <a href="https://espoonperinneseura.net/espoo1972/koulutus-espoossa-1970-2020/">Kansisivulle</a></h5>

<div style="margin: auto;">
<div class="btn"><a class="btn-text" style="color: #000;" href="https://espoonperinneseura.net/espoo1972/koulutus-espoossa-1970-luvulla/">1970-luku</a></div>
<div class="btn"><a class="btn-text" style="color: #000;" href="https://espoonperinneseura.net/espoo1972/koulutus-espoossa-1980-luvulla/">1980-luku</a></div>
<div class="btn"><a class="btn-text" style="color: #000;" href="https://espoonperinneseura.net/espoo1972/koulutus-espoossa-1990-luvulla/">1990-luku</a></div>
<div class="btn"><a class="btn-text" style="color: #000;" href="https://espoonperinneseura.net/espoo1972/koulutus-espoossa-2000-luvulla/">2000-luku</a></div>
<div class="btn"><a class="btn-text" style="color: #fff;" href="https://espoonperinneseura.net/espoo1972/koulutus-espoossa-2010-luvulla/">2010-luku</a></div>
<div class="btn"><a class="btn-text" style="color: #000;" href="https://espoonperinneseura.net/espoo1972/koulutus-espoossa-2020-luvulla/">2020-luku</a></div>
</div>

<h3 style="clear: both; padding-top: 25px;">Inkluusio – juu vai ei?</h3>
<div style="margin: auto;">
<p>Yksi koulutuksen isoja trendejä on ollut integraatio: se, että asteittain kaikki erilaiset oppilaat ovat päässeet samaan koulutukseen. Kaikki säädyt. Myös tytöt. Eri lailla lahjakkaat. Ja erilaisista vammoista ja ongelmista kärsivät.</p>
<p>Iso loikka otettiin Suomessa 1990-luvulla, jolloin edes syvästi kehitysvammaisia ei enää vapautettu oppivelvollisuudesta. Samalla lopetettiin apukoulut ja tehtiin päätös, että erityisoppilaita voidaan opettaa myös yleisopetuksen ryhmissä, oppi hän hitaammin tai olipa hänellä käyttäytymisvaikeuksia. Erityisopetus alettiin kokea eristysopetukseksi.</p>
<p>Maailmalla käänne oli alkanut jo aiemmin. Vuonna 1993 YK korosti kaikkien lasten oikeutta käydä tavallista koulua. Katsottiin, että jokaisella on oikeus läsnäoloon muiden joukossa siitä huolimatta, että tarvitsee tukea. Unescon järjestämässä Salamancan kokouksessa (1994) tunnuslauseeksi valittiin inklusiivinen kasvatus, kasvatus, joka hyväksyy kaikki lapset tavallisille luokille. Vuonna 2006 YK:n jäsenvaltiot allekirjoittivat vammaisten oikeuksien sopimuksen. Suomi ei ratifioinut sopimusta.</p>
<p><img loading="lazy" decoding="async" class="alignnone size-large wp-image-3847" src="https://espoonperinneseura.net/espoo1972/wp-content/uploads/2022/08/Inkluusio-1024x656.png" alt="" width="750" height="480" srcset="https://espoonperinneseura.net/espoo1972/wp-content/uploads/2022/08/Inkluusio-1024x656.png 1024w, https://espoonperinneseura.net/espoo1972/wp-content/uploads/2022/08/Inkluusio-300x192.png 300w, https://espoonperinneseura.net/espoo1972/wp-content/uploads/2022/08/Inkluusio-768x492.png 768w, https://espoonperinneseura.net/espoo1972/wp-content/uploads/2022/08/Inkluusio-1536x985.png 1536w, https://espoonperinneseura.net/espoo1972/wp-content/uploads/2022/08/Inkluusio-1568x1005.png 1568w, https://espoonperinneseura.net/espoo1972/wp-content/uploads/2022/08/Inkluusio.png 1800w" sizes="auto, (max-width: 750px) 100vw, 750px" /></p>
<p>Alettiin puhua inkluusioista &#8211; yhteisestä koulusta kaikille. Tukea tarvitsevan lapsenkin oikeudesta saada käydä omaa lähikoulua ja saada tarvitsemansa tuki omassa koulussa. Jotteivat he tulisi leimatuksi. Ajateltiin, että tavallisen koulun tavallinen luokka on paras paikka useimmille oppilaille, kunhan he vain saavat tarpeeksi tukea. <br />Keksittiin ns. kolmiportaisen tuen malli. Hieno idea, joka vaati rahaa. Jota ei ollut. Inkluusion käsitteestä tuli sumuverho. Oikea tavoite oli leikata erityisopetuksen kalliita menoja. Ongelmat räjähtivät käsiin erityisesti, kun yleisopetukseen siirrettiin entisiä tarkkisoppilaita. Opettajat valittivat, että kaikki aika menee häirikköoppilaan rauhoitteluun, ja muut jäävät vaille opetusta.</p>
<p>Jotta nykyistä suurempi joukko oppilaita pärjäisi hyvin tavallisessa luokassa lähikoulussa, siellä tulisi olisi tarpeeksi erityisopettajia, psykologeja ja kuraattoreita. Näin ei ole, sanovat tutkijat. Kaikilla opettajilla tulisi olla tarvittavaa koulutusta erityisoppilaiden kohtaamiseen, mm. vihan hallintaan, vuorovaikutuksen ja itsensä rauhoittamiseen. Näin ei nyt ole.</p>
<p>2010- luvulla Espoossa haluttiin tarttua inkluusioon. Hallinto ja koulut ajautuivat jopa kriiseihin. Kouluilta puuttui erityisopetuksen osaamista, kolmiportaisen tuen dokumentointivaatimukset. Opettajat tarvitsevat aiempaa enemmän erityispedagogiikan taitoja ja kokemusta erityistä tukea tarvitsevien oppilaiden kanssa toimimisesta. Resurssit eivät korvaa inkluusion mahdollistavan toimintakulttuurin merkitystä.</p>
<p>Tänään Suomi on kansainvälisin sopimuksin sitoutunut järjestämään koko ikäluokalle yhteisen peruskasvatuksen, johon kuuluvat erityisopetuksen eri muodot. Pääperiaate on kuitenkin taata kaikille lapsille oikeus käydä kotiaan lähinnä olevaa koulua ja saada siellä tarvitsemansa pedagoginen ja muu lisätuki.</p>
<p>Tärkein asia on yhä lapsen oikeus käydä kotiaan lähinnä olevaa koulua ja saada siellä tarvitsemansa pedagoginen ja muu lisätuki.</p>
</div>

<p>Koulutuksen kehittyminen Espoossa        Kansisivulle 1970-luku 1980-luku 1990-luku 2000-luku 2010-luku 2020-luku Inkluusio – juu vai ei? Yksi koulutuksen isoja trendejä on ollut integraatio: se, että asteittain kaikki erilaiset oppilaat ovat päässeet samaan koulutukseen. Kaikki säädyt. Myös tytöt. Eri lailla lahjakkaat. Ja erilaisista vammoista ja ongelmista kärsivät. Iso loikka otettiin Suomessa 1990-luvulla, jolloin edes syvästi kehitysvammaisia ei enää&hellip; <a class="more-link" href="https://espoonperinneseura.net/espoo1972/koulutus-espoossa-2010-luvulla/inkluusio/">Jatka lukemista <span class="screen-reader-text">Inkluusio – juu vai ei?</span></a></p>
