{"id":3759,"date":"2022-08-04T06:14:39","date_gmt":"2022-08-04T03:14:39","guid":{"rendered":"https:\/\/espoonperinneseura.net\/espoo1972\/?page_id=3759"},"modified":"2022-08-05T07:46:42","modified_gmt":"2022-08-05T04:46:42","slug":"oppimiskeskukset","status":"publish","type":"page","link":"https:\/\/espoonperinneseura.net\/espoo1972\/koulutus-espoossa-2000-luvulla\/oppimiskeskukset\/","title":{"rendered":"Espooseen 11 oppimiskeskusta"},"content":{"rendered":"<!-- Added by Post\/Page Specific Custom Code plugin, thank you for using! -->\n<style>.entry-title,  .entry-header {\r\n\tdisplay: none;\r\n}<\/style>\n<h5>Koulutuksen kehittyminen Espoossa\u00a0\u00a0\u00a0\u00a0\u00a0\u00a0\u00a0\u00a0<a href=\"https:\/\/espoonperinneseura.net\/espoo1972\/koulutus-espoossa-1970-2020\/\">Kansisivulle<\/a><\/h5>\r\n\r\n<div style=\"margin: auto;\">\r\n<div class=\"btn\"><a class=\"btn-text\" style=\"color: #000;\" href=\"https:\/\/espoonperinneseura.net\/espoo1972\/koulutus-espoossa-1970-luvulla\/\">1970-luku<\/a><\/div>\r\n<div class=\"btn\"><a class=\"btn-text\" style=\"color: #000;\" href=\"https:\/\/espoonperinneseura.net\/espoo1972\/koulutus-espoossa-1980-luvulla\/\">1980-luku<\/a><\/div>\r\n<div class=\"btn\"><a class=\"btn-text\" style=\"color: #000;\" href=\"https:\/\/espoonperinneseura.net\/espoo1972\/koulutus-espoossa-1990-luvulla\/\">1990-luku<\/a><\/div>\r\n<div class=\"btn\"><a class=\"btn-text\" style=\"color: #fff;\" href=\"https:\/\/espoonperinneseura.net\/espoo1972\/koulutus-espoossa-2000-luvulla\/\">2000-luku<\/a><\/div>\r\n<div class=\"btn\"><a class=\"btn-text\" style=\"color: #000;\" href=\"https:\/\/espoonperinneseura.net\/espoo1972\/koulutus-espoossa-2010-luvulla\/\">2010-luku<\/a><\/div>\r\n<div class=\"btn\"><a class=\"btn-text\" style=\"color: #000;\" href=\"https:\/\/espoonperinneseura.net\/espoo1972\/koulutus-espoossa-2020-luvulla\/\">2020-luku<\/a><\/div>\r\n<\/div>\r\n\r\n<h3 style=\"clear: both; padding-top: 25px;\">Espooseen 11 oppimiskeskusta<\/h3>\r\n<div style=\"margin: auto;\">\r\n<div class=\"div-image\"><img loading=\"lazy\" decoding=\"async\" class=\"alignnone wp-image-3832 size-large\" src=\"https:\/\/espoonperinneseura.net\/espoo1972\/wp-content\/uploads\/2022\/08\/Oppimiskeskusesite-1024x797.png\" alt=\"\" width=\"750\" height=\"584\" srcset=\"https:\/\/espoonperinneseura.net\/espoo1972\/wp-content\/uploads\/2022\/08\/Oppimiskeskusesite-1024x797.png 1024w, https:\/\/espoonperinneseura.net\/espoo1972\/wp-content\/uploads\/2022\/08\/Oppimiskeskusesite-300x233.png 300w, https:\/\/espoonperinneseura.net\/espoo1972\/wp-content\/uploads\/2022\/08\/Oppimiskeskusesite-768x598.png 768w, https:\/\/espoonperinneseura.net\/espoo1972\/wp-content\/uploads\/2022\/08\/Oppimiskeskusesite.png 1334w\" sizes=\"auto, (max-width: 750px) 100vw, 750px\" \/><\/div>\r\n<\/div>\r\n<p style=\"clear: both; margin-top: 18px;\">Vuonna 2007 Espoossa otettiin k\u00e4ytt\u00f6\u00f6n uudenlainen opettajien t\u00e4ydennyskoulutusmalli: 11 oppimiskeskusta.<\/p>\r\n<p>Suomessa opettajille on ollut tarjolla t\u00e4ydennyskoulutusta aina 1900-luvun alusta, jolloin Mikael Soininen j\u00e4rjesti kansakoulunopettajille mahdollisuuden osallistua kes\u00e4ll\u00e4 yliopistolla luentoihin. Kes\u00e4yliopistot jatkavat yh\u00e4 t\u00e4t\u00e4 perinnett\u00e4.<\/p>\r\n<p>T\u00e4m\u00e4n j\u00e4lkeen t\u00e4ydennyskoulutuksen muodot ja mallit ovat vaihdelleet. Peruskouluun siirrytt\u00e4ess\u00e4 k\u00e4ynnistettiin ns. VESO-koulutus; jokaisen opettajan tuli nyt osallistua vuosittaisiin lauantaisin pidettyihin kolmeen massakoulutustapahtumaan. Espoossa t\u00e4llaisista j\u00e4ttivesoista on k\u00e4yt\u00e4nn\u00f6ss\u00e4 luovuttu. Alusta alkaen Espoossa on 1-2 VESO-p\u00e4iv\u00e4\u00e4 k\u00e4ytetty koulutuksen sijasta lukuvuoden ty\u00f6n suunnitteluun.<\/p>\r\n<p>Opettajien t\u00e4ydennyskoulutus ei ollut vain VESO:jen varassa. Kouluhallitus perusti vuonna 1972 oman kurssikeskuksensa Heinolaan. Valtio j\u00e4rjesti siell\u00e4 muutaman p\u00e4iv\u00e4n mittaisia kursseja hyvin monenlaisista teemoista. Vuonna 1998 kurssikeskuksen toiminta hiipui. Monissa kunnissa kouluttajina oli my\u00f6s ns. ohjaavia opettajia.<\/p>\r\n<figure id=\"attachment_3830\" aria-describedby=\"caption-attachment-3830\" style=\"width: 300px\" class=\"wp-caption alignleft\"><img loading=\"lazy\" decoding=\"async\" class=\"size-medium wp-image-3830\" src=\"https:\/\/espoonperinneseura.net\/espoo1972\/wp-content\/uploads\/2022\/08\/IlpoS-300x255.jpg\" alt=\"\" width=\"300\" height=\"255\" srcset=\"https:\/\/espoonperinneseura.net\/espoo1972\/wp-content\/uploads\/2022\/08\/IlpoS-300x255.jpg 300w, https:\/\/espoonperinneseura.net\/espoo1972\/wp-content\/uploads\/2022\/08\/IlpoS.jpg 700w\" sizes=\"auto, (max-width: 300px) 100vw, 300px\" \/><figcaption id=\"caption-attachment-3830\" class=\"wp-caption-text\">Ilpo Salonen<\/figcaption><\/figure>\r\n<p>Espoolaisessa oppimiskeskusmallissa 11 koulua otti vastuulleen kehitt\u00e4\u00e4 omaa osaamisalaansa koko kunnassa mm. j\u00e4rjest\u00e4m\u00e4ll\u00e4 koulutusta, konsultaatiota, tutustumisk\u00e4yntej\u00e4 sek\u00e4 ker\u00e4\u00e4m\u00e4ll\u00e4 tieteellist\u00e4 tutkimusta alueeltaan espoolaisten koulujen k\u00e4ytt\u00f6\u00f6n. Idean is\u00e4, opetusp\u00e4\u00e4llikk\u00f6 Ilpo Salonen halusi vahvistaa t\u00e4ydennyskoulutuksen j\u00e4rjest\u00e4j\u00e4tahoja yksitt\u00e4isist\u00e4 konsultoivista opettajista kokonaisiksi kouluiksi. Yhteen koottiin kouluja, joissa tapahtui kunnan n\u00e4k\u00f6kulmasta mielenkiintoisia asioita, ja niiden rehtoreita koulutettiin yhdess\u00e4 johtamaan t\u00e4t\u00e4 toimintaa.<\/p>\r\n<p>Oppimiskeskusten toiminta-ajatuksena oli, ett\u00e4 ne toimivat kehitt\u00e4misest\u00e4 innostuneina, hyvinvoivina ammatillisina yhteis\u00f6in\u00e4 ja verkostoissa toisiltaan oppien. Lyhyesti ja yksinkertaistaen kyse oli siit\u00e4, ett\u00e4 valituissa kouluissa joukko opettajia ottaa sivuhommakseen kouluttaa muiden koulujen opettajia.<\/p>\r\n<p>Oppimiskeskusten vastuunjako oli seuraava:<\/p>\r\n<ul>\r\n<li>Aarnivalkean koulu (kuntouttavat luokat)<\/li>\r\n<li>Auroran koulu (taidekasvatus, harrastustoiminta, Turvallinen iltap\u00e4iv\u00e4 -kehitt\u00e4mishanke TIP)<\/li>\r\n<li>Kantokasken koulu (erityisryhmien opetus)<\/li>\r\n<li>Keinum\u00e4en koulu (sairaalakoulu, erityisen tuen tuki)<\/li>\r\n<li>Kilon koulu (oppilashuolto osaamisen tukena)<\/li>\r\n<li>Kirkkoj\u00e4rven koulu (monikulttuurisuus)<\/li>\r\n<li>Koulumestarin koulu (luovuutta kouluun teknologia- ja yritt\u00e4jyyskasvatuksen avulla)<\/li>\r\n<li>Koulum\u00e4en koulu (opetuksen yksil\u00f6llist\u00e4minen)<\/li>\r\n<li>Olarin koulu ja lukio (matemaattiset ja luonnontieteelliset aineet, Matikkamaa)<\/li>\r\n<li>Meriusvan koulu (esi- ja alkuopetus, kouluvalmiuden arviointi esiopetuksessa -kehitt\u00e4mishanke)<\/li>\r\n<li>Ymmerstan koulu (\u00e4idinkielen ja kirjallisuuden opetus, Netlibris)<\/li>\r\n<\/ul>\r\n<p><img loading=\"lazy\" decoding=\"async\" class=\"alignnone size-large wp-image-3831\" src=\"https:\/\/espoonperinneseura.net\/espoo1972\/wp-content\/uploads\/2022\/08\/Oppimiskeskus-1024x632.jpg\" alt=\"\" width=\"750\" height=\"463\" srcset=\"https:\/\/espoonperinneseura.net\/espoo1972\/wp-content\/uploads\/2022\/08\/Oppimiskeskus-1024x632.jpg 1024w, https:\/\/espoonperinneseura.net\/espoo1972\/wp-content\/uploads\/2022\/08\/Oppimiskeskus-300x185.jpg 300w, https:\/\/espoonperinneseura.net\/espoo1972\/wp-content\/uploads\/2022\/08\/Oppimiskeskus-768x474.jpg 768w, https:\/\/espoonperinneseura.net\/espoo1972\/wp-content\/uploads\/2022\/08\/Oppimiskeskus-1536x947.jpg 1536w, https:\/\/espoonperinneseura.net\/espoo1972\/wp-content\/uploads\/2022\/08\/Oppimiskeskus-1568x967.jpg 1568w, https:\/\/espoonperinneseura.net\/espoo1972\/wp-content\/uploads\/2022\/08\/Oppimiskeskus.jpg 1592w\" sizes=\"auto, (max-width: 750px) 100vw, 750px\" \/><\/p>\r\n<p>Oppimiskeskuksissa rakennettiin erilaisia kehitt\u00e4misprojekteja yhteisen teeman ymp\u00e4rille yhteisty\u00f6ss\u00e4 muiden koulujen kanssa. Niit\u00e4 toteutettiin kolmen tunnin iltap\u00e4iv\u00e4vesoina.<\/p>\r\n<p>Vuonna 2009 j\u00e4rjestettiin Oppimiskeskusmessut, joissa noin 100 espoolaisopettajaa tutustui oppimiskeskusten toimintaan ja koulutustarjontaan kunkin oppimiskeskuksen omassa esittelypisteess\u00e4. Medialle houkuteltiin paikalle seuraavasti:<\/p>\r\n<p><em>\u201dEspoossa 14.4.2009<\/em><br \/><em>OPPIMISKESKUKSET TURVAAVAT OPETTAJIEN T\u00c4YDENNYSKOULUTUKSEN TASON ESPOOSSA<\/em><\/p>\r\n<p><em>Espoolaisissa alakouluissa toimivat oppimiskeskukset ovat uudenlainen ja Suomessa ainutlaatuinen tapa toteuttaa t\u00e4ydennyskoulutusta. Espoossa toimii 11\u201d oppimiskeskusta, joiden teht\u00e4v\u00e4n\u00e4 on opetuksen laadun ja toimintakulttuurin kehitt\u00e4minen ja t\u00e4ydennyskoulutuksen tason turvaaminen. Oppimiskeskusten toiminnassa keskeist\u00e4 on verkostoituminen.<\/em><\/p>\r\n<p><em>Oppimiskeskukset tarjoavat muille espoolaiskouluille laadukkaita, tasa-arvoa ja hyvinvointia edist\u00e4vi\u00e4 kumppanuuksia, jotka tukevat espoolaisia kouluja korkeatasoisessa oppimisessa. Oppimiskeskusten teht\u00e4v\u00e4alueet ovat kaupunkitason tavoitteita tukevia.\u201d<\/em><\/p>\r\n<p>Oppimiskeskustoiminta hiipui 2010-luvun puoleen v\u00e4liin menness\u00e4. Uudeksi rakenteeksi tuli valtion rahoilla toteutettu tutor-opettajatoiminta.<\/p>","protected":false},"excerpt":{"rendered":"<p>Koulutuksen kehittyminen Espoossa\u00a0\u00a0\u00a0\u00a0\u00a0\u00a0\u00a0\u00a0Kansisivulle 1970-luku 1980-luku 1990-luku 2000-luku 2010-luku 2020-luku Espooseen 11 oppimiskeskusta Vuonna 2007 Espoossa otettiin k\u00e4ytt\u00f6\u00f6n uudenlainen opettajien t\u00e4ydennyskoulutusmalli: 11 oppimiskeskusta. Suomessa opettajille on ollut tarjolla t\u00e4ydennyskoulutusta aina 1900-luvun alusta, jolloin Mikael Soininen j\u00e4rjesti kansakoulunopettajille mahdollisuuden osallistua kes\u00e4ll\u00e4 yliopistolla luentoihin. Kes\u00e4yliopistot jatkavat yh\u00e4 t\u00e4t\u00e4 perinnett\u00e4. T\u00e4m\u00e4n j\u00e4lkeen t\u00e4ydennyskoulutuksen muodot ja mallit ovat vaihdelleet. Peruskouluun&hellip; <a class=\"more-link\" href=\"https:\/\/espoonperinneseura.net\/espoo1972\/koulutus-espoossa-2000-luvulla\/oppimiskeskukset\/\">Jatka lukemista <span class=\"screen-reader-text\">Espooseen 11 oppimiskeskusta<\/span><\/a><\/p>\n","protected":false},"author":1,"featured_media":0,"parent":3170,"menu_order":19,"comment_status":"closed","ping_status":"closed","template":"","meta":{"_eb_attr":"","_exactmetrics_skip_tracking":false,"_exactmetrics_sitenote_active":false,"_exactmetrics_sitenote_note":"","_exactmetrics_sitenote_category":0,"footnotes":""},"class_list":["post-3759","page","type-page","status-publish","hentry","entry"],"_links":{"self":[{"href":"https:\/\/espoonperinneseura.net\/espoo1972\/wp-json\/wp\/v2\/pages\/3759","targetHints":{"allow":["GET"]}}],"collection":[{"href":"https:\/\/espoonperinneseura.net\/espoo1972\/wp-json\/wp\/v2\/pages"}],"about":[{"href":"https:\/\/espoonperinneseura.net\/espoo1972\/wp-json\/wp\/v2\/types\/page"}],"author":[{"embeddable":true,"href":"https:\/\/espoonperinneseura.net\/espoo1972\/wp-json\/wp\/v2\/users\/1"}],"replies":[{"embeddable":true,"href":"https:\/\/espoonperinneseura.net\/espoo1972\/wp-json\/wp\/v2\/comments?post=3759"}],"version-history":[{"count":12,"href":"https:\/\/espoonperinneseura.net\/espoo1972\/wp-json\/wp\/v2\/pages\/3759\/revisions"}],"predecessor-version":[{"id":3850,"href":"https:\/\/espoonperinneseura.net\/espoo1972\/wp-json\/wp\/v2\/pages\/3759\/revisions\/3850"}],"up":[{"embeddable":true,"href":"https:\/\/espoonperinneseura.net\/espoo1972\/wp-json\/wp\/v2\/pages\/3170"}],"wp:attachment":[{"href":"https:\/\/espoonperinneseura.net\/espoo1972\/wp-json\/wp\/v2\/media?parent=3759"}],"curies":[{"name":"wp","href":"https:\/\/api.w.org\/{rel}","templated":true}]}}