{"id":737,"date":"2021-12-04T15:37:50","date_gmt":"2021-12-04T13:37:50","guid":{"rendered":"https:\/\/espoonperinneseura.net\/espoo1972\/?page_id=737"},"modified":"2022-02-09T09:54:12","modified_gmt":"2022-02-09T07:54:12","slug":"espoon-vaesto","status":"publish","type":"page","link":"https:\/\/espoonperinneseura.net\/espoo1972\/kasvu-kaupungiksi\/espoon-vaesto\/","title":{"rendered":"Espoon v\u00e4est\u00f6nkehitys"},"content":{"rendered":"\n<p><em>Esko Uotila<\/em><\/p>\n\n\n\n<p class=\"has-large-font-size\"><strong>Nopeaa v\u00e4est\u00f6nkasvua<\/strong><\/p>\n\n\n\n<p>Espoossa on asuttu jo tuhansia vuosia. Espoo oli perinteinen rannikko- ja maalaispit\u00e4j\u00e4 viime vuosisadan puoliv\u00e4liin saakka. Asukasluku k\u00e4\u00e4ntyi voimakkaaseen kasvuun sotien j\u00e4lkeen maan sis\u00e4isen muuttoliikkeen vuoksi. Kaupan, palvelujen ja teollisuuden ty\u00f6voiman tarve muutti v\u00e4est\u00f6rakennetta nopeasti, ja Espoo kasvu kaupungiksi p\u00e4\u00e4si alkamaan.<\/p>\n\n\n\n<p>Espoon v\u00e4kim\u00e4\u00e4r\u00e4 ylitti 100 000 vuonna 1971. Tuolloin Espoon v\u00e4est\u00f6 kasvoi 6 265 asukkaalla. T\u00e4m\u00e4 on enemm\u00e4n kuin min\u00e4\u00e4n vuonna sit\u00e4 ennen tai sen j\u00e4lkeen. Vuonna 2020 Espoon asukasm\u00e4\u00e4r\u00e4 kasvoi 3 065 hengell\u00e4, joka oli 3 034 henke\u00e4 v\u00e4hemm\u00e4n kuin edellisvuonna. Espoossa oli vuoden 2021 alussa 292 796 asukasta. Ilman vieraskielisten m\u00e4\u00e4r\u00e4n kasvua Espoon v\u00e4kiluku olisi laskenut vuonna 2020. Suuralueista eniten kasvoi Suur-Tapiola 1 204 asukkaalla. Asukaslukuun suhteutettuna kasvu oli suurinta Suur-Kauklahdessa.<\/p>\n\n\n\n<div style=\"margin: 0 auto;clear:both;\"><div style=\"float:left;width:100%;max-width:669px;min-width:400px;margin-left:1%;\"><figure><img decoding=\"async\" src=\"https:\/\/espoonperinneseura.net\/espoo1972\/wp-content\/uploads\/2021\/12\/Vaesto-1880-2020-1024x670.jpg\"><figcaption>Espoon v\u00e4est\u00f6kehitys vuosina 1880 &#8211; 2020<\/figcaption><\/figure><\/div>\n<\/div>\n<div style=\"margin: 0 auto;clear:both;\"><\/div>\n\n\n\n<p class=\"has-large-font-size\"><strong>Alueiden v\u00e4lill\u00e4 suuria eroja<\/strong><\/p>\n\n\n\n<p>1970-luvun alussa Tapiola oli Espoon suuralueista v\u00e4kirikkain. Asuntos\u00e4\u00e4ti\u00f6n toteuttama Tapiolan rakentaminen toi alueelle paljon uusia asukkaita. Sen j\u00e4lkeen sek\u00e4 Suur-Lepp\u00e4vaara ett\u00e4 Suur-Espoonlahti ovat kasvaneet suuremmiksi. My\u00f6s Suur-Matinkyl\u00e4n ja Vanhan-Espoon v\u00e4kiluku on kasvamassa nopeasti.<\/p>\n\n\n\n<p>Espoo suuntaa kaupungin kasvun erityisesti l\u00e4nsimetron, sen jatkeen, Raide-Jokerin ja kaupunkiradan ymp\u00e4rist\u00f6\u00f6n. Kaupunkikeskukset tulevat t\u00e4m\u00e4n mukaisesti kasvamaan edelleen nopeasti. Ennen L\u00e4nsimetron liikenteen k\u00e4ynnistymist\u00e4 marraskuussa 2017 Espoon valtav\u00e4yli\u00e4 olivat rautatie, L\u00e4nsiv\u00e4yl\u00e4 ja Turunv\u00e4yl\u00e4. <\/p>\n\n\n\n<div style=\"margin: 0 auto;clear:both;\"><div style=\"float:left;width:100%;max-width:669px;min-width:400px;margin-left:1%;\"><figure><img decoding=\"async\" src=\"https:\/\/espoonperinneseura.net\/espoo1972\/wp-content\/uploads\/2021\/12\/Espoon-vaesto-1974-2020a-819x1024.jpg\"><figcaption>Espoon v\u00e4kim\u00e4\u00e4r\u00e4 vuosina 1974 ja 2020<\/figcaption><\/figure><\/div>\n<\/div>\n<div style=\"margin: 0 auto;clear:both;\"><\/div>\n","protected":false},"excerpt":{"rendered":"<p>Esko Uotila Nopeaa v\u00e4est\u00f6nkasvua Espoossa on asuttu jo tuhansia vuosia. Espoo oli perinteinen rannikko- ja maalaispit\u00e4j\u00e4 viime vuosisadan puoliv\u00e4liin saakka. Asukasluku k\u00e4\u00e4ntyi voimakkaaseen kasvuun sotien j\u00e4lkeen maan sis\u00e4isen muuttoliikkeen vuoksi. Kaupan, palvelujen ja teollisuuden ty\u00f6voiman tarve muutti v\u00e4est\u00f6rakennetta nopeasti, ja Espoo kasvu kaupungiksi p\u00e4\u00e4si alkamaan. Espoon v\u00e4kim\u00e4\u00e4r\u00e4 ylitti 100 000 vuonna 1971. Tuolloin Espoon v\u00e4est\u00f6&hellip; <a class=\"more-link\" href=\"https:\/\/espoonperinneseura.net\/espoo1972\/kasvu-kaupungiksi\/espoon-vaesto\/\">Jatka lukemista <span class=\"screen-reader-text\">Espoon v\u00e4est\u00f6nkehitys<\/span><\/a><\/p>\n","protected":false},"author":1,"featured_media":0,"parent":298,"menu_order":49,"comment_status":"closed","ping_status":"closed","template":"","meta":{"_eb_attr":"","_exactmetrics_skip_tracking":false,"_exactmetrics_sitenote_active":false,"_exactmetrics_sitenote_note":"","_exactmetrics_sitenote_category":0,"footnotes":""},"class_list":["post-737","page","type-page","status-publish","hentry","entry"],"_links":{"self":[{"href":"https:\/\/espoonperinneseura.net\/espoo1972\/wp-json\/wp\/v2\/pages\/737","targetHints":{"allow":["GET"]}}],"collection":[{"href":"https:\/\/espoonperinneseura.net\/espoo1972\/wp-json\/wp\/v2\/pages"}],"about":[{"href":"https:\/\/espoonperinneseura.net\/espoo1972\/wp-json\/wp\/v2\/types\/page"}],"author":[{"embeddable":true,"href":"https:\/\/espoonperinneseura.net\/espoo1972\/wp-json\/wp\/v2\/users\/1"}],"replies":[{"embeddable":true,"href":"https:\/\/espoonperinneseura.net\/espoo1972\/wp-json\/wp\/v2\/comments?post=737"}],"version-history":[{"count":46,"href":"https:\/\/espoonperinneseura.net\/espoo1972\/wp-json\/wp\/v2\/pages\/737\/revisions"}],"predecessor-version":[{"id":1945,"href":"https:\/\/espoonperinneseura.net\/espoo1972\/wp-json\/wp\/v2\/pages\/737\/revisions\/1945"}],"up":[{"embeddable":true,"href":"https:\/\/espoonperinneseura.net\/espoo1972\/wp-json\/wp\/v2\/pages\/298"}],"wp:attachment":[{"href":"https:\/\/espoonperinneseura.net\/espoo1972\/wp-json\/wp\/v2\/media?parent=737"}],"curies":[{"name":"wp","href":"https:\/\/api.w.org\/{rel}","templated":true}]}}