{"id":380,"date":"2025-10-22T11:25:52","date_gmt":"2025-10-22T08:25:52","guid":{"rendered":"https:\/\/espoonperinneseura.net\/historiikki\/?page_id=380"},"modified":"2025-10-23T15:00:58","modified_gmt":"2025-10-23T12:00:58","slug":"syysmatin-markkinat","status":"publish","type":"page","link":"https:\/\/espoonperinneseura.net\/historiikki\/syysmatin-markkinat\/","title":{"rendered":"SyysMatin Markkinat"},"content":{"rendered":"\n<h2 class=\"wp-block-heading\" style=\"border-style:none;border-width:0px;padding-top:var(--wp--preset--spacing--10);padding-right:var(--wp--preset--spacing--10);padding-bottom:var(--wp--preset--spacing--10);padding-left:var(--wp--preset--spacing--10)\">SyysMatin Markkinat<\/h2>\n\n\n\n<div class=\"wp-block-columns is-layout-flex wp-container-core-columns-is-layout-28f84493 wp-block-columns-is-layout-flex\">\n<div class=\"wp-block-column is-layout-flow wp-block-column-is-layout-flow\" style=\"flex-basis:66.66%\">\n<p style=\"padding-right:var(--wp--preset--spacing--10);padding-left:var(--wp--preset--spacing--10)\">Espoon tuomiokirkko on ollut valmistuttuaan n. v 1490-luvulla katolisena aikana Pyh\u00e4n Matteuksen kirkko. Matteuksen muistop\u00e4iv\u00e4n\u00e4 on kirkonm\u00e4ell\u00e4 kokoonnuttu viett\u00e4m\u00e4\u00e4n markkinoita. Ensimm\u00e4inen maininta Suomen Syys-Matin p\u00e4iv\u00e4st\u00e4 on vuodelta 1382. Milloin markkinoita on Espoossa alettu viett\u00e4\u00e4, siit\u00e4 ei ole tietoa. Tieto kuitenkin on, ett\u00e4 1774 Matteuksen muistop\u00e4iv\u00e4 pyh\u00e4p\u00e4iv\u00e4n\u00e4 poistettiin kirkollisesta kalenterista. Tuolloin varmaan markkinatkin loppuivat. T\u00e4n\u00e4 vuonna vietimme 18. uuden ajan SyysMatin Markkinat.<\/p>\n\n\n\n<p style=\"padding-right:var(--wp--preset--spacing--10);padding-left:var(--wp--preset--spacing--10)\">Perinne elvytettiin Espoon kaupungin t\u00e4ytt\u00e4ess\u00e4 550 vuotta.<\/p>\n\n\n\n<p style=\"padding-right:var(--wp--preset--spacing--10);padding-left:var(--wp--preset--spacing--10)\">Syysmattina kansanperinteen mukaan tapahtuu monia merkitt\u00e4vi\u00e4 asioita. Karhut, m\u00e4yr\u00e4t ja k\u00e4\u00e4rmeet menev\u00e4t talviunille. Perunat ja nauriit pit\u00e4\u00e4 olla tuolloin nostettu ja varastoitu. Siksi Syys-Mattia kutsuttiin my\u00f6s Mukula-Matiksi. Tuolloin my\u00f6s maatalouksissa siirryttiin sis\u00e4puhdet\u00f6ihin.&nbsp; Se tarkoitti kankaan kudontaa, kehr\u00e4yst\u00e4 ja sis\u00e4puut\u00f6it\u00e4. My\u00f6s Rapa-Matiksi p\u00e4iv\u00e4\u00e4 kutsuttiin, koska tiet, tuolloin kaikki hiekkateit\u00e4, olivat tosi rapaisia. Lehmist\u00e4 ei saatu Syys-Matin p\u00e4iv\u00e4n j\u00e4lkeen maitoa, sill\u00e4 niitten ravinto ei riitt\u00e4nytmaidon tuottamiseen&nbsp; sen pidemm\u00e4lle. Pysyiv\u00e4t juuri hengiss\u00e4 kev\u00e4\u00e4seen saakka, jolloin taas vihre\u00e4\u00e4 hein\u00e4\u00e4 oli saatavilla. Matin p\u00e4iv\u00e4n tienoolle osui my\u00f6s karjan syysteurastus. Ilmat kylmeniv\u00e4t ja lihaa saatiin runsaan suolan kanssa s\u00e4il\u00f6\u00f6n talveksi.<\/p>\n\n\n\n<p style=\"padding-right:var(--wp--preset--spacing--10);padding-left:var(--wp--preset--spacing--10)\">Oli my\u00f6s sanonta: Matti laarit t\u00e4ytt\u00e4\u00e4. Se tarkoitti sit\u00e4, ett\u00e4 syyssateet olivat t\u00e4ytt\u00e4neet joet ja purot ja puromyllyt jauhoivat viljaa ja niin saatiin viljavarastot t\u00e4yteen.<\/p>\n\n\n\n<p style=\"padding-right:var(--wp--preset--spacing--10);padding-left:var(--wp--preset--spacing--10)\">Syys-Matti oli siis varsin merkitt\u00e4v\u00e4 aika. Tuolloin my\u00f6s markkinoilla pestauduttiin t\u00f6ihin. Piiat ja rengit saivat viikon vuosittaisen loman ja saattoivat pestautua seuraavaksi vuodeksi uuteen ty\u00f6paikkaan.<\/p>\n\n\n\n<p style=\"padding-right:var(--wp--preset--spacing--10);padding-left:var(--wp--preset--spacing--10)\">Uuden ajan markkinat kokoavat Espoon Tuomiokirkon m\u00e4elle huomattavan m\u00e4\u00e4r\u00e4n (noin 20 000) markkinavieraita kahden p\u00e4iv\u00e4n aikana.<\/p>\n\n\n\n<p style=\"padding-right:var(--wp--preset--spacing--10);padding-left:var(--wp--preset--spacing--10)\"><em>Tarja Rae<\/em><\/p>\n<\/div>\n\n\n\n<div class=\"wp-block-column is-layout-flow wp-block-column-is-layout-flow\" style=\"flex-basis:40%\">\n<figure class=\"wp-block-image size-large\"><img loading=\"lazy\" decoding=\"async\" width=\"1024\" height=\"767\" src=\"https:\/\/espoonperinneseura.net\/historiikki\/wp-content\/uploads\/2025\/10\/SyysMatin-Markkinat-2024-1024x767.jpg\" alt=\"\" class=\"wp-image-402\" srcset=\"https:\/\/espoonperinneseura.net\/historiikki\/wp-content\/uploads\/2025\/10\/SyysMatin-Markkinat-2024-1024x767.jpg 1024w, https:\/\/espoonperinneseura.net\/historiikki\/wp-content\/uploads\/2025\/10\/SyysMatin-Markkinat-2024-300x225.jpg 300w, https:\/\/espoonperinneseura.net\/historiikki\/wp-content\/uploads\/2025\/10\/SyysMatin-Markkinat-2024-768x575.jpg 768w, https:\/\/espoonperinneseura.net\/historiikki\/wp-content\/uploads\/2025\/10\/SyysMatin-Markkinat-2024-1536x1150.jpg 1536w, https:\/\/espoonperinneseura.net\/historiikki\/wp-content\/uploads\/2025\/10\/SyysMatin-Markkinat-2024.jpg 1920w\" sizes=\"auto, (max-width: 1024px) 100vw, 1024px\" \/><\/figure>\n<\/div>\n<\/div>\n","protected":false},"excerpt":{"rendered":"<p>SyysMatin Markkinat Espoon tuomiokirkko on ollut valmistuttuaan n. v 1490-luvulla katolisena aikana Pyh\u00e4n Matteuksen kirkko. Matteuksen muistop\u00e4iv\u00e4n\u00e4 on kirkonm\u00e4ell\u00e4 kokoonnuttu viett\u00e4m\u00e4\u00e4n markkinoita. Ensimm\u00e4inen maininta Suomen Syys-Matin p\u00e4iv\u00e4st\u00e4 on vuodelta 1382. Milloin markkinoita on Espoossa alettu viett\u00e4\u00e4, siit\u00e4 ei ole tietoa. Tieto kuitenkin on, ett\u00e4 1774 Matteuksen muistop\u00e4iv\u00e4 pyh\u00e4p\u00e4iv\u00e4n\u00e4 poistettiin kirkollisesta kalenterista. Tuolloin varmaan markkinatkin loppuivat. [&hellip;]<\/p>\n","protected":false},"author":1,"featured_media":0,"parent":0,"menu_order":0,"comment_status":"closed","ping_status":"closed","template":"","meta":{"footnotes":""},"class_list":["post-380","page","type-page","status-publish","hentry"],"_links":{"self":[{"href":"https:\/\/espoonperinneseura.net\/historiikki\/wp-json\/wp\/v2\/pages\/380","targetHints":{"allow":["GET"]}}],"collection":[{"href":"https:\/\/espoonperinneseura.net\/historiikki\/wp-json\/wp\/v2\/pages"}],"about":[{"href":"https:\/\/espoonperinneseura.net\/historiikki\/wp-json\/wp\/v2\/types\/page"}],"author":[{"embeddable":true,"href":"https:\/\/espoonperinneseura.net\/historiikki\/wp-json\/wp\/v2\/users\/1"}],"replies":[{"embeddable":true,"href":"https:\/\/espoonperinneseura.net\/historiikki\/wp-json\/wp\/v2\/comments?post=380"}],"version-history":[{"count":9,"href":"https:\/\/espoonperinneseura.net\/historiikki\/wp-json\/wp\/v2\/pages\/380\/revisions"}],"predecessor-version":[{"id":419,"href":"https:\/\/espoonperinneseura.net\/historiikki\/wp-json\/wp\/v2\/pages\/380\/revisions\/419"}],"wp:attachment":[{"href":"https:\/\/espoonperinneseura.net\/historiikki\/wp-json\/wp\/v2\/media?parent=380"}],"curies":[{"name":"wp","href":"https:\/\/api.w.org\/{rel}","templated":true}]}}