{"id":3933,"date":"2024-04-10T09:41:21","date_gmt":"2024-04-10T06:41:21","guid":{"rendered":"https:\/\/espoonperinneseura.net\/sivistys\/?page_id=3933"},"modified":"2024-05-14T11:47:21","modified_gmt":"2024-05-14T08:47:21","slug":"ulkolaksy","status":"publish","type":"page","link":"https:\/\/espoonperinneseura.net\/sivistys\/luku-ja-kirjoitustaidon-alkutaival\/ulkolaksy\/","title":{"rendered":"Ulkol\u00e4ksy"},"content":{"rendered":"\n<p><em>Tarja Rae<\/em><\/p>\n\n\n<style>.kb-image3933_fe6c17-06.kb-image-is-ratio-size, .kb-image3933_fe6c17-06 .kb-image-is-ratio-size{max-width:350px;width:100%;}.wp-block-kadence-column > .kt-inside-inner-col > .kb-image3933_fe6c17-06.kb-image-is-ratio-size, .wp-block-kadence-column > .kt-inside-inner-col > .kb-image3933_fe6c17-06 .kb-image-is-ratio-size{align-self:unset;}.kb-image3933_fe6c17-06 figure{max-width:350px;}.kb-image3933_fe6c17-06 .image-is-svg, .kb-image3933_fe6c17-06 .image-is-svg img{width:100%;}.kb-image3933_fe6c17-06 .kb-image-has-overlay:after{opacity:0.3;}<\/style>\n<div class=\"wp-block-kadence-image kb-image3933_fe6c17-06\"><figure class=\"alignright size-large\"><img decoding=\"async\" width=\"1024\" height=\"945\" src=\"https:\/\/espoonperinneseura.net\/sivistys\/wp-content\/uploads\/2024\/04\/Ulkolaksy-1-1024x945.jpg\" alt=\"\" class=\"kb-img wp-image-3938\" srcset=\"https:\/\/espoonperinneseura.net\/sivistys\/wp-content\/uploads\/2024\/04\/Ulkolaksy-1-1024x945.jpg 1024w, https:\/\/espoonperinneseura.net\/sivistys\/wp-content\/uploads\/2024\/04\/Ulkolaksy-1-300x277.jpg 300w, https:\/\/espoonperinneseura.net\/sivistys\/wp-content\/uploads\/2024\/04\/Ulkolaksy-1-768x708.jpg 768w, https:\/\/espoonperinneseura.net\/sivistys\/wp-content\/uploads\/2024\/04\/Ulkolaksy-1-1536x1417.jpg 1536w, https:\/\/espoonperinneseura.net\/sivistys\/wp-content\/uploads\/2024\/04\/Ulkolaksy-1-2048x1889.jpg 2048w\" sizes=\"(max-width: 1024px) 100vw, 1024px\" \/><\/figure><\/div>\n\n\n\n<p>1700-luvulla Espoossa ei ollut yht\u00e4\u00e4n koulua. Harvat ihmiset osasivat siihen aikaan lukea ja kirjoittaa. Piispa oli kuitenkin sit\u00e4 mielt\u00e4, ett\u00e4 lapsia piti opettaa lukemaan.<\/p>\n\n\n\n<p>Aluksi opetus oli vanhempien teht\u00e4v\u00e4, mutta koska harva heist\u00e4k\u00e4\u00e4n osasi lukea, m\u00e4\u00e4r\u00e4ttiin opetusteht\u00e4v\u00e4 kirkon lukkarille. H\u00e4n ei mill\u00e4\u00e4n yksin ehtinyt opettaa kaikkia espoolaisia lapsia. Niinp\u00e4 opettajan teht\u00e4v\u00e4\u00e4n palkattiin koulumestari, joka kiersi Espoon kylill\u00e4 opettamassa lapsia lukemaan.<\/p>\n\n\n\n<p>Ihan pienille lapsille opetettiin aakkoset, mutta jo 7-vuotiaan piti osata ulkoa kymmenen k\u00e4sky\u00e4 ja joitain rukouksia. Siin\u00e4 olikin kova opetteleminen, sill\u00e4 kaikilla ei ollut edes omaa kirjaa.<\/p>\n\n\n\n<p style=\"padding-top:var(--wp--preset--spacing--30)\"><a href=\"https:\/\/espoonperinneseura.net\/sivistys\/luku-ja-kirjoitustaidon-alkutaival\/\" data-type=\"page\" data-id=\"3888\">Luku- ja kirjoitustaidon alkutaival<\/a><\/p>\n","protected":false},"excerpt":{"rendered":"<p>Tarja Rae 1700-luvulla Espoossa ei ollut yht\u00e4\u00e4n koulua. Harvat ihmiset osasivat siihen aikaan lukea ja kirjoittaa. Piispa oli kuitenkin sit\u00e4 mielt\u00e4, ett\u00e4 lapsia piti opettaa lukemaan. Aluksi opetus oli vanhempien teht\u00e4v\u00e4, mutta koska harva heist\u00e4k\u00e4\u00e4n osasi lukea, m\u00e4\u00e4r\u00e4ttiin opetusteht\u00e4v\u00e4 kirkon lukkarille. H\u00e4n ei mill\u00e4\u00e4n yksin ehtinyt opettaa kaikkia espoolaisia lapsia. Niinp\u00e4 opettajan teht\u00e4v\u00e4\u00e4n palkattiin koulumestari,&#8230;<\/p>\n","protected":false},"author":1,"featured_media":0,"parent":3888,"menu_order":0,"comment_status":"closed","ping_status":"closed","template":"","meta":{"_kadence_starter_templates_imported_post":false,"_kad_post_transparent":"","_kad_post_title":"","_kad_post_layout":"","_kad_post_sidebar_id":"","_kad_post_content_style":"","_kad_post_vertical_padding":"","_kad_post_feature":"","_kad_post_feature_position":"","_kad_post_header":false,"_kad_post_footer":false,"_kad_post_classname":"","footnotes":""},"class_list":["post-3933","page","type-page","status-publish","hentry"],"featured_image_src":"","featured_image_src_square":false,"rbea_author_info":{"display_name":"espoonperinne@gmail.com","author_link":"https:\/\/espoonperinneseura.net\/sivistys\/author\/espoonperinnegmail-com\/"},"rbea_excerpt_info":"Tarja Rae 1700-luvulla Espoossa ei ollut yht\u00e4\u00e4n koulua. Harvat ihmiset osasivat siihen aikaan lukea ja kirjoittaa. Piispa oli kuitenkin sit\u00e4 mielt\u00e4, ett\u00e4 lapsia piti opettaa lukemaan. Aluksi opetus oli vanhempien teht\u00e4v\u00e4, mutta koska harva heist\u00e4k\u00e4\u00e4n osasi lukea, m\u00e4\u00e4r\u00e4ttiin opetusteht\u00e4v\u00e4 kirkon lukkarille. H\u00e4n ei mill\u00e4\u00e4n yksin ehtinyt opettaa kaikkia espoolaisia lapsia. Niinp\u00e4 opettajan teht\u00e4v\u00e4\u00e4n palkattiin koulumestari,...","_links":{"self":[{"href":"https:\/\/espoonperinneseura.net\/sivistys\/wp-json\/wp\/v2\/pages\/3933","targetHints":{"allow":["GET"]}}],"collection":[{"href":"https:\/\/espoonperinneseura.net\/sivistys\/wp-json\/wp\/v2\/pages"}],"about":[{"href":"https:\/\/espoonperinneseura.net\/sivistys\/wp-json\/wp\/v2\/types\/page"}],"author":[{"embeddable":true,"href":"https:\/\/espoonperinneseura.net\/sivistys\/wp-json\/wp\/v2\/users\/1"}],"replies":[{"embeddable":true,"href":"https:\/\/espoonperinneseura.net\/sivistys\/wp-json\/wp\/v2\/comments?post=3933"}],"version-history":[{"count":5,"href":"https:\/\/espoonperinneseura.net\/sivistys\/wp-json\/wp\/v2\/pages\/3933\/revisions"}],"predecessor-version":[{"id":3959,"href":"https:\/\/espoonperinneseura.net\/sivistys\/wp-json\/wp\/v2\/pages\/3933\/revisions\/3959"}],"up":[{"embeddable":true,"href":"https:\/\/espoonperinneseura.net\/sivistys\/wp-json\/wp\/v2\/pages\/3888"}],"wp:attachment":[{"href":"https:\/\/espoonperinneseura.net\/sivistys\/wp-json\/wp\/v2\/media?parent=3933"}],"curies":[{"name":"wp","href":"https:\/\/api.w.org\/{rel}","templated":true}]}}