{"id":4048,"date":"2024-05-14T11:31:10","date_gmt":"2024-05-14T08:31:10","guid":{"rendered":"https:\/\/espoonperinneseura.net\/sivistys\/?page_id=4048"},"modified":"2024-05-14T11:43:15","modified_gmt":"2024-05-14T08:43:15","slug":"rippikoulu","status":"publish","type":"page","link":"https:\/\/espoonperinneseura.net\/sivistys\/luku-ja-kirjoitustaidon-alkutaival\/rippikoulu\/","title":{"rendered":"Rippikoulu"},"content":{"rendered":"\n<p><em>Tarja Rae<\/em><\/p>\n\n\n<style>.kb-image4048_bc816a-df.kb-image-is-ratio-size, .kb-image4048_bc816a-df .kb-image-is-ratio-size{max-width:350px;width:100%;}.wp-block-kadence-column > .kt-inside-inner-col > .kb-image4048_bc816a-df.kb-image-is-ratio-size, .wp-block-kadence-column > .kt-inside-inner-col > .kb-image4048_bc816a-df .kb-image-is-ratio-size{align-self:unset;}.kb-image4048_bc816a-df figure{max-width:350px;}.kb-image4048_bc816a-df .image-is-svg, .kb-image4048_bc816a-df .image-is-svg img{width:100%;}.kb-image4048_bc816a-df .kb-image-has-overlay:after{opacity:0.3;}<\/style>\n<div class=\"wp-block-kadence-image kb-image4048_bc816a-df\"><figure class=\"alignright size-large\"><img decoding=\"async\" width=\"1024\" height=\"903\" src=\"https:\/\/espoonperinneseura.net\/sivistys\/wp-content\/uploads\/2024\/05\/Rippikoulu-1024x903.jpg\" alt=\"\" class=\"kb-img wp-image-4055\" srcset=\"https:\/\/espoonperinneseura.net\/sivistys\/wp-content\/uploads\/2024\/05\/Rippikoulu-1024x903.jpg 1024w, https:\/\/espoonperinneseura.net\/sivistys\/wp-content\/uploads\/2024\/05\/Rippikoulu-300x265.jpg 300w, https:\/\/espoonperinneseura.net\/sivistys\/wp-content\/uploads\/2024\/05\/Rippikoulu-768x677.jpg 768w, https:\/\/espoonperinneseura.net\/sivistys\/wp-content\/uploads\/2024\/05\/Rippikoulu-1536x1354.jpg 1536w, https:\/\/espoonperinneseura.net\/sivistys\/wp-content\/uploads\/2024\/05\/Rippikoulu-2048x1806.jpg 2048w\" sizes=\"(max-width: 1024px) 100vw, 1024px\" \/><\/figure><\/div>\n\n\n\n<p>Bemb\u00f6less\u00e4 asuva Hedvig-niminen tytt\u00f6 oli aloittamassa rippikoulua Espoon pappilassa 1780-luvulla naapurissa asuvan Johanin kanssa. Kumpikin osasi jo koko katekismuksen ulkoa, mutta lukeminen ei oikein sujunut. Nuoria pelotti kovin ankaran kirkkoherra Crusellin kuulustelu. Se tapahtuisi rippikoulun p\u00e4\u00e4tteeksi konfirmaatiojuhlassa kirkon alttarilla seurakunnan edess\u00e4.<\/p>\n\n\n\n<p><\/p>\n\n\n\n<p>Kuulustelua edelt\u00e4v\u00e4n\u00e4 y\u00f6n\u00e4 Hedvig ei saanut mill\u00e4\u00e4n nukuttua. H\u00e4n toisteli unissaankin kymment\u00e4 k\u00e4sky\u00e4 ja aakkosia!<\/p>\n\n\n\n<p><\/p>\n\n\n\n<p>Kirkkoon menness\u00e4\u00e4n kaverukset viel\u00e4 kyseliv\u00e4t toisiltaan ulkol\u00e4ksyj\u00e4. Onneksi he osasivat vastata oikein kirkkoherran kysymyksiin. Kyll\u00e4 he olivat helpottuneita! Hedvig ja Johan ymm\u00e4rsi miten t\u00e4rke\u00e4\u00e4 oli oppia lukemaan.<\/p>\n\n\n\n<p><\/p>\n\n\n\n<p><a href=\"https:\/\/espoonperinneseura.net\/sivistys\/luku-ja-kirjoitustaidon-alkutaival\/\" data-type=\"page\" data-id=\"3888\">Luku- ja kirjoitustaidon alkutaival<\/a><\/p>\n","protected":false},"excerpt":{"rendered":"<p>Tarja Rae Bemb\u00f6less\u00e4 asuva Hedvig-niminen tytt\u00f6 oli aloittamassa rippikoulua Espoon pappilassa 1780-luvulla naapurissa asuvan Johanin kanssa. Kumpikin osasi jo koko katekismuksen ulkoa, mutta lukeminen ei oikein sujunut. Nuoria pelotti kovin ankaran kirkkoherra Crusellin kuulustelu. Se tapahtuisi rippikoulun p\u00e4\u00e4tteeksi konfirmaatiojuhlassa kirkon alttarilla seurakunnan edess\u00e4. Kuulustelua edelt\u00e4v\u00e4n\u00e4 y\u00f6n\u00e4 Hedvig ei saanut mill\u00e4\u00e4n nukuttua. H\u00e4n toisteli unissaankin kymment\u00e4&#8230;<\/p>\n","protected":false},"author":1,"featured_media":0,"parent":3888,"menu_order":0,"comment_status":"closed","ping_status":"closed","template":"","meta":{"_kadence_starter_templates_imported_post":false,"_kad_post_transparent":"","_kad_post_title":"","_kad_post_layout":"","_kad_post_sidebar_id":"","_kad_post_content_style":"","_kad_post_vertical_padding":"","_kad_post_feature":"","_kad_post_feature_position":"","_kad_post_header":false,"_kad_post_footer":false,"_kad_post_classname":"","footnotes":""},"class_list":["post-4048","page","type-page","status-publish","hentry"],"featured_image_src":"","featured_image_src_square":false,"rbea_author_info":{"display_name":"espoonperinne@gmail.com","author_link":"https:\/\/espoonperinneseura.net\/sivistys\/author\/espoonperinnegmail-com\/"},"rbea_excerpt_info":"Tarja Rae Bemb\u00f6less\u00e4 asuva Hedvig-niminen tytt\u00f6 oli aloittamassa rippikoulua Espoon pappilassa 1780-luvulla naapurissa asuvan Johanin kanssa. Kumpikin osasi jo koko katekismuksen ulkoa, mutta lukeminen ei oikein sujunut. Nuoria pelotti kovin ankaran kirkkoherra Crusellin kuulustelu. Se tapahtuisi rippikoulun p\u00e4\u00e4tteeksi konfirmaatiojuhlassa kirkon alttarilla seurakunnan edess\u00e4. Kuulustelua edelt\u00e4v\u00e4n\u00e4 y\u00f6n\u00e4 Hedvig ei saanut mill\u00e4\u00e4n nukuttua. H\u00e4n toisteli unissaankin kymment\u00e4...","_links":{"self":[{"href":"https:\/\/espoonperinneseura.net\/sivistys\/wp-json\/wp\/v2\/pages\/4048","targetHints":{"allow":["GET"]}}],"collection":[{"href":"https:\/\/espoonperinneseura.net\/sivistys\/wp-json\/wp\/v2\/pages"}],"about":[{"href":"https:\/\/espoonperinneseura.net\/sivistys\/wp-json\/wp\/v2\/types\/page"}],"author":[{"embeddable":true,"href":"https:\/\/espoonperinneseura.net\/sivistys\/wp-json\/wp\/v2\/users\/1"}],"replies":[{"embeddable":true,"href":"https:\/\/espoonperinneseura.net\/sivistys\/wp-json\/wp\/v2\/comments?post=4048"}],"version-history":[{"count":4,"href":"https:\/\/espoonperinneseura.net\/sivistys\/wp-json\/wp\/v2\/pages\/4048\/revisions"}],"predecessor-version":[{"id":4058,"href":"https:\/\/espoonperinneseura.net\/sivistys\/wp-json\/wp\/v2\/pages\/4048\/revisions\/4058"}],"up":[{"embeddable":true,"href":"https:\/\/espoonperinneseura.net\/sivistys\/wp-json\/wp\/v2\/pages\/3888"}],"wp:attachment":[{"href":"https:\/\/espoonperinneseura.net\/sivistys\/wp-json\/wp\/v2\/media?parent=4048"}],"curies":[{"name":"wp","href":"https:\/\/api.w.org\/{rel}","templated":true}]}}