{"id":1362,"date":"2023-06-20T06:23:40","date_gmt":"2023-06-20T03:23:40","guid":{"rendered":"https:\/\/espoonperinneseura.net\/yritykset\/?page_id=1362"},"modified":"2023-06-21T05:59:57","modified_gmt":"2023-06-21T02:59:57","slug":"espoon-musiikki","status":"publish","type":"page","link":"https:\/\/espoonperinneseura.net\/yritykset\/muita-yrityksia\/espoon-musiikki\/","title":{"rendered":"Espoon musiikki kaikilla mausteilla"},"content":{"rendered":"<p><em>Kata Aaltonen<\/em><\/p>\n<p><a href=\"https:\/\/www.espoo.fi\/fi\/kulttuuri-ja-vapaa-aika\" target=\"_blank\" rel=\"noopener\"><img loading=\"lazy\" decoding=\"async\" class=\"pict size-large wp-image-1375\" style=\"width: 300px; border: 1px solid gray;\" src=\"https:\/\/espoonperinneseura.net\/yritykset\/wp-content\/uploads\/2023\/06\/Musiikkikuva0-1024x1024.jpg\" alt=\"\" width=\"1024\" height=\"1024\" srcset=\"https:\/\/espoonperinneseura.net\/yritykset\/wp-content\/uploads\/2023\/06\/Musiikkikuva0-1024x1024.jpg 1024w, https:\/\/espoonperinneseura.net\/yritykset\/wp-content\/uploads\/2023\/06\/Musiikkikuva0-300x300.jpg 300w, https:\/\/espoonperinneseura.net\/yritykset\/wp-content\/uploads\/2023\/06\/Musiikkikuva0-150x150.jpg 150w, https:\/\/espoonperinneseura.net\/yritykset\/wp-content\/uploads\/2023\/06\/Musiikkikuva0-768x768.jpg 768w, https:\/\/espoonperinneseura.net\/yritykset\/wp-content\/uploads\/2023\/06\/Musiikkikuva0.jpg 1280w\" sizes=\"auto, (max-width: 1024px) 100vw, 1024px\" \/><\/a><\/p>\n<p>Espoo on el\u00e4v\u00e4 musiikkikaupunki. Kaupunki on kuin sarvi, josta riitt\u00e4\u00e4 tarjottavaa jokaiselle musiikin yst\u00e4v\u00e4lle. Nyt menn\u00e4\u00e4n vauvasta vaariin! Tarjonta on monipuolista; maksullista, jopa ilmaista. Kaupungin moninaisessa musiikkitarjonnassa ei voi ohittaa koulujen ja seurakuntien tarjoamaa musiikkikasvatusta, joka tuottaa alustaa my\u00f6s musiikkiopistoille. Yritt\u00e4j\u00e4ajatuksella my\u00f6s yritt\u00e4minen, tekeminen ja yritys ovat merkityksellist\u00e4.<\/p>\n<h4>Muskarit<\/h4>\n<p><strong>Seurakuntien muskarit<\/strong> toivottavat tervetulleeksi mukaan laulun ja leikin maailmaan. Kauden alkaessa alle 3 kk:n ik\u00e4isilt\u00e4 sisarusryhm\u00e4l\u00e4isilt\u00e4 ei perit\u00e4 lukukausimaksua. Seurakuntien muskareissa painottuu pienten osallistuminen. Isommat siirtyv\u00e4t maksullisten muskareiden piiriin.<\/p>\n<p>Seurakuntien muskareissa k\u00e4y viikoittain n. 900 lasta. Seurakuntien lasten ja perheiden omilta Facebook-sivuilta l\u00f6ytyy my\u00f6s lyhyit\u00e4 verkkomuskarihetki\u00e4.<\/p>\n<p><strong>Jamkids-muskari<\/strong>, musiikkileikkikoulu on perustettu kev\u00e4\u00e4ll\u00e4 2009. Jamkidsiss\u00e4 opiskellaan taiteen perusopetuksen yleisen oppim\u00e4\u00e4r\u00e4n mukaisia opintokokonaisuuksia. Koulussa soitetaan ja lauletaan, tutustutaan monipuolisesti musiikin maailmaan sek\u00e4 tietysti pidet\u00e4\u00e4n hauskaa. Opetus on suunnattu 0\u20136-vuotiaille lapsille.<\/p>\n<p><strong>Musiikkiopisto Avonia<\/strong> j\u00e4rjest\u00e4\u00e4 musiikkileikkikouluopetusta yhteisty\u00f6ss\u00e4 p\u00e4iv\u00e4kotien kanssa Eskarilaiset voivat hakeutua my\u00f6s rytmiikkavalmennukseen.<\/p>\n<p><strong>Musiikkiopisto Juvenaliaan<\/strong> kuuluu my\u00f6s alle kouluik\u00e4isille suunnattu musiikkileikkikoulu. Teht\u00e4v\u00e4n\u00e4 on opettaa monipuolisia musiikillisia taitoja ja luoda valmiuksia musiikin elinik\u00e4iselle harrastamiselle ja ammattiopintoihin hakeutumiselle.<\/p>\n<p><strong>EMO (Espoon musiikkiopisto): <\/strong>Yhdess\u00e4 laulaminen kehitt\u00e4\u00e4 s\u00e4velkorvaa ja antaa hyv\u00e4n pohjan soitinopinnoille. EMOn yhteisty\u00f6verkosto Espoossa kattaa p\u00e4iv\u00e4kodit, hoivakodit, koulut, festivaalit, muut taideoppilaitokset ja monet yksityiset toimijat. Lukuisien kumppanuuksien ansiosta EMOn tarjoaman musiikkikasvatuksen saatavuus ja saavutettavuus laajenee ja lis\u00e4\u00e4 hyvinvointia my\u00f6s opiston ulkopuolella.<\/p>\n<p><strong>Rytmimusiikkiopisto Tauko<\/strong> tarjoaa my\u00f6s muskaritoimintaa.<\/p>\n<h4>Musiikkiopistot<\/h4>\n<p><strong>Musiikkiopisto Avoniassa<\/strong> (perustettu 2007) voi opiskella klassista- ja rytmimusiikkia (pop\/jazz\/rock). Avoniaan hyv\u00e4ksytyille oppilaille perustetaan verkkolevytilaan taitokansio, joka sis\u00e4lt\u00e4\u00e4 oppilaan taitotaulun ja tallenteita oppilaan soitosta sek\u00e4 opintoihin liittyvi\u00e4 dokumentteja. Opintoihin sis\u00e4ltyv\u00e4t henkil\u00f6kohtaiset soittotunnit, musiikin hahmotusaineiden opiskelu sek\u00e4 yhteismusisointi. Opisto tarjoaa s\u00e4hk\u00f6kitaran, s\u00e4hk\u00f6basson, laulun, koskettimien, rumpujen ja teorian opetusta.<\/p>\n<p><a href=\"https:\/\/juvenalia.fi\/\" target=\"_blank\" rel=\"noopener\"><img loading=\"lazy\" decoding=\"async\" class=\"pict size-full wp-image-1403\" style=\"width: 300px; border: 1px solid gray; padding: 10px;\" src=\"https:\/\/espoonperinneseura.net\/yritykset\/wp-content\/uploads\/2023\/06\/Musiikkikuva6.png\" alt=\"\" width=\"251\" height=\"200\" \/><\/a><\/p>\n<p><strong>Musiikkiopisto Juvenalia<\/strong> on perustettu vuonna 1977. Teht\u00e4v\u00e4n\u00e4 on opettaa monipuolisia musiikillisia taitoja ja luoda valmiuksia musiikin elinik\u00e4iselle harrastamiselle ja ammattiopintoihin hakeutumiselle. Juvenalian kamarimusiikkikilpailu on j\u00e4rjestetty 11 kertaa vuodesta 1984 alkaen. Yhten\u00e4 kilpailun keskeisen\u00e4 tavoitteena on ollut nuorille soittajille tarkoitetun kamarimusiikkiohjelmiston kartuttaminen. Siksi kilpailun jokaisen sarjan ohjelmistoon on sis\u00e4ltynyt uusi teos, joka on tilattu suomalaiselta s\u00e4velt\u00e4j\u00e4lt\u00e4 varta vasten kilpailijoiden esitett\u00e4v\u00e4ksi.<\/p>\n<p><strong>Musiikkikoulu Orbinski: <\/strong>Vuonna 1984 toimintansa aloittanut musiikkikoulu tarjoaaa soittotunteja Espoossa. Soittamaan voi opiskella pianoa, selloa, viulua, kitaraa sek\u00e4 huilua. Opiskelijat ovat musiikin harrastajia aivan aloittelijoista opinnoissaan edistyneempiin. Opetus instrumenttitasolla on p\u00e4\u00e4asiassa yksityisopetusta, johon oppilaat otetaan mukaan ilmoittautumisj\u00e4rjestyksess\u00e4 ilman p\u00e4\u00e4sykokeita. Tarjolla on my\u00f6s pianon ja viulun Suzuki-ryhm\u00e4 aloittajille 4-8-vuotiaille. lis\u00e4ksi my\u00f6s kaiken ik\u00e4isille s\u00e4hk\u00f6kitararyhmi\u00e4.<\/p>\n<p><strong>Musaamo<\/strong> (perustettu 2017) on yksityinen ja monipuolinen musiikkikoulu Espoon Lepp\u00e4vaarassa. Halusitpa sitten instrumenttitunneille tai ison produktion t\u00e4hdeksi Musaamossa voi harrastaa soittamista ja laulamista ajatuksena treenaus, yhteissoitto, studioty\u00f6skentely, biisinkirjoitus, musiikkituotanto, esiintymisvalmennus, p\u00e4\u00e4sykokeisiin valmentautuminen.<\/p>\n<p><a href=\"https:\/\/estrada.fi\/\" target=\"_blank\" rel=\"noopener\"><img loading=\"lazy\" decoding=\"async\" class=\"pict size-full wp-image-1404\" style=\"width: 300px; border: 1px solid gray;\" src=\"https:\/\/espoonperinneseura.net\/yritykset\/wp-content\/uploads\/2023\/06\/Musiikkikuva7.png\" alt=\"\" width=\"225\" height=\"225\" srcset=\"https:\/\/espoonperinneseura.net\/yritykset\/wp-content\/uploads\/2023\/06\/Musiikkikuva7.png 225w, https:\/\/espoonperinneseura.net\/yritykset\/wp-content\/uploads\/2023\/06\/Musiikkikuva7-150x150.png 150w\" sizes=\"auto, (max-width: 225px) 100vw, 225px\" \/><\/a><\/p>\n<p><strong>Estrada<\/strong> (perustettu 1984) on Espoossa toimiva musiikki- ja tanssikoulu, jossa jokainen voi harrastaa musiikkia tai tanssia. Estradassa voi harrastaa klassista tai rytmimusiikkia yksin tai yhdess\u00e4. Aiheina esim. piano, s\u00e4hk\u00f6kitara, laulu, sello, huilu, saksofoni, rummut, basso tai, kuoro.<\/p>\n<p><strong>Rytmimusiikkiopisto Tauko<\/strong> (perustettu 1990): Musiikkioppilaitos, jossa annetaan soiton- ja laulunopetusta rytmimusiikkiin painottuen. Soittimet: basso, saksofoni, rummut\/marssirummut, piano, poikkihuilu\/klarinetti, kitara\/s\u00e4hk\u00f6kitara\/ukulele, laulu ja viulu.<\/p>\n<p><strong>Taidekoulu Talentti<\/strong> on Espoon kristillisess\u00e4 koulussa toimiva taidekoulu. Koulussa voi kehitt\u00e4\u00e4 omia taitoja erityisesti musiikin ja teatteritaiteen opinnoissa. Musiikkia opiskellaan viikoittain omilla soitto- ja laulutunneilla sek\u00e4 muhab\u00e4ndeiss\u00e4, jotka ovat toistaiseksi tavoitteellisia koulun musiikkinkerhoja. Soittotunneilla voi opiskella viulun, saksofonin, klarinetin, kitaran, rumpujen, basson ja pianon soittoa sek\u00e4 laulua. Muhab\u00e4ndeiss\u00e4 soitinoppilaat oppivat musisoimaan yhdess\u00e4 sek\u00e4 hahmottamaan musiikin perusasioita (musiikin luku-ja kirjoitustaitoja)<\/p>\n<p><a href=\"https:\/\/emo.fi\/\" target=\"_blank\" rel=\"noopener\"><img loading=\"lazy\" decoding=\"async\" class=\"pict size-full wp-image-1366\" style=\"width: 300px; border: 1px solid gray; padding: 10px;\" src=\"https:\/\/espoonperinneseura.net\/yritykset\/wp-content\/uploads\/2023\/06\/Musiikkikuva1.png\" alt=\"\" width=\"483\" height=\"322\" srcset=\"https:\/\/espoonperinneseura.net\/yritykset\/wp-content\/uploads\/2023\/06\/Musiikkikuva1.png 483w, https:\/\/espoonperinneseura.net\/yritykset\/wp-content\/uploads\/2023\/06\/Musiikkikuva1-300x200.png 300w\" sizes=\"auto, (max-width: 483px) 100vw, 483px\" \/><\/a><\/p>\n<p><strong>Espoon musiikkiopisto EMO<\/strong> on Espoon suurin ja vanhin taideoppilaitos, joka antaa taiteen perusopetuksen musiikin laajan oppim\u00e4\u00e4r\u00e4n mukaista monipuolista ja laadukasta opetusta. EMO perustettiin Espoon kauppalaan ensimm\u00e4isen\u00e4 taidelaitoksena 27.1.1963. 60 v. juhlavuona juhlitaan kaikkien espoolaisten ja laajan yhteisty\u00f6verkoston kanssa.<\/p>\n<p>EMO on mukana syksyll\u00e4 2021 k\u00e4ynnistyneess\u00e4 monitaiteisessa ja -kulttuurisessa yhteisty\u00f6produktiossa Espoon eri taidekoulujen sek\u00e4 ammattitaiteilijoiden v\u00e4lill\u00e4. Yli 14-vuotiaat nuoret luovat itse suurteoksen, jonka ensi-ilta on kev\u00e4\u00e4ll\u00e4 2023. Monitaiteisessa produktiossa oppilaat tutustuvat my\u00f6s muihin taiteenaloihin. Yhdess\u00e4 laulaminen kehitt\u00e4\u00e4 s\u00e4velkorvaa ja antaa hyv\u00e4n pohjan soitinopinnoille. EMOn yhteisty\u00f6verkosto Espoossa kattaa p\u00e4iv\u00e4kodit, hoivakodit, koulut, festivaalit, muut taideoppilaitokset ja monet yksityiset toimijat. Lukuisien kumppanuuksien ansiosta EMOn tarjoaman musiikkikasvatuksen saatavuus ja saavutettavuus laajenee ja lis\u00e4\u00e4 hyvinvointia my\u00f6s opiston ulkopuolella.<\/p>\n<h4>Pop\/Jazz<\/h4>\n<p><a href=\"https:\/\/ebeli.fi\/\" target=\"_blank\" rel=\"noopener\"><img loading=\"lazy\" decoding=\"async\" class=\"pict size-large wp-image-1367\" style=\"width: 300px; border: 1px solid gray; padding: 10px;\" src=\"https:\/\/espoonperinneseura.net\/yritykset\/wp-content\/uploads\/2023\/06\/Musiikkikuva2-1024x976.png\" alt=\"\" width=\"1024\" height=\"976\" srcset=\"https:\/\/espoonperinneseura.net\/yritykset\/wp-content\/uploads\/2023\/06\/Musiikkikuva2-1024x976.png 1024w, https:\/\/espoonperinneseura.net\/yritykset\/wp-content\/uploads\/2023\/06\/Musiikkikuva2-300x286.png 300w, https:\/\/espoonperinneseura.net\/yritykset\/wp-content\/uploads\/2023\/06\/Musiikkikuva2-768x732.png 768w, https:\/\/espoonperinneseura.net\/yritykset\/wp-content\/uploads\/2023\/06\/Musiikkikuva2-1536x1465.png 1536w, https:\/\/espoonperinneseura.net\/yritykset\/wp-content\/uploads\/2023\/06\/Musiikkikuva2-2048x1953.png 2048w\" sizes=\"auto, (max-width: 1024px) 100vw, 1024px\" \/><\/a><\/p>\n<p><strong>EBELI<\/strong> &#8211; Espoon Musiikkiopiston pop\/jazzlinja jo vuodesta 1996, jolla annetaan espoolaisille nuorille rytmimusiikin tavoitteellista ja laadukasta opetusta kotimaisin huippuvoimin.\u00a0Ebelin perusti Martti \u201dMape\u201d Lappalainen 1941-2011.<\/p>\n<p>Ebelin opetussuunnitelma noudattaa Taiteen perusopetuksen laajaa oppim\u00e4\u00e4r\u00e4\u00e4. Toiminta on sek\u00e4 valtiontuen ett\u00e4 Espoon kaupungin tuen piiriss\u00e4.\u00a0Soitin- ja laulunopetukseen sis\u00e4ltyv\u00e4t rummut, piano, laulu, saksofoni, huilu, klarinetti, trumpetti, pasuuna, vibrafoni sek\u00e4 studioty\u00f6. Ryhm\u00e4opetuksen peruste on: soittamalla oppii soittamaan.<\/p>\n<p><strong>Espoo Big Band \u2013 EBB<\/strong> \u2013 on yksi Suomen suurten jazzorkestereiden valioista. Martti \u201dMape\u201d Lappalaisen (k. 2011) vuonna 1980 perustama EBB on tehnyt kunnianhimoista ja pitk\u00e4j\u00e4nteist\u00e4 ty\u00f6t\u00e4 suomalaisen jazzmusiikin hyv\u00e4ksi jo yli kolme vuosikymment\u00e4. T:<\/p>\n<h4>Puhallinorkesterit<\/h4>\n<p><strong>Espoon Puhallinorkesteri (EPO)<\/strong> on noin 50 soittajan sinfoninen puhallinorkesteri, joka koostuu aktiivisista musiikin harrastajista ja vietti 50-vuotisjuhlavuotta vuonna 2022.<br \/>\nOrkesteria pit\u00e4\u00e4 yll\u00e4 Espoon Puhallinorkesteriyhdistys ry, joka haluaa edist\u00e4\u00e4 puhallinmusiikin tuntemusta, koulutusta.<\/p>\n<p><strong>PPO WindBand<\/strong> on noin 30 soittajan puhallinorkesteri. Orkesterin j\u00e4senet ovat eri ik\u00e4isi\u00e4 puhallinmusiikin harrastajia. Matinkyl\u00e4n Pirtti on v. 1957 rakennettu ty\u00f6v\u00e4entalo Espoon Olarissa. Pirtti\u00e4 on yll\u00e4pidetty talkoovoimin mm. j\u00e4rjest\u00e4m\u00e4ll\u00e4 yleisi\u00e4 tansseja. Pirtin tansseissa my\u00f6s syntyi ajatus puhallinyhtyeest\u00e4, kun kaksi talkoolaista, Antero Vinberg ja Kari Kytt\u00e4l\u00e4 huomasivat, ett\u00e4 kumpikin harrastaa saksofonin soittoa. Kun s\u00e4est\u00e4j\u00e4ksi saatiin kitaristi Erkki Makkonen, niin orkesteri oli valmis, ja ensimm\u00e4inen esiintyminen oli Matinkyl\u00e4n keskuspuistossa 17.8.1975. Kahdessa vuodessa yhtye kasvoi seitsikoksi, ja toiminta p\u00e4\u00e4tettiin virallistaa perustamalla yhdistys: \u201dPuhallinorkesteri Espoo\u201d. My\u00f6hemmin yhdistyksen nimeksi muutettiin jo aiemmin k\u00e4yt\u00e4nn\u00f6ss\u00e4 vakiintunut \u201dPirtin Puhaltajat.<\/p>\n<h4>Espoo soi<\/h4>\n<p><a href=\"https:\/\/www.espoo.fi\/fi\/tapiola-sinfonietta\" target=\"_blank\" rel=\"noopener\"><img loading=\"lazy\" decoding=\"async\" class=\"pict size-full wp-image-1368\" style=\"clear: both; width: 300px; border: 1px solid gray;\" src=\"https:\/\/espoonperinneseura.net\/yritykset\/wp-content\/uploads\/2023\/06\/Musiikkikuva3.jpg\" alt=\"\" width=\"570\" height=\"285\" srcset=\"https:\/\/espoonperinneseura.net\/yritykset\/wp-content\/uploads\/2023\/06\/Musiikkikuva3.jpg 570w, https:\/\/espoonperinneseura.net\/yritykset\/wp-content\/uploads\/2023\/06\/Musiikkikuva3-300x150.jpg 300w\" sizes=\"auto, (max-width: 570px) 100vw, 570px\" \/><\/a><\/p>\n<p><strong>Tapiola Sinfonietta<\/strong> on vuonna 1987 perustettu Espoon kaupunginorkesteri ja kansainv\u00e4lisesti tunnettu kamariorkesteri. Ohjelmistossa on klassista musiikkia eri aikakausilta ja ennakkoluulottomia taiteidenv\u00e4lisi\u00e4 produktioita. Toiminta Espoon kaupunginorkesterina tavoittaa kuulijat my\u00f6s konserttisalien ulkopuolella.<\/p>\n<p><a href=\"https:\/\/juurijuhla.fi\/\" target=\"_blank\" rel=\"noopener\"><img loading=\"lazy\" decoding=\"async\" class=\"pict size-full wp-image-1369\" style=\"clear: both; width: 300px; border: 1px solid gray;\" src=\"https:\/\/espoonperinneseura.net\/yritykset\/wp-content\/uploads\/2023\/06\/Musiikkikuva4.jpg\" alt=\"\" width=\"1024\" height=\"341\" srcset=\"https:\/\/espoonperinneseura.net\/yritykset\/wp-content\/uploads\/2023\/06\/Musiikkikuva4.jpg 1024w, https:\/\/espoonperinneseura.net\/yritykset\/wp-content\/uploads\/2023\/06\/Musiikkikuva4-300x100.jpg 300w, https:\/\/espoonperinneseura.net\/yritykset\/wp-content\/uploads\/2023\/06\/Musiikkikuva4-768x256.jpg 768w\" sizes=\"auto, (max-width: 1024px) 100vw, 1024px\" \/><\/a><\/p>\n<p><strong>JuuriJuhla-RotFestin<\/strong> juuret ovat espoolaisessa pelimannimusiikissa. JuuriJuhla-festivaalin lavoille kipuaa niin espoolaiset pelimannit kuin kotimaiset huippukansanmuusikot, monet jo kansainv\u00e4lisesti ansioituneita.<\/p>\n<p>Ensimm\u00e4inen JuuriJuhla-RotFest j\u00e4rjestettiin vuonna 2003 Kev\u00e4t Soi! \u2013nimisen\u00e4, vuonna 2004 nimi muutettiin JuuriJuhla&#8211;RotFestiksi. RotFest haluaa vied\u00e4 kansanmusiikkia my\u00f6s upeisiin ja monimuotoisiin espoolaisiin vanhoihin kartanoihin, kirkkoihin sek\u00e4 seurantaloille. Lasten kansanmusiikkikonsertit ovat alusta asti olleet olennainen osa JuuriJuhlaa, kuten my\u00f6s suomenruotsalaisen kansanmusiikin esitt\u00e4ytyminen festivaaliohjelmassa. JuuriJuhla-RotFest -yhdistys ry perustettiin vuonna 2007. Siihen asti JuuriJuhlan j\u00e4rjest\u00e4j\u00e4n\u00e4 toimi\u202fSuomen Kansanmusiikkiliitto ry.<\/p>\n<p><a href=\"https:\/\/apriljazz.fi\/\" target=\"_blank\" rel=\"noopener\"><img loading=\"lazy\" decoding=\"async\" class=\"pict size-large wp-image-1370\" style=\"clear: both; width: 300px; border: 1px solid gray;\" src=\"https:\/\/espoonperinneseura.net\/yritykset\/wp-content\/uploads\/2023\/06\/Musiikkikuva5-1024x631.png\" alt=\"\" width=\"1024\" height=\"631\" srcset=\"https:\/\/espoonperinneseura.net\/yritykset\/wp-content\/uploads\/2023\/06\/Musiikkikuva5-1024x631.png 1024w, https:\/\/espoonperinneseura.net\/yritykset\/wp-content\/uploads\/2023\/06\/Musiikkikuva5-300x185.png 300w, https:\/\/espoonperinneseura.net\/yritykset\/wp-content\/uploads\/2023\/06\/Musiikkikuva5-768x474.png 768w, https:\/\/espoonperinneseura.net\/yritykset\/wp-content\/uploads\/2023\/06\/Musiikkikuva5.png 1411w\" sizes=\"auto, (max-width: 1024px) 100vw, 1024px\" \/><\/a><\/p>\n<p><strong>April Jazz<\/strong> on Espoon Tapiolassa vuosittain j\u00e4rjestett\u00e4v\u00e4 jazz-musiikkitapahtuma. Se on j\u00e4rjestetty vuodesta 1987 alkaen joka huhtikuu.<\/p>\n<p>April Jazzin taiteellisena johtajana vuoteen 2011 saakka toimi Mape Lappalainen. Tapahtuman j\u00e4rjest\u00e4\u00e4 Espoo Big Band ry, ja sit\u00e4 tukee muun muassa Espoon kaupunki.<\/p>\n<p><strong>Retuper\u00e4n WBK<\/strong> on Helsingiss\u00e4 vuonna 1933 perustettu teekkariorkesteri, jonka kotipaikkana on nyky\u00e4\u00e4n Espoon Otaniemi. Yhtye parodioi 1900-luvun alkupuolella soittaneita vapaapalokuntien orkestereita. Yhtye konsertoi kahden vuoden v\u00e4lein Finlandia-talossa, jota yhtye nimitt\u00e4\u00e4 T\u00f6\u00f6l\u00f6nlahden palokunnantaloksi. Sis\u00e4asiainministeri\u00f6n pelastusosasto nimesi Retuper\u00e4n Wapaapalokunnan laatuaan ensimm\u00e4iseksi ministeri\u00f6n kunniasopimuspalokunnaksi vuonna 2009.<\/p>\n<p><strong>Espoon Laulu<\/strong>\u00a0on l\u00e4hes 60 hengen sekakuoro. Ohjelmisto koostuu p\u00e4\u00e4osin viihde- ja laulelmamusiikista. Espoon Laulu perustettiin vuonna 1986. Kuoro on tullut my\u00f6s palkituksi kuorokilpailuissa ja \u2013katselmuksissa useaan kertaan.<\/p>\n<p><strong>Sotaveteraanikuoro<\/strong>: Kuoron jalo periaate: \u201dMe laulamme, kunnes meille lauletaan\u201d. Espoon sotaveteraanikuoro aloitti toimintansa vuonna 1978. Sen tarkoituksena on yll\u00e4pit\u00e4\u00e4 ja kehitt\u00e4\u00e4 j\u00e4sentens\u00e4 lauluharrastusta, toimia heid\u00e4n yhdyssiteen\u00e4\u00e4n, huolehtia sotaveteraaniperinteen s\u00e4ilytt\u00e4misest\u00e4, osallistua sotaveteraanisukupolven virkistys- ja viihdytystoimintaan sek\u00e4 toimia konsertoivana kuorona.<\/p>\n<p><strong>Espoolainen Murtosointu<\/strong> on korkeatasoinen a cappella -ohjelmistoa esitt\u00e4v\u00e4 kamarikuoro. Kuoro aloitti toimintansa vuonna 2003, ja siin\u00e4 on noin 30 kokenutta laulajaa. Kuoron taiteellinen johtaja on dir. mus. Seppo Murto. Kuoron monipuolinen ohjelmisto kattaa kirjon Palestrinasta suomalaiseen nykymusiikkiin.<\/p>\n<p><strong>Naiskuoro Melodie ry<\/strong>: Espoolaisessa Naiskuoro Melodiessa laulaa parikymment\u00e4 hyv\u00e4ntuulista, eri-ik\u00e4ist\u00e4 naista. Kuoroa johtaa Pasi Eskelinen. Ohjelmistossa monipuolisesti viihdytt\u00e4vi\u00e4, niin klassisempia kuin kevyempi\u00e4kin lauluja.<\/p>\n<h4>Ty\u00f6v\u00e4enopiston musiikkitarjonta<\/h4>\n<p><strong>Espoon ty\u00f6v\u00e4enopistossa<\/strong> voi laulaa kuorossa, osallistua huilukurssille, soittaa opiston sinfoniaorkesterissa tai kokeilla omien biisien tekemist\u00e4 opettajan ohjauksessa. Voi harrastaa musiikkia itsellesi sopivalla tavalla ja omien tavoitteidesi mukaisesti.<\/p>\n<p>Tarjolla yleisen 500 tunnin oppim\u00e4\u00e4r\u00e4n mukaisia opintoja musiikissa Opinnot kest\u00e4v\u00e4t kolme vuotta. Musiikin opintoihin hakeudutaan valintaprosessin kautta. Toiminta pohjautuu Opetushallituksen linjaamiin opetussuunnitelman perusteisiin. Opetus on suunnattu yli 16-vuotiaille. Opiskelu on tavoitteellista ja opinnoista saa todistuksen. Musiikin taiteen perusopetus sopii mainiosti t\u00e4ydent\u00e4m\u00e4\u00e4n osaamista, jos ty\u00f6skentelee esimerkiksi lasten, nuorten tai vanhusten kanssa, opetus- tai hoitoty\u00f6ss\u00e4, mielenterveys-, p\u00e4ihde- tai vammaisty\u00f6ss\u00e4, monikulttuurisessa ty\u00f6yhteis\u00f6ss\u00e4 tai erityisryhmien kuntoutuksessa.<\/p>\n<h4><strong>Tapiolan kuoro<\/strong><\/h4>\n<p><a href=\"http:\/\/www.tapiolankuoro.fi\/\" target=\"_blank\" rel=\"noopener\"><img loading=\"lazy\" decoding=\"async\" class=\"pict size-full wp-image-1405\" style=\"width: 300px; border: 1px solid gray;\" src=\"https:\/\/espoonperinneseura.net\/yritykset\/wp-content\/uploads\/2023\/06\/Musiikkikuva8.png\" alt=\"\" width=\"225\" height=\"224\" srcset=\"https:\/\/espoonperinneseura.net\/yritykset\/wp-content\/uploads\/2023\/06\/Musiikkikuva8.png 225w, https:\/\/espoonperinneseura.net\/yritykset\/wp-content\/uploads\/2023\/06\/Musiikkikuva8-150x150.png 150w\" sizes=\"auto, (max-width: 225px) 100vw, 225px\" \/><\/a><\/p>\n<p>Tapiolan kuoro juhlistaa 60-vuotista toimintaansa vuonna 2023. Tapiolan kuoro on espoolainen lapsi- ja nuorisokuoro. Kuoron perusti Erkki Pohjola vuonna 1963. Kuoro on yksi maailman arvostetuimmista lapsikuoroista ja se esitt\u00e4\u00e4 niin kansanmusiikkia kuin my\u00f6s hyvin vaativaa 1900- ja 2000-luvun kuoromusiikkia. Kuoro esiintyy aktiivisesti Suomessa ja ulkomailla, ja se on tehnyt kymmeni\u00e4 levytyksi\u00e4. Vuosikymmenten aikana kuoro on tehnyt yli 60 kansainv\u00e4list\u00e4 kiertuetta, joista kolme maailman ymp\u00e4ri.<\/p>\n<p>Tapiolan kuorossa on noin 70 laulajaa, jotka ovat i\u00e4lt\u00e4\u00e4n 8\u201319-vuotiaita ja joista jokainen soittaa v\u00e4hint\u00e4\u00e4n yht\u00e4 instrumenttia laulamisen lis\u00e4ksi. Kuorolle on ominaista luonnollinen \u00e4\u00e4nenk\u00e4ytt\u00f6 ja ilmaisu sek\u00e4 laulun, soiton ja liikunnan monipuolinen yhdist\u00e4minen.<\/p>\n<p>Tapiolan kuoro syntyi 1963 Tapiolan koulussa musiikinopettaja Erkki Pohjolan toimesta. Kansainv\u00e4liselle kent\u00e4lle se murtautui 1971 voittamalla BBC:n Let the Peoples Sing -kilpailun. Siit\u00e4 alkoi nyt jo yli 50 vuotta kest\u00e4nyt ja noin 35 maan kautta laulettu matka Tapiolasta maailman ymp\u00e4ri. Tuliaisiksi vietiin ja tuotiin paikallisia lauluja, jotka v\u00e4litt\u00e4v\u00e4t tunnelmia vuosikymmenten takaisista perhemajoituksista, bussimatkoista, eksoottisista paikoista ja kulttuurisista kohtaamisista.<\/p>\n<h4>Kaupungin panos<\/h4>\n<p>Kaupungissa on useita kouluissa toimivia musiikkiluokkia, mutta my\u00f6s erityisen korkeatasoista opetusta ns. normaaleilla luokilla. Musiikkiluokkia l\u00f6ytyy viidest\u00e4 koulusta.<\/p>\n<h4>Seurakuntien rooli<\/h4>\n<p>Seurakunnat tarjoavat monenmoista musiikkiopetusta ja \u2013toimintaa. Aikuisille seurakunnat tarjoavat monipuolista musiikkitoimintaa. Kirkoilla on korkeatasoisia kuoroja, mutta my\u00f6s matalan kynnyksen kuoroja laulajille (ns. lahjattomille harrastajille)<\/p>\n<p><a href=\"https:\/\/candomino.fi\/\"><img loading=\"lazy\" decoding=\"async\" class=\"pict wp-image-1406 size-full\" style=\"width: 300px; border: 1px solid gray; padding: 10px;\" src=\"https:\/\/espoonperinneseura.net\/yritykset\/wp-content\/uploads\/2023\/06\/Musiikkikuva9.png\" alt=\"\" width=\"500\" height=\"127\" srcset=\"https:\/\/espoonperinneseura.net\/yritykset\/wp-content\/uploads\/2023\/06\/Musiikkikuva9.png 500w, https:\/\/espoonperinneseura.net\/yritykset\/wp-content\/uploads\/2023\/06\/Musiikkikuva9-300x76.png 300w\" sizes=\"auto, (max-width: 500px) 100vw, 500px\" \/><\/a><\/p>\n<p>Olarin seurakunnan kamarikuoro <strong>Candomino\u00a0<\/strong>on noin 40 nuoren aikuisen espoolainen kamarikuoro, joka esitt\u00e4\u00e4 ja levytt\u00e4\u00e4 raikkaita tulkintoja taidemusiikin eri alueilta renessanssista nykymusiikkiin. Kuoroa johti vuosina 1967\u20132005 sen perustaja, musiikkineuvos Tauno Satomaa, mink\u00e4 j\u00e4lkeen musiikista on vastannut musiikin maisteri Esko Kallio. Candominosta on kehittynyt vuosien kuluessa arvostettu ja tunnettu kamarikuoro, jonka maine on kasvanut kymmenill\u00e4 menestyksekk\u00e4ill\u00e4 konserttimatkoilla ymp\u00e4ri maailman.<\/p>\n<p>Candomino on palkittu niin kansainv\u00e4lisiss\u00e4 kuin kotimaisissa kuorokilpailuissa, ja vuonna 2014 Yle valitsi Candominon vuoden nuorisokuoroksi. Kilpailusijoituksista viimeisimm\u00e4t ovat kaksi kultaleimaa Tampereen s\u00e4veless\u00e4 2019 ja kamarikuoro-sarjan toinen sija Tallinnan 16. kansainv\u00e4lisess\u00e4 kuorokilpailussa 2019. Kuoron diskografia kattaa yli 20 albumia, ja Candomino kantaesitt\u00e4nyt lukuisia teoksia nykys\u00e4velt\u00e4jilt\u00e4.<\/p>\n","protected":false},"excerpt":{"rendered":"<p>Kata Aaltonen Espoo on el\u00e4v\u00e4 musiikkikaupunki. Kaupunki on kuin sarvi, josta riitt\u00e4\u00e4 tarjottavaa jokaiselle musiikin yst\u00e4v\u00e4lle. Nyt menn\u00e4\u00e4n vauvasta vaariin! Tarjonta on monipuolista; maksullista, jopa ilmaista. Kaupungin moninaisessa musiikkitarjonnassa ei voi ohittaa koulujen ja seurakuntien tarjoamaa musiikkikasvatusta, joka tuottaa alustaa <span class=\"excerpt-dots\">&hellip;<\/span> <a class=\"more-link\" href=\"https:\/\/espoonperinneseura.net\/yritykset\/muita-yrityksia\/espoon-musiikki\/\"><span class=\"more-msg\">Jatka lukemista &rarr;<\/span><\/a><\/p>\n","protected":false},"author":1,"featured_media":0,"parent":324,"menu_order":0,"comment_status":"closed","ping_status":"closed","template":"","meta":{"om_disable_all_campaigns":false,"_monsterinsights_skip_tracking":false,"_monsterinsights_sitenote_active":false,"_monsterinsights_sitenote_note":"","_monsterinsights_sitenote_category":0,"_uf_show_specific_survey":0,"_uf_disable_surveys":false,"footnotes":""},"class_list":["post-1362","page","type-page","status-publish","hentry"],"aioseo_notices":[],"featured_image_src":null,"_links":{"self":[{"href":"https:\/\/espoonperinneseura.net\/yritykset\/wp-json\/wp\/v2\/pages\/1362","targetHints":{"allow":["GET"]}}],"collection":[{"href":"https:\/\/espoonperinneseura.net\/yritykset\/wp-json\/wp\/v2\/pages"}],"about":[{"href":"https:\/\/espoonperinneseura.net\/yritykset\/wp-json\/wp\/v2\/types\/page"}],"author":[{"embeddable":true,"href":"https:\/\/espoonperinneseura.net\/yritykset\/wp-json\/wp\/v2\/users\/1"}],"replies":[{"embeddable":true,"href":"https:\/\/espoonperinneseura.net\/yritykset\/wp-json\/wp\/v2\/comments?post=1362"}],"version-history":[{"count":26,"href":"https:\/\/espoonperinneseura.net\/yritykset\/wp-json\/wp\/v2\/pages\/1362\/revisions"}],"predecessor-version":[{"id":1411,"href":"https:\/\/espoonperinneseura.net\/yritykset\/wp-json\/wp\/v2\/pages\/1362\/revisions\/1411"}],"up":[{"embeddable":true,"href":"https:\/\/espoonperinneseura.net\/yritykset\/wp-json\/wp\/v2\/pages\/324"}],"wp:attachment":[{"href":"https:\/\/espoonperinneseura.net\/yritykset\/wp-json\/wp\/v2\/media?parent=1362"}],"curies":[{"name":"wp","href":"https:\/\/api.w.org\/{rel}","templated":true}]}}