{"id":193,"date":"2022-09-21T06:03:32","date_gmt":"2022-09-21T03:03:32","guid":{"rendered":"https:\/\/espoonperinneseura.net\/yritykset\/?page_id=193"},"modified":"2022-10-09T06:25:01","modified_gmt":"2022-10-09T03:25:01","slug":"orion-oyj-suomen-suurin-laakeyhtio","status":"publish","type":"page","link":"https:\/\/espoonperinneseura.net\/yritykset\/teollisuus\/perusteollisuus\/orion-oyj-suomen-suurin-laakeyhtio\/","title":{"rendered":"Orion Oyj, Suomen suurin l\u00e4\u00e4keyhti\u00f6"},"content":{"rendered":"\n<p><em>Markku Salminen ja Esko Uotila<\/em><\/p>\n\n\n\n<figure class=\"wp-block-image size-full is-resized\"><img loading=\"lazy\" decoding=\"async\" src=\"https:\/\/espoonperinneseura.net\/yritykset\/wp-content\/uploads\/2022\/09\/Orion-2009.jpg\" alt=\"\" class=\"wp-image-199\" width=\"800\" height=\"511\" srcset=\"https:\/\/espoonperinneseura.net\/yritykset\/wp-content\/uploads\/2022\/09\/Orion-2009.jpg 800w, https:\/\/espoonperinneseura.net\/yritykset\/wp-content\/uploads\/2022\/09\/Orion-2009-300x192.jpg 300w, https:\/\/espoonperinneseura.net\/yritykset\/wp-content\/uploads\/2022\/09\/Orion-2009-768x491.jpg 768w\" sizes=\"auto, (max-width: 800px) 100vw, 800px\" \/><figcaption>Orionin rakennuksia Mankkaalla. Kuva: Markku Ylilammi 2009. Espoon kaupunginmuseo.<\/figcaption><\/figure>\n\n\n\n<p class=\"has-medium-font-size\"><strong>Orion, yli 100 vuotta tuotantoa<\/strong><\/p>\n\n\n\n<p>Orion Oyj on Espoossa Mankkaalla p\u00e4\u00e4konttoriaan pit\u00e4v\u00e4 suomalainen l\u00e4\u00e4keyhti\u00f6, joka perustettiin Helsingiss\u00e4 vuonna 1917 nimell\u00e4 Orion O\/Y. Perustajina oli kolme proviisoria, jotka halusivat mm. kielipoliittisista syist\u00e4 perustaa suomenkielisen ja -mielisen l\u00e4\u00e4ketehtaan vastapainoksi ruotsinkielisten hallitsemalle Medicalle. Aluksi uusi yhti\u00f6 toimi vaatimattomissa tiloissa Helsingin Kruunuhaassa ja sen ensimm\u00e4iset tuotteet olivat muita kuin l\u00e4\u00e4keaineita. Vuonna 1934 tapahtui muutto uusiin tiloihin Helsingin Vallilaan Nilsi\u00e4nkadun varrelle. Toiminnan kasvaessa n\u00e4it\u00e4 tiloja laajennettiin useampaan otteeseen. Vallilasta Orion alkoi siirty\u00e4 1960-luvulta alkaen useassa vaiheessa Espoon Mankkaalle nykyiseen sijaintipaikkaansa.<\/p>\n\n\n\n<p>Yhti\u00f6n alkutaival oli taloudellisesti hyvin tiukkaa, jopa toiminnan lopettaminen oli esill\u00e4 1920-luvulla. Tilanteen pelastamiseksi laajennettiin yhti\u00f6n omistuspohjaa. My\u00f6hemm\u00e4n menestymisen kannalta erityisen merkitt\u00e4v\u00e4ksi osoittautui Arvo Ylp\u00f6n liittyminen osakkeenomistajiin. H\u00e4n sai houkuteltua suuren joukon l\u00e4\u00e4k\u00e4reit\u00e4 merkitsem\u00e4\u00e4n yhti\u00f6n osakkeita. Osa Orionin nykyisest\u00e4 osakekannasta on edelleenkin alkuvuosien riskisijoittajien j\u00e4lkel\u00e4istens\u00e4 hallussa. Arvo Ylpp\u00f6 toimi aktiivisesti yhti\u00f6n luottamusteht\u00e4viss\u00e4 46 vuotta, suurimman osan ajasta puheenjohtajana. H\u00e4n luopui luottamusteht\u00e4vist\u00e4\u00e4n vuonna 1971.<\/p>\n\n\n\n<p>1930-luvulla Orionin liikevaihto l\u00e4hti kasvuun ja taloudellinen tilanne parani. Vuonna 1938 Orion ilmoitti olevansa Suomen suurin l\u00e4\u00e4keyhti\u00f6. Pitk\u00e4n toimintahistoriansa aikana Orion on kokenut monenlaisia vaiheita. Menestyksen my\u00f6t\u00e4 yhti\u00f6 alkoi jo 1950-luvulta eteenp\u00e4in laajentua my\u00f6s l\u00e4\u00e4kealan ulkopuolelle. Sen seurauksena Orion-Yhtym\u00e4\u00e4n kuului mm. teknokemian-, makeis-, konepaja- ja mets\u00e4teollisuutta. N\u00e4iden r\u00f6nsyjen purkaminen aloitettiin 1990-luvulla ja vuonna 2003 Orion oli j\u00e4lleen pelk\u00e4st\u00e4\u00e4n terveydenhuollon tuotteisiin keskittyv\u00e4 konserni. Sen l\u00e4\u00e4ketukkukauppa kasvoi vuonna 2002 merkitt\u00e4v\u00e4sti, kun Orion osti ruotsalaisen l\u00e4\u00e4ketukkukaupan nimelt\u00e4\u00e4n Kronans Droghandel.<\/p>\n\n\n\n<p class=\"has-medium-font-size\"><strong>Keskittyminen l\u00e4\u00e4kealalle <\/strong><\/p>\n\n\n\n<p>Vuonna 2006 silloinen Orion jakautui kahdeksi erilliseksi yhti\u00f6ksi. Nykyinen Orion Oyj keskittyy l\u00e4\u00e4kkeiden ja diagnostiikkatuotteiden kehitykseen ja valmistukseen. Oriola-KD Oyj harjoittaa l\u00e4\u00e4kkeiden tukku- ja v\u00e4hitt\u00e4iskauppaa, j\u00e4lkimm\u00e4ist\u00e4 erityisesti Ruotsissa ja hieman Baltian maissa. Orion Oyj:ll\u00e4 oli vuoden 2021 lopussa l\u00e4hes 81 000 osakkeenomistajaa, joista 95 % oli yksityishenkil\u00f6it\u00e4. Vuonna 2021 konsernin liikevaihto oli noin miljardi euroa, josta yli kaksi kolmasosaa tuli Suomen ulkopuolelta.<\/p>\n\n\n\n<p>Orion Oyj:n tuotteisiin kuuluu ihmis- ja el\u00e4inl\u00e4\u00e4kkeit\u00e4, l\u00e4\u00e4kkeiden vaikuttavia aineita sek\u00e4 diagnostisia testej\u00e4. Yhti\u00f6ll\u00e4 on monia itse kehitettyj\u00e4 alkuper\u00e4isl\u00e4\u00e4kkeit\u00e4, mik\u00e4 on t\u00e4rke\u00e4\u00e4 l\u00e4\u00e4kealan kovassa kilpailussa. Yhti\u00f6 on Suomen johtava l\u00e4\u00e4kemarkkinoija. Lis\u00e4ksi Orionin tuotteita on myynniss\u00e4 yli 100 maassa. <\/p>\n\n\n\n<p>Konsernista riippumaton Orionin Tutkimuss\u00e4\u00e4ti\u00f6 jakaa vuosittain tutkijoille apurahoja. Vuonna 2021 jaettu summa oli l\u00e4hes miljoona euroa. Nykyisen vuonna 2006 muodostetun s\u00e4\u00e4ti\u00f6n taustana on vuonna 1957 perustettu Orion-yhtym\u00e4n Tutkimuss\u00e4\u00e4ti\u00f6.<\/p>\n\n\n\n<p class=\"has-medium-font-size\"><strong>Orion Espoossa<\/strong><\/p>\n\n\n\n<p>Sotavuosien j\u00e4lkeisen\u00e4 aikana Orion hankki omistukseensa Espoosta l\u00e4hes sadan hehtaarin suuruisen Yl\u00e4-Mankkaan tilan. Aluksi maatilaa uhkasi pilkkominen Karjalasta muuttaneiden siirtolaisten asuttamiseksi. Pilkkomiselta v\u00e4ltyttiin, kun tilalla ryhdyttiin tuottamaan mm. valtakunnalle t\u00e4rkeit\u00e4 rohdoskasveja. Ulkomainen tuonti kuitenkin syrj\u00e4ytti pian kotimaisen viljelyn ja tila j\u00e4i odottamaan muuta k\u00e4ytt\u00f6\u00e4. L\u00e4\u00e4kkeiden tuotantolaitoksen ensimm\u00e4inen rakennusvaihe valmistui Mankkaalle vuonna 1962. Siit\u00e4 eteenp\u00e4in useassa vaiheessa rakennetut Orionin ja tyt\u00e4ryhti\u00f6iden rakennukset ovat olleet n\u00e4kyv\u00e4 osa Mankkaan maisemaa yli 50 vuoden ajan. <\/p>\n\n\n\n<p>Orion Oyj:n p\u00e4\u00e4konttori muutti Helsingin Vallilasta Mankkaalle vuonna 1984. P\u00e4\u00e4konttori saneerataan vuosina 2021-2023. Samalla alueella on my\u00f6s Oriola-KD Oyj:n toimitiloja. Orion Oyj:n tuotantolaitoksia on lis\u00e4ksi Kuopiossa, Salossa ja Turussa. Tyt\u00e4ryhti\u00f6 Fermion Oy:n tuotantolaitoksia on lis\u00e4ksi Hangossa ja Oulussa. Konsernin kaikki tehtaat ja valtaosa tutkimus- ja tuotekehitystoiminnoista sijaitsevat Suomessa. Vuonna 2021 Orionin palveluksessa Suomessa oli noin 2600 henke\u00e4.<\/p>\n\n\n\n<p>L\u00e4hteet:<br><a href=\"https:\/\/www.orion.fi\/konserni\/orionin-vuosisata\/\" target=\"_blank\" rel=\"noopener\">Orion Oyj:n julkinen internetsivusto<\/a><br>Orion-konsernin historia em. sivustoilta<br>Arvo Ylpp\u00f6, Orionin vahva mies, internetsivusto<\/p>\n","protected":false},"excerpt":{"rendered":"<p>Markku Salminen ja Esko Uotila Orion, yli 100 vuotta tuotantoa Orion Oyj on Espoossa Mankkaalla p\u00e4\u00e4konttoriaan pit\u00e4v\u00e4 suomalainen l\u00e4\u00e4keyhti\u00f6, joka perustettiin Helsingiss\u00e4 vuonna 1917 nimell\u00e4 Orion O\/Y. Perustajina oli kolme proviisoria, jotka halusivat mm. kielipoliittisista syist\u00e4 perustaa suomenkielisen ja -mielisen <span class=\"excerpt-dots\">&hellip;<\/span> <a class=\"more-link\" href=\"https:\/\/espoonperinneseura.net\/yritykset\/teollisuus\/perusteollisuus\/orion-oyj-suomen-suurin-laakeyhtio\/\"><span class=\"more-msg\">Jatka lukemista &rarr;<\/span><\/a><\/p>\n","protected":false},"author":1,"featured_media":0,"parent":210,"menu_order":0,"comment_status":"closed","ping_status":"closed","template":"","meta":{"om_disable_all_campaigns":false,"_monsterinsights_skip_tracking":false,"_monsterinsights_sitenote_active":false,"_monsterinsights_sitenote_note":"","_monsterinsights_sitenote_category":0,"_uf_show_specific_survey":0,"_uf_disable_surveys":false,"footnotes":""},"class_list":["post-193","page","type-page","status-publish","hentry"],"aioseo_notices":[],"featured_image_src":null,"_links":{"self":[{"href":"https:\/\/espoonperinneseura.net\/yritykset\/wp-json\/wp\/v2\/pages\/193","targetHints":{"allow":["GET"]}}],"collection":[{"href":"https:\/\/espoonperinneseura.net\/yritykset\/wp-json\/wp\/v2\/pages"}],"about":[{"href":"https:\/\/espoonperinneseura.net\/yritykset\/wp-json\/wp\/v2\/types\/page"}],"author":[{"embeddable":true,"href":"https:\/\/espoonperinneseura.net\/yritykset\/wp-json\/wp\/v2\/users\/1"}],"replies":[{"embeddable":true,"href":"https:\/\/espoonperinneseura.net\/yritykset\/wp-json\/wp\/v2\/comments?post=193"}],"version-history":[{"count":10,"href":"https:\/\/espoonperinneseura.net\/yritykset\/wp-json\/wp\/v2\/pages\/193\/revisions"}],"predecessor-version":[{"id":353,"href":"https:\/\/espoonperinneseura.net\/yritykset\/wp-json\/wp\/v2\/pages\/193\/revisions\/353"}],"up":[{"embeddable":true,"href":"https:\/\/espoonperinneseura.net\/yritykset\/wp-json\/wp\/v2\/pages\/210"}],"wp:attachment":[{"href":"https:\/\/espoonperinneseura.net\/yritykset\/wp-json\/wp\/v2\/media?parent=193"}],"curies":[{"name":"wp","href":"https:\/\/api.w.org\/{rel}","templated":true}]}}