{"id":236,"date":"2022-09-22T13:20:06","date_gmt":"2022-09-22T10:20:06","guid":{"rendered":"https:\/\/espoonperinneseura.net\/yritykset\/?page_id=236"},"modified":"2023-02-14T21:38:43","modified_gmt":"2023-02-14T19:38:43","slug":"kauppa-ja-palvelut","status":"publish","type":"page","link":"https:\/\/espoonperinneseura.net\/yritykset\/kauppa-ja-palvelut\/","title":{"rendered":"Kauppa ja palvelut"},"content":{"rendered":"\r\n<p><a title=\"Kauppa- ja ostoskeskukset\" href=\"https:\/\/espoonperinneseura.net\/yritykset\/kauppa-ja-palvelut\/kauppa-ja-ostoskeskukset\/\">Ostos- ja kauppakeskukset<\/a><\/p>\r\n<ul>\r\n<li style=\"list-style-type: none;\">\r\n<ul>\r\n<li style=\"list-style-type: none;\">\r\n<ul><\/ul>\r\n<\/li>\r\n<!-- \/wp:post-content -->\r\n\r\n<!-- wp:paragraph --><\/ul>\r\n<\/li>\r\n<\/ul>\r\n<p>Torit<\/p>\r\n<ul>\r\n<li style=\"list-style-type: none;\">\r\n<ul><!-- \/wp:paragraph -->\r\n\r\n<!-- wp:paragraph --><\/ul>\r\n<\/li>\r\n<\/ul>\r\n<p>Kauppaketjut<\/p>\r\n<ul>\r\n<li style=\"list-style-type: none;\">\r\n<ul><!-- \/wp:paragraph -->\r\n\r\n<!-- wp:list -->\r\n<li style=\"list-style-type: none;\">\r\n<ul><!-- wp:list-item -->\r\n<li>Elanto<\/li>\r\n<!-- \/wp:list-item -->\r\n\r\n<!-- wp:list-item -->\r\n<li>HOK<\/li>\r\n<!-- \/wp:list-item -->\r\n\r\n<!-- wp:list-item -->\r\n<li>SOK<\/li>\r\n<!-- \/wp:list-item -->\r\n\r\n<!-- wp:list-item -->\r\n<li>Lidl<\/li>\r\n<!-- \/wp:list-item --><\/ul>\r\n<\/li>\r\n<!-- \/wp:list -->\r\n\r\n<!-- wp:paragraph --><\/ul>\r\n<\/li>\r\n<\/ul>\r\n<p>&nbsp;<\/p>\r\n<ul>\r\n<li style=\"list-style-type: none;\">\r\n<ul><!-- \/wp:paragraph -->\r\n\r\n<!-- wp:paragraph --><\/ul>\r\n<\/li>\r\n<\/ul>\r\n<p>Elintarvike-, ravintola- ja matkailuala<\/p>\r\n<ul>\r\n<li style=\"list-style-type: none;\">\r\n<ul><!-- \/wp:paragraph -->\r\n\r\n<!-- wp:list -->\r\n<li style=\"list-style-type: none;\">\r\n<ul><!-- wp:list-item -->\r\n<li>Leipomot (Oy Emil Halme Ab)<\/li>\r\n<!-- \/wp:list-item --><\/ul>\r\n<\/li>\r\n<!-- \/wp:list -->\r\n\r\n<!-- wp:list -->\r\n<li style=\"list-style-type: none;\">\r\n<ul><!-- wp:list-item -->\r\n<li>Ravintolat (mm. Toro, Ribis,)\r\n<ul>\r\n<li><a title=\"Yksi Espoon vanhimmista ravintoloista: Grilli Toro\" href=\"https:\/\/espoonperinneseura.net\/yritykset\/kauppa-ja-palvelut\/grilli-toro\/\">Grilli Toro<\/a><\/li>\r\n<\/ul>\r\n<\/li>\r\n<\/ul>\r\n<ul><!-- \/wp:list-item --><\/ul>\r\n<\/li>\r\n<!-- \/wp:list -->\r\n\r\n<!-- wp:list -->\r\n<li style=\"list-style-type: none;\">\r\n<ul><!-- wp:list-item -->\r\n<li>Kahvilat<!-- wp:list -->\r\n<ul><!-- wp:list-item -->\r\n<li><a title=\"Bemb\u00f6len Kahvitupa\" href=\"https:\/\/espoonperinneseura.net\/yritykset\/kauppa-ja-palvelut\/bembolen-kahvitupa\/\">Bemb\u00f6len Kahvitupa<\/a><\/li>\r\n<!-- \/wp:list-item --><\/ul>\r\n<!-- \/wp:list --><\/li>\r\n<!-- \/wp:list-item -->\r\n\r\n<!-- wp:list-item -->\r\n<li>Hotellit (Korpilampi, Siikaj\u00e4rvi, Tapiola)<\/li>\r\n<!-- \/wp:list-item --><\/ul>\r\n<\/li>\r\n<!-- \/wp:list -->\r\n\r\n<!-- wp:paragraph --><\/ul>\r\n<\/li>\r\n<\/ul>\r\n<p>&nbsp;<\/p>\r\n<ul>\r\n<li style=\"list-style-type: none;\">\r\n<ul><!-- \/wp:paragraph -->\r\n\r\n<!-- wp:paragraph --><\/ul>\r\n<\/li>\r\n<\/ul>\r\n<p>Kiinteist\u00f6ala<\/p>\r\n<ul>\r\n<li style=\"list-style-type: none;\">\r\n<ul><!-- \/wp:paragraph -->\r\n\r\n<!-- wp:list -->\r\n<li style=\"list-style-type: none;\">\r\n<ul><!-- wp:list-item -->\r\n<li>Is\u00e4nn\u00f6intipalvelut<\/li>\r\n<!-- \/wp:list-item -->\r\n\r\n<!-- wp:list-item -->\r\n<li>Tapiolan L\u00e4mp\u00f6, Matinkyl\u00e4n Huolto<\/li>\r\n<!-- \/wp:list-item --><\/ul>\r\n<\/li>\r\n<!-- \/wp:list -->\r\n\r\n<!-- wp:paragraph --><\/ul>\r\n<\/li>\r\n<\/ul>\r\n<p>&nbsp;<\/p>\r\n<ul>\r\n<li style=\"list-style-type: none;\">\r\n<ul><!-- \/wp:paragraph -->\r\n\r\n<!-- wp:paragraph --><\/ul>\r\n<\/li>\r\n<\/ul>\r\n<p>Muut toimialat<\/p>\r\n<ul><!-- \/wp:paragraph -->\r\n\r\n<!-- wp:list -->\r\n<li style=\"list-style-type: none;\">\r\n<ul><!-- wp:list-item -->\r\n<li>Optikkoliikkeet<\/li>\r\n<!-- \/wp:list-item -->\r\n\r\n<!-- wp:list-item -->\r\n<li>Huonekaluliikkeet (Ikea)\u00a0 \u00a0 \u00a0\u00a0<\/li>\r\n<!-- \/wp:list-item --><\/ul>\r\n<\/li>\r\n<!-- \/wp:list --><\/ul>","protected":false},"excerpt":{"rendered":"<p>Ostos- ja kauppakeskukset Torit Kauppaketjut Elanto HOK SOK Lidl &nbsp; Elintarvike-, ravintola- ja matkailuala Leipomot (Oy Emil Halme Ab) Ravintolat (mm. Toro, Ribis,) Grilli Toro Kahvilat Bemb\u00f6len Kahvitupa Hotellit (Korpilampi, Siikaj\u00e4rvi, Tapiola) &nbsp; Kiinteist\u00f6ala Is\u00e4nn\u00f6intipalvelut Tapiolan L\u00e4mp\u00f6, Matinkyl\u00e4n Huolto &nbsp; <span class=\"excerpt-dots\">&hellip;<\/span> <a class=\"more-link\" href=\"https:\/\/espoonperinneseura.net\/yritykset\/kauppa-ja-palvelut\/\"><span class=\"more-msg\">Jatka lukemista &rarr;<\/span><\/a><\/p>\n","protected":false},"author":1,"featured_media":0,"parent":0,"menu_order":4,"comment_status":"closed","ping_status":"closed","template":"","meta":{"om_disable_all_campaigns":false,"_monsterinsights_skip_tracking":false,"_monsterinsights_sitenote_active":false,"_monsterinsights_sitenote_note":"","_monsterinsights_sitenote_category":0,"_uf_show_specific_survey":0,"_uf_disable_surveys":false,"footnotes":""},"class_list":["post-236","page","type-page","status-publish","hentry"],"aioseo_notices":[],"featured_image_src":null,"_links":{"self":[{"href":"https:\/\/espoonperinneseura.net\/yritykset\/wp-json\/wp\/v2\/pages\/236","targetHints":{"allow":["GET"]}}],"collection":[{"href":"https:\/\/espoonperinneseura.net\/yritykset\/wp-json\/wp\/v2\/pages"}],"about":[{"href":"https:\/\/espoonperinneseura.net\/yritykset\/wp-json\/wp\/v2\/types\/page"}],"author":[{"embeddable":true,"href":"https:\/\/espoonperinneseura.net\/yritykset\/wp-json\/wp\/v2\/users\/1"}],"replies":[{"embeddable":true,"href":"https:\/\/espoonperinneseura.net\/yritykset\/wp-json\/wp\/v2\/comments?post=236"}],"version-history":[{"count":9,"href":"https:\/\/espoonperinneseura.net\/yritykset\/wp-json\/wp\/v2\/pages\/236\/revisions"}],"predecessor-version":[{"id":621,"href":"https:\/\/espoonperinneseura.net\/yritykset\/wp-json\/wp\/v2\/pages\/236\/revisions\/621"}],"wp:attachment":[{"href":"https:\/\/espoonperinneseura.net\/yritykset\/wp-json\/wp\/v2\/media?parent=236"}],"curies":[{"name":"wp","href":"https:\/\/api.w.org\/{rel}","templated":true}]}}