{"id":288,"date":"2022-10-03T17:27:32","date_gmt":"2022-10-03T14:27:32","guid":{"rendered":"https:\/\/espoonperinneseura.net\/yritykset\/?page_id=288"},"modified":"2023-04-20T09:25:22","modified_gmt":"2023-04-20T06:25:22","slug":"yrittajyys","status":"publish","type":"page","link":"https:\/\/espoonperinneseura.net\/yritykset\/yrittajyys\/","title":{"rendered":"Yritykset"},"content":{"rendered":"\n<p><a href=\"https:\/\/espoonperinneseura.net\/yritykset\/yrittajyys\/ammattitaidosta-yrittajyyteen\/\" title=\"Ammattitaidosta yritt\u00e4jyyteen\">Ammattitaidosta yritt\u00e4jyyteen<\/a><\/p>\n\n\n\n<p><a href=\"https:\/\/espoonperinneseura.net\/yritykset\/yritykset-espoossa\/yritys-ja-yrittajyys\/\" title=\"Yritys ja yritt\u00e4jyys\">Yritys ja yritt\u00e4jyys<\/a><\/p>\n\n\n\n<p>Espoolaisyritykset eri vuosikymmenill\u00e4<\/p>\n\n\n\n<p>Espoolaisyrityksi\u00e4 alueittain<\/p>\n\n\n\n<p>Yritt\u00e4yyden lyhyt kronikka (ammatinharjoitukset vapautuminen jne.)<\/p>\n\n\n\n<p>Yritt\u00e4jyyskoulutuksen vaiheista (mm. Espoon Yritt\u00e4j\u00e4t)<\/p>\n\n\n\n<p><a href=\"https:\/\/espoonperinneseura.net\/yritykset\/yritykset-espoossa\/business-espoo\/\" title=\"Business Espoo\">Business Espoo -verkosto<\/a><\/p>\n\n\n\n<p><\/p>\n\n\n\n<p>Yritystoiminnan tulevaisuus Espoossa<\/p>\n\n\n\n<ul class=\"wp-block-list\">\n<li>Kiviruukin Cleantech Garden<\/li>\n<\/ul>\n\n\n\n<p><\/p>\n\n\n\n<p>Kirjallisuutta<\/p>\n","protected":false},"excerpt":{"rendered":"<p>Ammattitaidosta yritt\u00e4jyyteen Yritys ja yritt\u00e4jyys Espoolaisyritykset eri vuosikymmenill\u00e4 Espoolaisyrityksi\u00e4 alueittain Yritt\u00e4yyden lyhyt kronikka (ammatinharjoitukset vapautuminen jne.) Yritt\u00e4jyyskoulutuksen vaiheista (mm. Espoon Yritt\u00e4j\u00e4t) Business Espoo -verkosto Yritystoiminnan tulevaisuus Espoossa Kirjallisuutta<\/p>\n <a class=\"more-link\" href=\"https:\/\/espoonperinneseura.net\/yritykset\/yrittajyys\/\"><span class=\"more-msg\">Jatka lukemista &rarr;<\/span><\/a>","protected":false},"author":1,"featured_media":0,"parent":0,"menu_order":1,"comment_status":"closed","ping_status":"closed","template":"","meta":{"om_disable_all_campaigns":false,"_monsterinsights_skip_tracking":false,"_monsterinsights_sitenote_active":false,"_monsterinsights_sitenote_note":"","_monsterinsights_sitenote_category":0,"_uf_show_specific_survey":0,"_uf_disable_surveys":false,"footnotes":""},"class_list":["post-288","page","type-page","status-publish","hentry"],"aioseo_notices":[],"featured_image_src":null,"_links":{"self":[{"href":"https:\/\/espoonperinneseura.net\/yritykset\/wp-json\/wp\/v2\/pages\/288","targetHints":{"allow":["GET"]}}],"collection":[{"href":"https:\/\/espoonperinneseura.net\/yritykset\/wp-json\/wp\/v2\/pages"}],"about":[{"href":"https:\/\/espoonperinneseura.net\/yritykset\/wp-json\/wp\/v2\/types\/page"}],"author":[{"embeddable":true,"href":"https:\/\/espoonperinneseura.net\/yritykset\/wp-json\/wp\/v2\/users\/1"}],"replies":[{"embeddable":true,"href":"https:\/\/espoonperinneseura.net\/yritykset\/wp-json\/wp\/v2\/comments?post=288"}],"version-history":[{"count":7,"href":"https:\/\/espoonperinneseura.net\/yritykset\/wp-json\/wp\/v2\/pages\/288\/revisions"}],"predecessor-version":[{"id":934,"href":"https:\/\/espoonperinneseura.net\/yritykset\/wp-json\/wp\/v2\/pages\/288\/revisions\/934"}],"wp:attachment":[{"href":"https:\/\/espoonperinneseura.net\/yritykset\/wp-json\/wp\/v2\/media?parent=288"}],"curies":[{"name":"wp","href":"https:\/\/api.w.org\/{rel}","templated":true}]}}