{"id":493,"date":"2022-10-15T11:58:53","date_gmt":"2022-10-15T08:58:53","guid":{"rendered":"https:\/\/espoonperinneseura.net\/yritykset\/?page_id=493"},"modified":"2023-02-03T08:41:25","modified_gmt":"2023-02-03T06:41:25","slug":"business-espoo","status":"publish","type":"page","link":"https:\/\/espoonperinneseura.net\/yritykset\/yrittajyys\/business-espoo\/","title":{"rendered":"Business Espoo"},"content":{"rendered":"\r\n<p><a href=\"https:\/\/www.espoo.fi\/fi\/business-espoo-yritysten-parhaaksi\" target=\"_blank\" rel=\"noopener\">Business Espoo<\/a> -verkostossa yritt\u00e4ji\u00e4 ja yrityksi\u00e4 palvelevat:<\/p>\r\n\r\n\r\n\r\n<p><a href=\"https:\/\/www.espoo.fi\/fi\/tyoelama\" target=\"_blank\" rel=\"noopener\">Espoon kaupunki<\/a><br \/><a href=\"https:\/\/www.enterespoo.fi\/\" target=\"_blank\" rel=\"noopener\">Enter Espoo<\/a><br \/><a href=\"https:\/\/www.yrittajat.fi\/paikallisyhdistykset\/espoon-yrittajat\/\" target=\"_blank\" rel=\"noopener\">Espoon Yritt\u00e4j\u00e4t<\/a><br \/><a href=\"https:\/\/helsinki.chamber.fi\/\" target=\"_blank\" rel=\"noopener\">Helsingin seudun kauppakamari<\/a><br \/><a href=\"https:\/\/www.omnia.fi\/tyonantajat-yrittajat\" target=\"_blank\" rel=\"noopener\">Omnia<\/a><br \/><a href=\"https:\/\/toimistot.te-palvelut.fi\/uusimaa\" target=\"_blank\" rel=\"noopener\">Uudenmaan TE-toimisto<\/a><br \/><a href=\"https:\/\/yritysespoo.fi\/\" target=\"_blank\" rel=\"noopener\">YritysEspoo<\/a><\/p>\r\n","protected":false},"excerpt":{"rendered":"<p>Business Espoo -verkostossa yritt\u00e4ji\u00e4 ja yrityksi\u00e4 palvelevat: Espoon kaupunkiEnter EspooEspoon Yritt\u00e4j\u00e4tHelsingin seudun kauppakamariOmniaUudenmaan TE-toimistoYritysEspoo<\/p>\n <a class=\"more-link\" href=\"https:\/\/espoonperinneseura.net\/yritykset\/yrittajyys\/business-espoo\/\"><span class=\"more-msg\">Jatka lukemista &rarr;<\/span><\/a>","protected":false},"author":1,"featured_media":0,"parent":288,"menu_order":1,"comment_status":"closed","ping_status":"closed","template":"","meta":{"om_disable_all_campaigns":false,"_monsterinsights_skip_tracking":false,"_monsterinsights_sitenote_active":false,"_monsterinsights_sitenote_note":"","_monsterinsights_sitenote_category":0,"_uf_show_specific_survey":0,"_uf_disable_surveys":false,"footnotes":""},"class_list":["post-493","page","type-page","status-publish","hentry"],"aioseo_notices":[],"featured_image_src":null,"_links":{"self":[{"href":"https:\/\/espoonperinneseura.net\/yritykset\/wp-json\/wp\/v2\/pages\/493","targetHints":{"allow":["GET"]}}],"collection":[{"href":"https:\/\/espoonperinneseura.net\/yritykset\/wp-json\/wp\/v2\/pages"}],"about":[{"href":"https:\/\/espoonperinneseura.net\/yritykset\/wp-json\/wp\/v2\/types\/page"}],"author":[{"embeddable":true,"href":"https:\/\/espoonperinneseura.net\/yritykset\/wp-json\/wp\/v2\/users\/1"}],"replies":[{"embeddable":true,"href":"https:\/\/espoonperinneseura.net\/yritykset\/wp-json\/wp\/v2\/comments?post=493"}],"version-history":[{"count":2,"href":"https:\/\/espoonperinneseura.net\/yritykset\/wp-json\/wp\/v2\/pages\/493\/revisions"}],"predecessor-version":[{"id":611,"href":"https:\/\/espoonperinneseura.net\/yritykset\/wp-json\/wp\/v2\/pages\/493\/revisions\/611"}],"up":[{"embeddable":true,"href":"https:\/\/espoonperinneseura.net\/yritykset\/wp-json\/wp\/v2\/pages\/288"}],"wp:attachment":[{"href":"https:\/\/espoonperinneseura.net\/yritykset\/wp-json\/wp\/v2\/media?parent=493"}],"curies":[{"name":"wp","href":"https:\/\/api.w.org\/{rel}","templated":true}]}}