{"id":530,"date":"2022-10-24T11:57:40","date_gmt":"2022-10-24T08:57:40","guid":{"rendered":"https:\/\/espoonperinneseura.net\/yritykset\/?page_id=530"},"modified":"2023-04-24T08:32:10","modified_gmt":"2023-04-24T05:32:10","slug":"kauppa-ja-ostoskeskukset","status":"publish","type":"page","link":"https:\/\/espoonperinneseura.net\/yritykset\/kauppa-ja-palvelut\/kauppa-ja-ostoskeskukset\/","title":{"rendered":"Kauppa- ja ostoskeskukset"},"content":{"rendered":"\r\n<p><em>Esko Uotila<\/em><\/p>\r\n\r\n\r\n\r\n<p>Ostoskeskus on kauppojen keskittym\u00e4, jossa kaikki kaupat ovat l\u00e4hell\u00e4 toisiaan. Ostoskeskuksessa on yleens\u00e4 alle 15 liikett\u00e4. Ostoskeskuksiksi kutsutaan etup\u00e4\u00e4ss\u00e4 1960\u20131980-luvuilla rakennettuja, yhdess\u00e4 kerroksessa olevia keskittymi\u00e4 etenkin tuohon aikaan rakennetuissa l\u00e4hi\u00f6iss\u00e4. Monikerroksista ja kokoluokkaa suurempaa kutsutaan yleens\u00e4 kauppakeskukseksi.<\/p>\r\n\r\n\r\n\r\n<p>Espoossa on kaksi 1950-luvulla rakennettua ostoskeskusta: Tapiolan M\u00e4ntyviidan ja Tapiontorin ostoskeskukset. Ne ovat molemmat Aarne Ervin suunnittelemia.<\/p>\r\n\r\n\r\n\r\n<p>1960-luvulla rakennettiin muun muassa Iivisniemen, Karakallion, Viherlaakson, Lintuvaaran, Otaniemen ja Haukilahden sek\u00e4 Tapiolan Pohjantorin, Heikintorin ja Oravannahkatorin ostoskeskukset.<\/p>\r\n\r\n\r\n\r\n<p>1970-luvulla rakennettiin Soukan, Kuitinm\u00e4en, Olarin ja Viherkallion ostoskeskukset sek\u00e4 Matinkyl\u00e4n vanha ostoskeskus.<\/p>\r\n\r\n<p><iframe loading=\"lazy\" src=\"https:\/\/www.google.com\/maps\/d\/embed?mid=1fVVuTH3iqmQpYLAei2xFs2-iYCxurwg&amp;ehbc=2E312F&amp;z=12&amp;amp&amp;ll=60.197555, 24.695814\" width=\"960\" height=\"640\"><\/iframe><\/p>\r\n\r\n<p>Ostoskeskusten rakentaminen Suomessa tyrehtyi 1980-luvulla, mihin suurimpana syyn\u00e4 oli autoistuminen ja siit\u00e4 seurannut kaupunkirakenteen hajautuminen. 1990-luvun alun laman seurauksena monet ostoskeskukset t\u00e4yttyiv\u00e4t kuppiloista, ja kulutustottumusten muuttumisen my\u00f6t\u00e4 monien ostoskeskusten myym\u00e4l\u00e4tilat osoittautuivat pieniksi ja ep\u00e4k\u00e4yt\u00e4nn\u00f6llisiksi. Talouden k\u00e4\u00e4nnytty\u00e4 j\u00e4lleen nousuun automarkettien ja suurten kauppakeskusten rakentaminen p\u00e4\u00e4si kunnolla vauhtiin. Laajemmassa kaupan alan murroksessa 2000-luvulla my\u00f6s verkkokauppa on yleistynyt. Useita tyhjilleen ja vajaak\u00e4yt\u00f6lle j\u00e4\u00e4neit\u00e4 ostoskeskuksia on purettu 2000- ja 2010-luvuilla.<\/p>\r\n\r\n\r\n\r\n<p><strong>Kauppakeskuksia<\/strong><\/p>\r\n\r\n\r\n\r\n<ul class=\"wp-block-list\">\r\n<li>Espoon keskus, Kauppakeskus Entresse<\/li>\r\n\r\n\r\n\r\n<li>Espoon keskus, Kauppakeskus Espoontori<\/li>\r\n\r\n\r\n\r\n<li>Espoonlahti, Kaupunkikeskus Lippulaiva<\/li>\r\n\r\n\r\n\r\n<li>Kauppakeskus Bredis Laajalahti<\/li>\r\n\r\n\r\n\r\n<li>Lepp\u00e4vaara, Kauppakeskus Sello<\/li>\r\n\r\n\r\n\r\n<li>Matinkyl\u00e4, Iso Omena<\/li>\r\n\r\n\r\n\r\n<li>Niittykumpu, Kauppakeskus Niitty<\/li>\r\n\r\n\r\n\r\n<li>Suomenoja, Kauppakeskus Liila<\/li>\r\n\r\n\r\n\r\n<li>Tapiola, Kauppakeskus AINOA<\/li>\r\n<\/ul>\r\n\r\n\r\n\r\n<p>&nbsp;<\/p>\r\n\r\n\r\n\r\n<p><strong>Ostoskeskuksia<\/strong><\/p>\r\n\r\n\r\n\r\n<ul class=\"wp-block-list\">\r\n<li>Haukilahden ostoskeskus<\/li>\r\n\r\n\r\n\r\n<li>Iivisniemen ostoskeskus<\/li>\r\n\r\n\r\n\r\n<li>Karakallion ostoskeskus<\/li>\r\n\r\n\r\n\r\n<li>Kilon ostoskeskus<\/li>\r\n\r\n\r\n\r\n<li>Kirkkoj\u00e4rven liiketalo<\/li>\r\n\r\n\r\n\r\n<li>Kivenlahden ostoskeskus<\/li>\r\n\r\n\r\n\r\n<li>Kuitinm\u00e4en ostoskeskus<\/li>\r\n\r\n\r\n\r\n<li>Laajalahden ostoskeskus<\/li>\r\n\r\n\r\n\r\n<li>Laaksolahden ostoskeskus<\/li>\r\n\r\n\r\n\r\n<li>Latokasken ostoskeskus<\/li>\r\n\r\n\r\n\r\n<li>Lepp\u00e4vaara, Galleria<\/li>\r\n\r\n\r\n\r\n<li>L\u00e4hderannan ostoskeskus<\/li>\r\n\r\n\r\n\r\n<li>Kalaj\u00e4rven ostoskeskus<\/li>\r\n\r\n\r\n\r\n<li>Kauklahti, Liiketalo Halme<\/li>\r\n\r\n\r\n\r\n<li>Lintuvaaran ostoskeskus<\/li>\r\n\r\n\r\n\r\n<li>Lippaj\u00e4rven ostoskeskus<\/li>\r\n\r\n\r\n\r\n<li>Mankkaan ostoskeskus<\/li>\r\n\r\n\r\n\r\n<li>Matinkyl\u00e4n vanha ostoskeskus<\/li>\r\n\r\n\r\n\r\n<li>N\u00f6ykki\u00f6, Kauppakeskus Merituuli<\/li>\r\n\r\n\r\n\r\n<li>Olarin ostoskeskus<\/li>\r\n\r\n\r\n\r\n<li>Otaniemen ostoskeskus<\/li>\r\n\r\n\r\n\r\n<li>Soukan ostoskeskus<\/li>\r\n\r\n\r\n\r\n<li>Suurpelto, Kauppakeskus Suuris<\/li>\r\n\r\n\r\n\r\n<li>Suvelan ostoskeskus<\/li>\r\n\r\n\r\n\r\n<li>Tapiola, Heikintori<\/li>\r\n\r\n\r\n\r\n<li>Tapiola, M\u00e4ntyviita<\/li>\r\n\r\n\r\n\r\n<li>Tapiola, Oravannahkatori<\/li>\r\n\r\n\r\n\r\n<li>Tapiola, Pohjantori<\/li>\r\n\r\n\r\n\r\n<li>Tapiola, Tapiontori<\/li>\r\n\r\n\r\n\r\n<li>Viherkallion ostoskeskus<\/li>\r\n\r\n\r\n\r\n<li>Viherlaakson ostoskeskus<\/li>\r\n\r\n\r\n\r\n<li>Westendin ostoskeskus<\/li>\r\n<\/ul>\r\n\r\n\r\n\r\n<p>&nbsp;<\/p>\r\n\r\n\r\n\r\n<p>L\u00e4hteet: <br \/>&#8211; Wikipedia<br \/>&#8211; <a href=\"https:\/\/static.espoo.fi\/cdn\/ff\/Or4P2vRr4RKrPFT4T64WozyVRKvYlKYyoTVDbTNeulU\/1624972995\/public\/2021-06\/Espoon%20kaupan%20palveluverkkoselvitys%20ja%20-suunnitelma%202030%202011.pdf\" target=\"_blank\" rel=\"noopener\">Espoon kaupan palveluverkkoselvitys ja -suunnitelma 2030<\/a>, Kaupunkisuunnittelukeskus 2011<br \/>&#8211; <a title=\"\" href=\"https:\/\/aaltodoc.aalto.fi\/bitstream\/handle\/123456789\/6004\/isbn9789526048208.pdf?sequence=3&amp;isAllowed=y\" target=\"_blank\" rel=\"noopener\">Espoon ostoskeskukset<\/a>, Aalto-yliopisto, 2012<br \/>&#8211; <a href=\"https:\/\/static.espoo.fi\/cdn\/ff\/ofQmuwJh6ureAmVYXcUNjUXaYkB3qh4I_KkfVH9LF_U\/1679920183\/public\/2023-03\/213104%20Pohjantori%20Espoon%20ostoskeskusten%20inventointi%202021.pdf\" target=\"_blank\" rel=\"noopener\">Espoon ostoskeskusten inventointi<\/a>, Kaupunkisuunnittelukeskus 2021<\/p>\r\n","protected":false},"excerpt":{"rendered":"<p>Esko Uotila Ostoskeskus on kauppojen keskittym\u00e4, jossa kaikki kaupat ovat l\u00e4hell\u00e4 toisiaan. Ostoskeskuksessa on yleens\u00e4 alle 15 liikett\u00e4. Ostoskeskuksiksi kutsutaan etup\u00e4\u00e4ss\u00e4 1960\u20131980-luvuilla rakennettuja, yhdess\u00e4 kerroksessa olevia keskittymi\u00e4 etenkin tuohon aikaan rakennetuissa l\u00e4hi\u00f6iss\u00e4. Monikerroksista ja kokoluokkaa suurempaa kutsutaan yleens\u00e4 kauppakeskukseksi. Espoossa <span class=\"excerpt-dots\">&hellip;<\/span> <a class=\"more-link\" href=\"https:\/\/espoonperinneseura.net\/yritykset\/kauppa-ja-palvelut\/kauppa-ja-ostoskeskukset\/\"><span class=\"more-msg\">Jatka lukemista &rarr;<\/span><\/a><\/p>\n","protected":false},"author":1,"featured_media":0,"parent":236,"menu_order":2,"comment_status":"closed","ping_status":"closed","template":"","meta":{"om_disable_all_campaigns":false,"_monsterinsights_skip_tracking":false,"_monsterinsights_sitenote_active":false,"_monsterinsights_sitenote_note":"","_monsterinsights_sitenote_category":0,"_uf_show_specific_survey":0,"_uf_disable_surveys":false,"footnotes":""},"class_list":["post-530","page","type-page","status-publish","hentry"],"aioseo_notices":[],"featured_image_src":null,"_links":{"self":[{"href":"https:\/\/espoonperinneseura.net\/yritykset\/wp-json\/wp\/v2\/pages\/530","targetHints":{"allow":["GET"]}}],"collection":[{"href":"https:\/\/espoonperinneseura.net\/yritykset\/wp-json\/wp\/v2\/pages"}],"about":[{"href":"https:\/\/espoonperinneseura.net\/yritykset\/wp-json\/wp\/v2\/types\/page"}],"author":[{"embeddable":true,"href":"https:\/\/espoonperinneseura.net\/yritykset\/wp-json\/wp\/v2\/users\/1"}],"replies":[{"embeddable":true,"href":"https:\/\/espoonperinneseura.net\/yritykset\/wp-json\/wp\/v2\/comments?post=530"}],"version-history":[{"count":21,"href":"https:\/\/espoonperinneseura.net\/yritykset\/wp-json\/wp\/v2\/pages\/530\/revisions"}],"predecessor-version":[{"id":1017,"href":"https:\/\/espoonperinneseura.net\/yritykset\/wp-json\/wp\/v2\/pages\/530\/revisions\/1017"}],"up":[{"embeddable":true,"href":"https:\/\/espoonperinneseura.net\/yritykset\/wp-json\/wp\/v2\/pages\/236"}],"wp:attachment":[{"href":"https:\/\/espoonperinneseura.net\/yritykset\/wp-json\/wp\/v2\/media?parent=530"}],"curies":[{"name":"wp","href":"https:\/\/api.w.org\/{rel}","templated":true}]}}